10.0.0.1 - - [28/Jun/2017:15:02:07 +0700] "GET /all/prodam/zemelnye_uchastki/new/?action=done&id=15391 HTTP/1.0" 200 356
10.0.0.1 - - [28/Jun/2017:15:02:34 +0700] "GET /all/prodam/doma_dachi_kottedzhi/new/?action=done&id=4113 HTTP/1.0" 200 356
10.0.0.1 - - [28/Jun/2017:15:05:08 +0700] "GET /all/prodam/zemelnye_uchastki/new/?action=done&id=15383 HTTP/1.0" 200 356
10.0.0.57 - - [28/Jun/2017:15:05:14 +0700] "GET /prodam/doma_dachi_kottedzhi/ HTTP/1.1" 302 392
10.0.0.57 - - [28/Jun/2017:15:05:14 +0700] "GET /all/prodam/doma_dachi_kottedzhi/new/ HTTP/1.1" 200 21492
10.0.0.57 - - [28/Jun/2017:15:05:27 +0700] "GET /prodam/doma_dachi_kottedzhi/ HTTP/1.1" 302 392
10.0.0.57 - - [28/Jun/2017:15:05:27 +0700] "GET /all/prodam/doma_dachi_kottedzhi/new/ HTTP/1.1" 200 21492
10.0.0.1 - - [28/Jun/2017:15:06:38 +0700] "POST /all/prodam/zemelnye_uchastki/new/ HTTP/1.0" 200 356
10.0.0.70 - - [28/Jun/2017:15:07:57 +0700] "GET /prodam/kvartiry/new/?rooms=0&site=&date_from=&date_to= HTTP/1.1" 200 23627
10.0.0.1 - - [28/Jun/2017:15:08:06 +0700] "POST /all/prodam/doma_dachi_kottedzhi/new/ HTTP/1.0" 200 356
10.0.0.70 - - [28/Jun/2017:15:09:55 +0700] "POST /prodam/kvartiry/new/ HTTP/1.1" 200 356
10.0.0.70 - - [28/Jun/2017:15:09:56 +0700] "GET /prodam/kvartiry/new/?action=done&id=363-20 HTTP/1.1" 200 355
10.0.0.57 - - [28/Jun/2017:15:10:29 +0700] "GET /all/prodam/doma_dachi_kottedzhi/new/?action=agency&id=15431 HTTP/1.1" 200 366
10.0.0.1 - - [28/Jun/2017:15:10:31 +0700] "GET /all/prodam/doma_dachi_kottedzhi/new/?action=done&id=3997 HTTP/1.0" 200 356
10.0.0.1 - - [28/Jun/2017:15:10:33 +0700] "GET /plan/?refresh HTTP/1.0" 302 360
10.0.0.1 - - [28/Jun/2017:15:10:34 +0700] "GET /plan/ HTTP/1.0" 200 5134
10.0.0.1 - - [28/Jun/2017:15:13:31 +0700] "GET /all/prodam/zemelnye_uchastki/new/?action=done&id=15368 HTTP/1.0" 200 356
10.0.0.57 - - [28/Jun/2017:15:16:53 +0700] "GET /all/prodam/doma_dachi_kottedzhi/new/?action=done&id=15395 HTTP/1.1" 200 356
10.0.0.57 - - [28/Jun/2017:15:20:08 +0700] "GET /all/prodam/doma_dachi_kottedzhi/new/?action=done&id=15393 HTTP/1.1" 200 356
10.0.0.1 - - [28/Jun/2017:15:20:28 +0700] "GET /all/prodam/zemelnye_uchastki/new/?action=done&id=15365 HTTP/1.0" 200 356
10.0.0.57 - - [28/Jun/2017:15:20:39 +0700] "GET /plan/?refresh HTTP/1.1" 302 361
10.0.0.57 - - [28/Jun/2017:15:20:39 +0700] "GET /plan/ HTTP/1.1" 200 5135
10.0.0.1 - - [28/Jun/2017:15:20:39 +0700] "GET /plan/?refresh HTTP/1.0" 302 361
10.0.0.1 - - [28/Jun/2017:15:20:40 +0700] "GET /plan/ HTTP/1.0" 200 5134
10.0.0.57 - - [28/Jun/2017:15:28:21 +0700] "GET /all/prodam/doma_dachi_kottedzhi/new/?action=done&id=15353 HTTP/1.1" 200 356
10.0.0.57 - - [28/Jun/2017:15:29:53 +0700] "GET /plan/?refresh HTTP/1.1" 302 361
10.0.0.57 - - [28/Jun/2017:15:29:54 +0700] "GET /plan/ HTTP/1.1" 200 5136
10.0.0.85 - - [28/Jun/2017:15:31:41 +0700] "GET /plan/ HTTP/1.1" 200 5195
10.0.0.1 - - [28/Jun/2017:15:31:53 +0700] "GET /prodam/kvartiry/new/?p=1&rooms=0-1 HTTP/1.0" 200 21991
10.0.0.1 - - [28/Jun/2017:15:35:56 +0700] "POST /all/prodam/doma_dachi_kottedzhi/new/ HTTP/1.0" 200 356
10.0.0.1 - - [28/Jun/2017:15:38:45 +0700] "GET /all/prodam/doma_dachi_kottedzhi/new/?action=done&id=3947 HTTP/1.0" 200 356
10.0.0.1 - - [28/Jun/2017:15:38:53 +0700] "GET /all/prodam/doma_dachi_kottedzhi/new/?action=done&id=3932 HTTP/1.0" 200 356
10.0.0.1 - - [28/Jun/2017:15:39:22 +0700] "GET /all/prodam/doma_dachi_kottedzhi/new/?p=49 HTTP/1.0" 200 26472
10.0.0.1 - - [28/Jun/2017:15:41:41 +0700] "GET /all/prodam/zemelnye_uchastki/new/?action=done&id=15363 HTTP/1.0" 200 356
10.0.0.1 - - [28/Jun/2017:15:41:58 +0700] "GET /plan/?refresh HTTP/1.0" 302 361
10.0.0.1 - - [28/Jun/2017:15:41:58 +0700] "GET /plan/ HTTP/1.0" 200 5122
10.0.0.1 - - [28/Jun/2017:15:45:32 +0700] "GET /all/prodam/doma_dachi_kottedzhi/new/?action=done&id=4349 HTTP/1.0" 200 356
10.0.0.1 - - [28/Jun/2017:15:45:42 +0700] "GET /all/prodam/doma_dachi_kottedzhi/new/?action=done&id=4346 HTTP/1.0" 200 356
10.0.0.57 - - [28/Jun/2017:15:46:14 +0700] "GET /all/prodam/doma_dachi_kottedzhi/new/?action=done&id=15324 HTTP/1.1" 200 356
10.0.0.57 - - [28/Jun/2017:15:46:17 +0700] "GET /plan/?refresh HTTP/1.1" 302 361
10.0.0.57 - - [28/Jun/2017:15:46:17 +0700] "GET /plan/ HTTP/1.1" 200 5124
10.0.0.1 - - [28/Jun/2017:15:47:43 +0700] "GET /all/prodam/doma_dachi_kottedzhi/new/?action=done&id=4324 HTTP/1.0" 200 356
10.0.0.1 - - [28/Jun/2017:15:47:50 +0700] "GET /all/prodam/doma_dachi_kottedzhi/new/?action=done&id=4155 HTTP/1.0" 200 356
10.0.0.1 - - [28/Jun/2017:15:51:34 +0700] "GET /all/prodam/doma_dachi_kottedzhi/new/?action=done&id=4192 HTTP/1.0" 200 356
10.0.0.1 - - [28/Jun/2017:15:51:42 +0700] "GET /all/prodam/doma_dachi_kottedzhi/new/?action=done&id=4198 HTTP/1.0" 200 356
10.0.0.1 - - [28/Jun/2017:15:54:35 +0700] "POST /all/prodam/zemelnye_uchastki/new/ HTTP/1.0" 200 356
10.0.0.1 - - [28/Jun/2017:15:55:09 +0700] "GET /all/prodam/doma_dachi_kottedzhi/new/?action=done&id=4207 HTTP/1.0" 200 356
10.0.0.1 - - [28/Jun/2017:16:02:32 +0700] "GET /all/prodam/zemelnye_uchastki/new/?action=done&id=15332 HTTP/1.0" 200 356
10.0.0.1 - - [28/Jun/2017:16:02:34 +0700] "GET /all/prodam/doma_dachi_kottedzhi/new/?action=done&id=4219 HTTP/1.0" 200 355
10.0.0.1 - - [28/Jun/2017:16:02:36 +0700] "GET /plan/?refresh HTTP/1.0" 302 360
10.0.0.1 - - [28/Jun/2017:16:02:37 +0700] "GET /plan/ HTTP/1.0" 200 5090
10.0.0.1 - - [28/Jun/2017:16:02:36 +0700] "GET /plan/?refresh HTTP/1.0" 302 361
10.0.0.1 - - [28/Jun/2017:16:02:37 +0700] "GET /plan/ HTTP/1.0" 200 5122
10.0.0.1 - - [28/Jun/2017:16:02:53 +0700] "GET /plan/?refresh HTTP/1.0" 302 361
10.0.0.1 - - [28/Jun/2017:16:02:54 +0700] "GET /plan/ HTTP/1.0" 200 5123
10.0.0.1 - - [28/Jun/2017:16:03:05 +0700] "GET /plan/?refresh HTTP/1.0" 302 361
10.0.0.1 - - [28/Jun/2017:16:03:05 +0700] "GET /plan/ HTTP/1.0" 200 5123
10.0.0.57 - - [28/Jun/2017:16:04:51 +0700] "GET /all/prodam/doma_dachi_kottedzhi/new/?action=done&id=15257 HTTP/1.1" 200 356
10.0.0.57 - - [28/Jun/2017:16:05:45 +0700] "GET /plan/?refresh HTTP/1.1" 302 361
10.0.0.57 - - [28/Jun/2017:16:05:46 +0700] "GET /plan/ HTTP/1.1" 200 5128
10.0.0.57 - - [28/Jun/2017:16:06:04 +0700] "GET /all/prodam/doma_dachi_kottedzhi/new/?p=2 HTTP/1.1" 200 26207
10.0.0.1 - - [28/Jun/2017:16:06:28 +0700] "POST /all/prodam/doma_dachi_kottedzhi/new/ HTTP/1.0" 200 356
10.0.0.57 - - [28/Jun/2017:16:08:32 +0700] "GET /all/prodam/doma_dachi_kottedzhi/new/?action=done&id=15158 HTTP/1.1" 200 356
10.0.0.57 - - [28/Jun/2017:16:10:08 +0700] "GET /plan/?refresh HTTP/1.1" 302 361
10.0.0.57 - - [28/Jun/2017:16:10:09 +0700] "GET /plan/ HTTP/1.1" 200 5124
10.0.0.1 - - [28/Jun/2017:16:11:00 +0700] "GET /all/prodam/zemelnye_uchastki/new/?action=done&id=15320 HTTP/1.0" 200 356
10.0.0.1 - - [28/Jun/2017:16:11:15 +0700] "POST /all/prodam/doma_dachi_kottedzhi/new/ HTTP/1.0" 200 356
10.0.0.1 - - [28/Jun/2017:16:13:27 +0700] "POST /all/prodam/doma_dachi_kottedzhi/new/ HTTP/1.0" 200 356
10.0.0.1 - - [28/Jun/2017:16:15:31 +0700] "GET /plan/?refresh HTTP/1.0" 302 361
10.0.0.1 - - [28/Jun/2017:16:15:31 +0700] "GET /plan/ HTTP/1.0" 200 5121
10.0.0.57 - - [28/Jun/2017:16:15:36 +0700] "GET /all/prodam/doma_dachi_kottedzhi/new/?action=done&id=15046 HTTP/1.1" 200 356
10.0.0.1 - - [28/Jun/2017:16:16:29 +0700] "GET /all/prodam/zemelnye_uchastki/new/?action=done&id=15290 HTTP/1.0" 200 356
10.0.0.57 - - [28/Jun/2017:16:19:06 +0700] "GET /all/prodam/doma_dachi_kottedzhi/new/?action=done&id=15044 HTTP/1.1" 200 356
10.0.0.1 - - [28/Jun/2017:16:19:07 +0700] "GET /all/prodam/doma_dachi_kottedzhi/new/?action=done&id=4338 HTTP/1.0" 200 356
10.0.0.57 - - [28/Jun/2017:16:19:08 +0700] "GET /plan/?refresh HTTP/1.1" 302 360
10.0.0.57 - - [28/Jun/2017:16:19:09 +0700] "GET /plan/ HTTP/1.1" 200 5118
10.0.0.57 - - [28/Jun/2017:16:22:03 +0700] "GET /all/prodam/doma_dachi_kottedzhi/new/?action=done&id=15041 HTTP/1.1" 200 356
10.0.0.57 - - [28/Jun/2017:16:22:06 +0700] "GET /plan/?refresh HTTP/1.1" 302 361
10.0.0.57 - - [28/Jun/2017:16:22:06 +0700] "GET /plan/ HTTP/1.1" 200 5114
10.0.0.1 - - [28/Jun/2017:16:22:59 +0700] "GET /all/prodam/doma_dachi_kottedzhi/new/?action=done&id=4340 HTTP/1.0" 200 356
10.0.0.1 - - [28/Jun/2017:16:23:36 +0700] "GET /all/prodam/zemelnye_uchastki/new/?action=done&id=15270 HTTP/1.0" 200 356
10.0.0.1 - - [28/Jun/2017:16:23:37 +0700] "GET /plan/?refresh HTTP/1.0" 302 360
10.0.0.1 - - [28/Jun/2017:16:23:37 +0700] "GET /plan/ HTTP/1.0" 200 5115
10.0.0.1 - - [28/Jun/2017:16:24:08 +0700] "GET /all/prodam/doma_dachi_kottedzhi/new/?p=48 HTTP/1.0" 200 30960
10.0.0.1 - - [28/Jun/2017:16:26:33 +0700] "GET /all/prodam/doma_dachi_kottedzhi/new/?action=done&id=4554 HTTP/1.0" 200 356
10.0.0.1 - - [28/Jun/2017:16:28:39 +0700] "POST /all/prodam/doma_dachi_kottedzhi/new/ HTTP/1.0" 200 356
10.0.0.57 - - [28/Jun/2017:16:29:17 +0700] "GET /all/prodam/doma_dachi_kottedzhi/new/?action=done&id=15030 HTTP/1.1" 200 356
10.0.0.1 - - [28/Jun/2017:16:30:39 +0700] "POST /all/prodam/doma_dachi_kottedzhi/new/ HTTP/1.0" 200 356
10.0.0.1 - - [28/Jun/2017:16:32:40 +0700] "GET /all/prodam/doma_dachi_kottedzhi/new/?action=done&id=4516 HTTP/1.0" 200 356
10.0.0.1 - - [28/Jun/2017:16:32:46 +0700] "GET /plan/?refresh HTTP/1.0" 302 361
10.0.0.1 - - [28/Jun/2017:16:32:47 +0700] "GET /plan/ HTTP/1.0" 200 5120
10.0.0.1 - - [28/Jun/2017:16:33:50 +0700] "POST /all/prodam/zemelnye_uchastki/new/ HTTP/1.0" 200 356
10.0.0.57 - - [28/Jun/2017:16:34:28 +0700] "GET /all/prodam/doma_dachi_kottedzhi/new/?p=3 HTTP/1.1" 200 23834
10.0.0.1 - - [28/Jun/2017:16:35:17 +0700] "POST /all/prodam/doma_dachi_kottedzhi/new/ HTTP/1.0" 200 356
10.0.0.1 - - [28/Jun/2017:16:37:41 +0700] "GET /all/prodam/doma_dachi_kottedzhi/new/?action=done&id=4511 HTTP/1.0" 200 356
10.0.0.1 - - [28/Jun/2017:16:38:09 +0700] "GET /plan/?refresh HTTP/1.0" 302 361
10.0.0.1 - - [28/Jun/2017:16:38:09 +0700] "GET /plan/ HTTP/1.0" 200 5136
10.0.0.57 - - [28/Jun/2017:16:39:33 +0700] "GET /all/prodam/doma_dachi_kottedzhi/new/?action=done&id=14792 HTTP/1.1" 200 356
10.0.0.57 - - [28/Jun/2017:16:41:31 +0700] "GET /all/prodam/doma_dachi_kottedzhi/new/?action=done&id=14748 HTTP/1.1" 200 356
10.0.0.1 - - [28/Jun/2017:16:42:40 +0700] "POST /all/prodam/zemelnye_uchastki/new/ HTTP/1.0" 200 356
10.0.0.70 - - [28/Jun/2017:16:47:14 +0700] "GET /prodam/kvartiry/new/?rooms=0&site=&date_from=&date_to= HTTP/1.1" 200 24820
10.0.0.70 - - [28/Jun/2017:16:48:26 +0700] "POST /prodam/kvartiry/new/ HTTP/1.1" 200 356
10.0.0.70 - - [28/Jun/2017:16:49:23 +0700] "POST /prodam/kvartiry/new/ HTTP/1.1" 200 356
10.0.0.70 - - [28/Jun/2017:16:49:26 +0700] "POST /prodam/kvartiry/new/ HTTP/1.1" 200 355
10.0.0.70 - - [28/Jun/2017:16:49:27 +0700] "POST /prodam/kvartiry/new/ HTTP/1.1" 200 355
10.0.0.1 - - [28/Jun/2017:16:49:34 +0700] "GET /all/prodam/doma_dachi_kottedzhi/new/?action=done&id=4509 HTTP/1.0" 200 356
10.0.0.1 - - [28/Jun/2017:16:49:39 +0700] "GET /plan/?refresh HTTP/1.0" 302 361
10.0.0.1 - - [28/Jun/2017:16:49:40 +0700] "GET /plan/ HTTP/1.0" 200 5125
10.0.0.57 - - [28/Jun/2017:16:50:15 +0700] "GET /plan/?refresh HTTP/1.1" 302 361
10.0.0.57 - - [28/Jun/2017:16:50:16 +0700] "GET /plan/ HTTP/1.1" 200 5124
10.0.0.70 - - [28/Jun/2017:16:50:20 +0700] "POST /prodam/kvartiry/new/ HTTP/1.1" 200 356
10.0.0.70 - - [28/Jun/2017:16:50:22 +0700] "POST /prodam/kvartiry/new/ HTTP/1.1" 200 355
10.0.0.70 - - [28/Jun/2017:16:50:23 +0700] "POST /prodam/kvartiry/new/ HTTP/1.1" 200 355
10.0.0.70 - - [28/Jun/2017:16:51:45 +0700] "GET /prodam/kvartiry/new/?action=done&id=15448-22 HTTP/1.1" 200 356
10.0.0.70 - - [28/Jun/2017:16:51:57 +0700] "GET /prodam/kvartiry/new/?action=done&id=121-21 HTTP/1.1" 200 356
10.0.0.70 - - [28/Jun/2017:16:52:00 +0700] "GET /prodam/kvartiry/new/?action=undo&id=121-21 HTTP/1.1" 200 355
10.0.0.70 - - [28/Jun/2017:16:52:07 +0700] "POST /prodam/kvartiry/new/ HTTP/1.1" 200 356
10.0.0.70 - - [28/Jun/2017:16:52:08 +0700] "GET /prodam/kvartiry/new/?action=done&id=121-21 HTTP/1.1" 200 355
10.0.0.1 - - [28/Jun/2017:16:52:18 +0700] "POST /all/prodam/doma_dachi_kottedzhi/new/ HTTP/1.0" 200 356
10.0.0.70 - - [28/Jun/2017:16:52:22 +0700] "GET /prodam/kvartiry/new/?action=agency&id=15425-20 HTTP/1.1" 200 353
10.0.0.1 - - [28/Jun/2017:16:53:11 +0700] "GET /all/prodam/doma_dachi_kottedzhi/new/?action=done&id=4507 HTTP/1.0" 200 356
10.0.0.70 - - [28/Jun/2017:16:54:06 +0700] "POST /prodam/kvartiry/new/ HTTP/1.1" 200 356
10.0.0.70 - - [28/Jun/2017:16:54:09 +0700] "POST /prodam/kvartiry/new/ HTTP/1.1" 200 355
10.0.0.70 - - [28/Jun/2017:16:54:12 +0700] "POST /prodam/kvartiry/new/ HTTP/1.1" 200 355
10.0.0.1 - - [28/Jun/2017:16:55:57 +0700] "GET /all/prodam/doma_dachi_kottedzhi/new/?action=done&id=4506 HTTP/1.0" 200 356
10.0.0.57 - - [28/Jun/2017:16:56:03 +0700] "GET /all/prodam/doma_dachi_kottedzhi/new/?action=done&id=14271 HTTP/1.1" 200 356
10.0.0.57 - - [28/Jun/2017:16:56:14 +0700] "GET /all/prodam/doma_dachi_kottedzhi/new/?p=4 HTTP/1.1" 200 26235
10.0.0.1 - - [28/Jun/2017:16:56:16 +0700] "GET /plan/?refresh HTTP/1.0" 302 361
10.0.0.1 - - [28/Jun/2017:16:56:16 +0700] "GET /plan/ HTTP/1.0" 200 5120
10.0.0.57 - - [28/Jun/2017:16:58:41 +0700] "GET /plan/?refresh HTTP/1.1" 302 361
10.0.0.57 - - [28/Jun/2017:16:58:41 +0700] "GET /plan/ HTTP/1.1" 200 5127
10.0.0.1 - - [28/Jun/2017:17:00:45 +0700] "GET /all/prodam/doma_dachi_kottedzhi/new/?action=done&id=4459 HTTP/1.0" 200 356
10.0.0.1 - - [28/Jun/2017:17:05:09 +0700] "GET /plan/?refresh HTTP/1.0" 302 361
10.0.0.1 - - [28/Jun/2017:17:05:09 +0700] "GET /plan/ HTTP/1.0" 200 5133
10.0.0.1 - - [28/Jun/2017:17:05:18 +0700] "GET /all/prodam/zemelnye_uchastki/new/?action=done&id=15220 HTTP/1.0" 200 356
10.0.0.1 - - [28/Jun/2017:17:06:11 +0700] "GET /all/prodam/doma_dachi_kottedzhi/new/?action=done&id=4458 HTTP/1.0" 200 356
10.0.0.1 - - [28/Jun/2017:17:07:56 +0700] "GET /all/prodam/doma_dachi_kottedzhi/new/?action=done&id=4399 HTTP/1.0" 200 356
10.0.0.1 - - [28/Jun/2017:17:11:25 +0700] "GET /all/prodam/doma_dachi_kottedzhi/new/?action=done&id=4354 HTTP/1.0" 200 356
10.0.0.1 - - [28/Jun/2017:17:11:29 +0700] "GET /plan/?refresh HTTP/1.0" 302 360
10.0.0.1 - - [28/Jun/2017:17:11:30 +0700] "GET /plan/ HTTP/1.0" 200 5128
10.0.0.1 - - [28/Jun/2017:17:11:38 +0700] "GET /plan/?refresh HTTP/1.0" 302 361
10.0.0.1 - - [28/Jun/2017:17:11:39 +0700] "GET /plan/ HTTP/1.0" 200 5128
10.0.0.1 - - [28/Jun/2017:17:12:22 +0700] "GET /all/prodam/zemelnye_uchastki/new/?action=done&id=15219 HTTP/1.0" 200 356
10.0.0.1 - - [28/Jun/2017:17:12:39 +0700] "GET /all/prodam/doma_dachi_kottedzhi/new/?action=done&id=4352 HTTP/1.0" 200 356
10.0.0.1 - - [28/Jun/2017:17:12:42 +0700] "GET /plan/?refresh HTTP/1.0" 302 360
10.0.0.1 - - [28/Jun/2017:17:12:43 +0700] "GET /plan/ HTTP/1.0" 200 5135
10.0.0.1 - - [28/Jun/2017:17:16:17 +0700] "POST /all/prodam/zemelnye_uchastki/new/ HTTP/1.0" 200 356
10.0.0.1 - - [28/Jun/2017:17:16:24 +0700] "GET /all/prodam/doma_dachi_kottedzhi/new/?action=done&id=4350 HTTP/1.0" 200 356
10.0.0.1 - - [28/Jun/2017:17:16:26 +0700] "GET /plan/?refresh HTTP/1.0" 302 360
10.0.0.1 - - [28/Jun/2017:17:16:26 +0700] "GET /plan/ HTTP/1.0" 200 5130
10.0.0.1 - - [28/Jun/2017:17:16:52 +0700] "GET /all/prodam/doma_dachi_kottedzhi/new/?p=47 HTTP/1.0" 200 27241
10.0.0.1 - - [28/Jun/2017:17:17:29 +0700] "GET /all/prodam/zemelnye_uchastki/new/?action=done&id=15161 HTTP/1.0" 200 356
10.0.0.1 - - [28/Jun/2017:17:22:13 +0700] "GET /all/prodam/doma_dachi_kottedzhi/new/?action=done&id=4677 HTTP/1.0" 200 356
10.0.0.1 - - [28/Jun/2017:17:24:13 +0700] "POST /all/prodam/zemelnye_uchastki/new/ HTTP/1.0" 200 356
10.0.0.1 - - [28/Jun/2017:17:24:13 +0700] "GET /all/prodam/zemelnye_uchastki/new/?action=done&id=15155 HTTP/1.0" 200 355
10.0.0.1 - - [28/Jun/2017:17:24:48 +0700] "GET /plan/?refresh HTTP/1.0" 302 361
10.0.0.1 - - [28/Jun/2017:17:24:48 +0700] "GET /plan/ HTTP/1.0" 200 5132
10.0.0.1 - - [28/Jun/2017:17:27:39 +0700] "POST /all/prodam/zemelnye_uchastki/new/ HTTP/1.0" 200 356
10.0.0.1 - - [28/Jun/2017:17:31:35 +0700] "GET /all/prodam/zemelnye_uchastki/new/?action=agency&id=15109 HTTP/1.0" 200 349
10.0.0.1 - - [28/Jun/2017:17:33:10 +0700] "GET /all/prodam/doma_dachi_kottedzhi/new/?action=done&id=4661 HTTP/1.0" 200 356
10.0.0.1 - - [28/Jun/2017:17:33:26 +0700] "GET /plan/?refresh HTTP/1.0" 302 361
10.0.0.1 - - [28/Jun/2017:17:33:27 +0700] "GET /plan/ HTTP/1.0" 200 5145
10.0.0.1 - - [28/Jun/2017:17:35:41 +0700] "POST /all/prodam/doma_dachi_kottedzhi/new/ HTTP/1.0" 200 356
10.0.0.1 - - [28/Jun/2017:17:37:03 +0700] "POST /all/prodam/doma_dachi_kottedzhi/new/ HTTP/1.0" 200 356
10.0.0.1 - - [28/Jun/2017:17:45:10 +0700] "GET /all/prodam/zemelnye_uchastki/new/?action=done&id=15107 HTTP/1.0" 200 356
10.0.0.1 - - [28/Jun/2017:17:45:24 +0700] "GET /plan/?refresh HTTP/1.0" 302 361
10.0.0.1 - - [28/Jun/2017:17:45:24 +0700] "GET /plan/ HTTP/1.0" 200 5141
10.0.0.1 - - [28/Jun/2017:17:48:00 +0700] "POST /all/prodam/doma_dachi_kottedzhi/new/ HTTP/1.0" 200 356
10.0.0.1 - - [28/Jun/2017:17:50:57 +0700] "GET /all/prodam/doma_dachi_kottedzhi/new/?action=done&id=4627 HTTP/1.0" 200 356
10.0.0.1 - - [28/Jun/2017:17:51:00 +0700] "GET /plan/?refresh HTTP/1.0" 302 360
10.0.0.1 - - [28/Jun/2017:17:51:00 +0700] "GET /plan/ HTTP/1.0" 200 5139
10.0.0.1 - - [28/Jun/2017:17:53:00 +0700] "POST /all/prodam/doma_dachi_kottedzhi/new/ HTTP/1.0" 200 356
10.0.0.1 - - [28/Jun/2017:17:53:04 +0700] "GET /all/prodam/doma_dachi_kottedzhi/new/?action=done&id=4622 HTTP/1.0" 200 355
10.0.0.1 - - [28/Jun/2017:18:09:10 +0700] "GET /all/prodam/zemelnye_uchastki/new/?date_from=&date_to= HTTP/1.0" 200 16214
10.0.0.1 - - [28/Jun/2017:18:12:32 +0700] "POST /all/prodam/zemelnye_uchastki/new/ HTTP/1.0" 200 356
10.0.0.1 - - [28/Jun/2017:18:16:28 +0700] "POST /all/prodam/zemelnye_uchastki/new/ HTTP/1.0" 200 356
10.0.0.1 - - [28/Jun/2017:18:21:16 +0700] "GET /all/prodam/zemelnye_uchastki/new/?action=done&id=15471 HTTP/1.0" 200 356
10.0.0.1 - - [28/Jun/2017:18:26:04 +0700] "GET /all/prodam/zemelnye_uchastki/new/?action=done&id=15468 HTTP/1.0" 200 356
10.0.0.1 - - [28/Jun/2017:18:31:44 +0700] "GET /plan/?refresh HTTP/1.0" 302 361
10.0.0.1 - - [28/Jun/2017:18:31:45 +0700] "GET /plan/ HTTP/1.0" 200 5138
10.0.0.1 - - [28/Jun/2017:18:42:19 +0700] "GET /all/prodam/zemelnye_uchastki/new/?action=done&id=15447 HTTP/1.0" 200 356
10.0.0.1 - - [28/Jun/2017:18:48:25 +0700] "GET /all/prodam/zemelnye_uchastki/new/?action=done&id=15430 HTTP/1.0" 200 356
10.0.0.1 - - [28/Jun/2017:18:48:35 +0700] "GET /all/prodam/zemelnye_uchastki/new/?date_from=&date_to= HTTP/1.0" 200 15866
10.0.0.1 - - [28/Jun/2017:18:53:53 +0700] "GET /plan/?refresh HTTP/1.0" 302 361
10.0.0.1 - - [28/Jun/2017:18:53:53 +0700] "GET /plan/ HTTP/1.0" 200 5147
10.0.0.1 - - [28/Jun/2017:19:01:44 +0700] "GET /all/prodam/zemelnye_uchastki/new/?action=done&id=15359 HTTP/1.0" 200 356
10.0.0.1 - - [28/Jun/2017:19:01:51 +0700] "GET /plan/?refresh HTTP/1.0" 302 361
10.0.0.1 - - [28/Jun/2017:19:01:51 +0700] "GET /plan/ HTTP/1.0" 200 5145
10.0.0.57 - - [29/Jun/2017:08:10:44 +0700] "GET /plan/operator3/2017-05-29/ HTTP/1.1" 200 3216
10.0.0.57 - - [29/Jun/2017:08:10:47 +0700] "GET / HTTP/1.1" 302 375
10.0.0.57 - - [29/Jun/2017:08:10:47 +0700] "GET /prodam/kvartiry/new/ HTTP/1.1" 200 28185
10.0.0.57 - - [29/Jun/2017:08:10:58 +0700] "GET /prodam/kvartiry/new/?rooms=3-10&site=&date_from=&date_to= HTTP/1.1" 200 27135
10.0.0.57 - - [29/Jun/2017:08:31:32 +0700] "GET /plan/operator3/2017-05-29/ HTTP/1.1" 200 3216
10.0.0.57 - - [29/Jun/2017:08:31:32 +0700] "GET /js/common.js HTTP/1.1" 200 2430
10.0.0.57 - - [29/Jun/2017:08:31:32 +0700] "GET /js/datetimepicker/jquery.datetimepicker.css HTTP/1.1" 200 3526
10.0.0.57 - - [29/Jun/2017:08:31:32 +0700] "GET /css/styles.css HTTP/1.1" 200 2542
10.0.0.57 - - [29/Jun/2017:08:31:32 +0700] "GET /js/datetimepicker/jquery.datetimepicker.js HTTP/1.1" 200 16414
10.0.0.57 - - [29/Jun/2017:08:31:32 +0700] "GET /js/jquery.min.js HTTP/1.1" 200 33578
10.0.0.57 - - [29/Jun/2017:08:31:35 +0700] "GET / HTTP/1.1" 302 375
10.0.0.57 - - [29/Jun/2017:08:31:35 +0700] "GET /prodam/kvartiry/new/ HTTP/1.1" 200 28109
10.0.0.70 - - [29/Jun/2017:08:31:39 +0700] "GET /prodam/kvartiry/new/ HTTP/1.1" 200 28168
10.0.0.70 - - [29/Jun/2017:08:31:39 +0700] "GET /favicon.ico HTTP/1.1" 200 13684
10.0.0.57 - - [29/Jun/2017:08:31:43 +0700] "GET /plan/ HTTP/1.1" 200 5150
10.0.0.57 - - [29/Jun/2017:08:31:45 +0700] "GET /plan/?refresh HTTP/1.1" 302 360
10.0.0.57 - - [29/Jun/2017:08:31:45 +0700] "GET /plan/ HTTP/1.1" 200 5148
10.0.0.57 - - [29/Jun/2017:08:31:47 +0700] "GET /plan/?refresh HTTP/1.1" 302 360
10.0.0.57 - - [29/Jun/2017:08:31:47 +0700] "GET /plan/ HTTP/1.1" 200 5148
10.0.0.70 - - [29/Jun/2017:08:31:49 +0700] "GET /prodam/kvartiry/new/?rooms=2&site=&date_from=&date_to= HTTP/1.1" 200 27640
10.0.0.57 - - [29/Jun/2017:08:31:56 +0700] "GET /prodam/kvartiry/new/?rooms=3-10&site=&date_from=&date_to= HTTP/1.1" 200 27143
10.0.0.70 - - [29/Jun/2017:08:33:02 +0700] "GET /prodam/kvartiry/new/?action=done&id=15605-20 HTTP/1.1" 200 356
10.0.0.70 - - [29/Jun/2017:08:35:13 +0700] "GET /prodam/kvartiry/new/?action=done&id=15585-21 HTTP/1.1" 200 356
10.0.0.57 - - [29/Jun/2017:08:35:26 +0700] "GET /prodam/kvartiry/new/?action=done&id=15587-21 HTTP/1.1" 200 356
10.0.0.57 - - [29/Jun/2017:08:35:28 +0700] "GET /plan/?refresh HTTP/1.1" 302 360
10.0.0.57 - - [29/Jun/2017:08:35:28 +0700] "GET /plan/ HTTP/1.1" 200 5241
10.0.0.57 - - [29/Jun/2017:08:37:27 +0700] "POST /prodam/kvartiry/new/ HTTP/1.1" 200 356
10.0.0.57 - - [29/Jun/2017:08:39:59 +0700] "GET /prodam/kvartiry/new/?action=done&id=15584-23 HTTP/1.1" 200 356
10.0.0.70 - - [29/Jun/2017:08:40:48 +0700] "GET /prodam/kvartiry/new/?action=done&id=15582-21 HTTP/1.1" 200 356
10.0.0.70 - - [29/Jun/2017:08:42:00 +0700] "POST /prodam/kvartiry/new/ HTTP/1.1" 200 356
10.0.0.57 - - [29/Jun/2017:08:43:04 +0700] "GET /prodam/kvartiry/new/?action=done&id=15595-22 HTTP/1.1" 200 356
10.0.0.57 - - [29/Jun/2017:08:46:57 +0700] "GET /prodam/kvartiry/new/?action=done&id=3167-21 HTTP/1.1" 200 356
10.0.0.57 - - [29/Jun/2017:08:47:04 +0700] "GET /plan/?refresh HTTP/1.1" 302 361
10.0.0.57 - - [29/Jun/2017:08:47:04 +0700] "GET /plan/ HTTP/1.1" 200 5231
10.0.0.57 - - [29/Jun/2017:08:47:53 +0700] "POST /prodam/kvartiry/new/ HTTP/1.1" 200 356
10.0.0.70 - - [29/Jun/2017:08:47:53 +0700] "GET /prodam/kvartiry/new/?action=done&id=15580-20 HTTP/1.1" 200 356
10.0.0.57 - - [29/Jun/2017:08:47:56 +0700] "POST /prodam/kvartiry/new/ HTTP/1.1" 200 355
10.0.0.57 - - [29/Jun/2017:08:48:16 +0700] "POST /prodam/kvartiry/new/ HTTP/1.1" 200 356
10.0.0.57 - - [29/Jun/2017:08:48:33 +0700] "POST /prodam/kvartiry/new/ HTTP/1.1" 200 356
10.0.0.57 - - [29/Jun/2017:08:51:12 +0700] "GET /prodam/kvartiry/new/?action=done&id=15521-21 HTTP/1.1" 200 356
10.0.0.57 - - [29/Jun/2017:08:53:53 +0700] "GET /prodam/kvartiry/new/?action=done&id=15510-22 HTTP/1.1" 200 356
10.0.0.57 - - [29/Jun/2017:08:53:55 +0700] "GET /plan/?refresh HTTP/1.1" 302 360
10.0.0.57 - - [29/Jun/2017:08:53:56 +0700] "GET /plan/ HTTP/1.1" 200 5233
10.0.0.70 - - [29/Jun/2017:08:53:59 +0700] "GET /prodam/kvartiry/new/?action=done&id=15594-18 HTTP/1.1" 200 356
10.0.0.70 - - [29/Jun/2017:08:57:08 +0700] "GET /prodam/kvartiry/new/?action=done&id=15578-22 HTTP/1.1" 200 356
10.0.0.70 - - [29/Jun/2017:08:57:30 +0700] "POST /prodam/kvartiry/new/ HTTP/1.1" 200 356
10.0.0.57 - - [29/Jun/2017:08:58:44 +0700] "GET /prodam/kvartiry/new/?action=done&id=15518-21 HTTP/1.1" 200 356
10.0.0.70 - - [29/Jun/2017:08:59:41 +0700] "GET /prodam/kvartiry/new/?action=done&id=847-20 HTTP/1.1" 200 356
10.0.0.57 - - [29/Jun/2017:09:00:50 +0700] "POST /prodam/kvartiry/new/ HTTP/1.1" 200 356
10.0.0.57 - - [29/Jun/2017:09:01:05 +0700] "POST /prodam/kvartiry/new/ HTTP/1.1" 200 356
10.0.0.57 - - [29/Jun/2017:09:01:15 +0700] "POST /prodam/kvartiry/new/ HTTP/1.1" 200 356
10.0.0.70 - - [29/Jun/2017:09:02:01 +0700] "POST /prodam/kvartiry/new/ HTTP/1.1" 200 356
10.0.0.70 - - [29/Jun/2017:09:02:03 +0700] "GET /prodam/kvartiry/new/?action=done&id=3524-20 HTTP/1.1" 200 355
10.0.0.57 - - [29/Jun/2017:09:02:11 +0700] "POST /prodam/kvartiry/new/ HTTP/1.1" 200 356
10.0.0.57 - - [29/Jun/2017:09:02:12 +0700] "GET /plan/?refresh HTTP/1.1" 302 360
10.0.0.57 - - [29/Jun/2017:09:02:13 +0700] "GET /plan/ HTTP/1.1" 200 5245
10.0.0.57 - - [29/Jun/2017:09:02:24 +0700] "POST /prodam/kvartiry/new/ HTTP/1.1" 200 356
10.0.0.57 - - [29/Jun/2017:09:02:41 +0700] "POST /prodam/kvartiry/new/ HTTP/1.1" 200 356
10.0.0.57 - - [29/Jun/2017:09:02:49 +0700] "POST /prodam/kvartiry/new/ HTTP/1.1" 200 356
10.0.0.57 - - [29/Jun/2017:09:03:10 +0700] "POST /prodam/kvartiry/new/ HTTP/1.1" 200 356
10.0.0.57 - - [29/Jun/2017:09:05:26 +0700] "GET /prodam/kvartiry/new/?action=done&id=15480-22 HTTP/1.1" 200 356
10.0.0.1 - - [29/Jun/2017:09:05:31 +0700] "GET /plan/ HTTP/1.0" 200 5303
10.0.0.57 - - [29/Jun/2017:09:05:32 +0700] "GET /plan/?refresh HTTP/1.1" 302 361
10.0.0.57 - - [29/Jun/2017:09:05:32 +0700] "GET /plan/ HTTP/1.1" 200 5249
10.0.0.1 - - [29/Jun/2017:09:05:33 +0700] "GET / HTTP/1.0" 302 375
10.0.0.1 - - [29/Jun/2017:09:05:33 +0700] "GET /prodam/kvartiry/new/ HTTP/1.0" 200 28165
10.0.0.1 - - [29/Jun/2017:09:06:07 +0700] "GET /prodam/kvartiry/new/?rooms=0-1&site=&date_from=&date_to= HTTP/1.0" 200 23747
10.0.0.1 - - [29/Jun/2017:09:06:16 +0700] "GET /prodam/kvartiry/new/?rooms=0-1&site=&date_from=&date_to= HTTP/1.0" 200 23747
10.0.0.70 - - [29/Jun/2017:09:06:24 +0700] "POST /prodam/kvartiry/new/ HTTP/1.1" 200 356
10.0.0.70 - - [29/Jun/2017:09:06:24 +0700] "GET /prodam/kvartiry/new/?action=done&id=1004-21 HTTP/1.1" 200 355
10.0.0.1 - - [29/Jun/2017:09:06:37 +0700] "GET /prodam/kvartiry/new/?rooms=0-1&site=&date_from=&date_to= HTTP/1.0" 200 23747
10.0.0.57 - - [29/Jun/2017:09:08:24 +0700] "GET /prodam/kvartiry/new/?action=done&id=15478-21 HTTP/1.1" 200 356
10.0.0.70 - - [29/Jun/2017:09:08:37 +0700] "GET /prodam/kvartiry/new/?action=done&id=15479-20 HTTP/1.1" 200 356
10.0.0.57 - - [29/Jun/2017:09:09:27 +0700] "GET /prodam/kvartiry/new/?action=done&id=15451-21 HTTP/1.1" 200 356
10.0.0.1 - - [29/Jun/2017:09:10:18 +0700] "POST /prodam/kvartiry/new/ HTTP/1.0" 200 356
10.0.0.85 - - [29/Jun/2017:09:10:51 +0700] "GET /prodam/kvartiry/new/ HTTP/1.1" 200 27598
10.0.0.85 - - [29/Jun/2017:09:11:01 +0700] "GET /prodam/doma_dachi_kottedzhi/ HTTP/1.1" 302 392
10.0.0.85 - - [29/Jun/2017:09:11:01 +0700] "GET /all/prodam/doma_dachi_kottedzhi/new/ HTTP/1.1" 200 23441
10.0.0.85 - - [29/Jun/2017:09:11:13 +0700] "GET /plan/operator2/2017-06-26/ HTTP/1.1" 200 3227
10.0.0.85 - - [29/Jun/2017:09:11:15 +0700] "GET /plan/operator2/2017-06-26/ HTTP/1.1" 200 3226
10.0.0.85 - - [29/Jun/2017:09:11:16 +0700] "GET /favicon.ico HTTP/1.1" 200 13684
10.0.0.85 - - [29/Jun/2017:09:11:22 +0700] "GET /plan/operator2/2017-06-29/ HTTP/1.1" 200 2981
10.0.0.85 - - [29/Jun/2017:09:11:32 +0700] "GET /search/ HTTP/1.1" 200 1361
10.0.0.57 - - [29/Jun/2017:09:11:49 +0700] "GET /prodam/kvartiry/new/?action=done&id=15450-22 HTTP/1.1" 200 356
10.0.0.57 - - [29/Jun/2017:09:12:05 +0700] "POST /prodam/kvartiry/new/ HTTP/1.1" 200 356
10.0.0.1 - - [29/Jun/2017:09:12:18 +0700] "POST /prodam/kvartiry/new/ HTTP/1.0" 200 356
10.0.0.57 - - [29/Jun/2017:09:12:25 +0700] "POST /prodam/kvartiry/new/ HTTP/1.1" 200 356
10.0.0.57 - - [29/Jun/2017:09:12:30 +0700] "POST /prodam/kvartiry/new/ HTTP/1.1" 200 355
10.0.0.1 - - [29/Jun/2017:09:15:01 +0700] "POST /prodam/kvartiry/new/ HTTP/1.0" 200 356
10.0.0.57 - - [29/Jun/2017:09:15:44 +0700] "GET /prodam/kvartiry/new/?action=done&id=15367-21 HTTP/1.1" 200 356
10.0.0.85 - - [29/Jun/2017:09:16:02 +0700] "GET /avito/prodam/doma_dachi_kottedzhi/new/ HTTP/1.1" 200 25052
10.0.0.85 - - [29/Jun/2017:09:16:08 +0700] "GET /irr/prodam/doma_dachi_kottedzhi/new/ HTTP/1.1" 200 1584
10.0.0.85 - - [29/Jun/2017:09:16:11 +0700] "GET /domofond/prodam/doma_dachi_kottedzhi/new/ HTTP/1.1" 200 23165
10.0.0.85 - - [29/Jun/2017:09:16:16 +0700] "GET /all/prodam/doma_dachi_kottedzhi/new/ HTTP/1.1" 200 23442
10.0.0.1 - - [29/Jun/2017:09:16:58 +0700] "POST /prodam/kvartiry/new/ HTTP/1.0" 200 356
10.0.0.70 - - [29/Jun/2017:09:18:12 +0700] "POST /prodam/kvartiry/new/ HTTP/1.1" 200 356
10.0.0.70 - - [29/Jun/2017:09:19:07 +0700] "POST /prodam/kvartiry/new/ HTTP/1.1" 200 356
10.0.0.70 - - [29/Jun/2017:09:19:11 +0700] "POST /prodam/kvartiry/new/ HTTP/1.1" 200 355
10.0.0.70 - - [29/Jun/2017:09:20:35 +0700] "GET /prodam/kvartiry/new/?action=done&id=408-20 HTTP/1.1" 200 356
10.0.0.57 - - [29/Jun/2017:09:20:48 +0700] "GET /prodam/kvartiry/new/?action=done&id=15374-22 HTTP/1.1" 200 356
10.0.0.57 - - [29/Jun/2017:09:20:51 +0700] "GET /plan/?refresh HTTP/1.1" 302 360
10.0.0.57 - - [29/Jun/2017:09:20:52 +0700] "GET /plan/ HTTP/1.1" 200 5282
10.0.0.1 - - [29/Jun/2017:09:20:53 +0700] "GET /prodam/kvartiry/new/?action=done&id=15449-18 HTTP/1.0" 200 356
10.0.0.70 - - [29/Jun/2017:09:21:27 +0700] "POST /prodam/kvartiry/new/ HTTP/1.1" 200 356
10.0.0.70 - - [29/Jun/2017:09:21:55 +0700] "GET /prodam/kvartiry/new/?action=done&id=15421-21 HTTP/1.1" 200 356
10.0.0.70 - - [29/Jun/2017:09:22:57 +0700] "GET /prodam/kvartiry/new/?action=agency&id=15402-21 HTTP/1.1" 200 383
10.0.0.57 - - [29/Jun/2017:09:23:29 +0700] "GET /prodam/kvartiry/new/?action=done&id=15312-21 HTTP/1.1" 200 356
10.0.0.1 - - [29/Jun/2017:09:23:49 +0700] "GET /prodam/kvartiry/new/?action=done&id=15394-19 HTTP/1.0" 200 356
10.0.0.70 - - [29/Jun/2017:09:24:29 +0700] "POST /prodam/kvartiry/new/ HTTP/1.1" 200 356
10.0.0.70 - - [29/Jun/2017:09:24:30 +0700] "POST /prodam/kvartiry/new/ HTTP/1.1" 200 355
10.0.0.70 - - [29/Jun/2017:09:24:31 +0700] "GET /prodam/kvartiry/new/?action=done&id=8541-20 HTTP/1.1" 200 355
10.0.0.1 - - [29/Jun/2017:09:25:30 +0700] "POST /prodam/kvartiry/new/ HTTP/1.0" 200 356
10.0.0.57 - - [29/Jun/2017:09:25:59 +0700] "GET /prodam/kvartiry/new/?action=done&id=15295-22 HTTP/1.1" 200 356
10.0.0.57 - - [29/Jun/2017:09:26:08 +0700] "GET /plan/?refresh HTTP/1.1" 302 361
10.0.0.57 - - [29/Jun/2017:09:26:08 +0700] "GET /plan/ HTTP/1.1" 200 5292
10.0.0.70 - - [29/Jun/2017:09:26:34 +0700] "GET /prodam/kvartiry/new/?action=done&id=15362-20 HTTP/1.1" 200 356
10.0.0.85 - - [29/Jun/2017:09:27:39 +0700] "POST /all/prodam/doma_dachi_kottedzhi/new/ HTTP/1.1" 200 356
10.0.0.1 - - [29/Jun/2017:09:27:44 +0700] "POST /prodam/kvartiry/new/ HTTP/1.0" 200 356
10.0.0.85 - - [29/Jun/2017:09:27:58 +0700] "POST /all/prodam/doma_dachi_kottedzhi/new/ HTTP/1.1" 200 356
10.0.0.85 - - [29/Jun/2017:09:28:28 +0700] "POST /all/prodam/doma_dachi_kottedzhi/new/ HTTP/1.1" 200 356
10.0.0.85 - - [29/Jun/2017:09:28:40 +0700] "POST /all/prodam/doma_dachi_kottedzhi/new/ HTTP/1.1" 200 356
10.0.0.57 - - [29/Jun/2017:09:28:41 +0700] "GET /prodam/kvartiry/new/?action=done&id=15159-21 HTTP/1.1" 200 356
10.0.0.70 - - [29/Jun/2017:09:28:51 +0700] "GET /prodam/kvartiry/new/?action=done&id=15342-21 HTTP/1.1" 200 356
10.0.0.1 - - [29/Jun/2017:09:28:56 +0700] "POST /prodam/kvartiry/new/ HTTP/1.0" 200 356
10.0.0.85 - - [29/Jun/2017:09:29:21 +0700] "POST /all/prodam/doma_dachi_kottedzhi/new/ HTTP/1.1" 200 356
10.0.0.85 - - [29/Jun/2017:09:29:25 +0700] "POST /all/prodam/doma_dachi_kottedzhi/new/ HTTP/1.1" 200 355
10.0.0.1 - - [29/Jun/2017:09:31:07 +0700] "GET /prodam/kvartiry/new/?action=done&id=15202-18 HTTP/1.0" 200 356
10.0.0.1 - - [29/Jun/2017:09:31:16 +0700] "GET /plan/?refresh HTTP/1.0" 302 361
10.0.0.1 - - [29/Jun/2017:09:31:16 +0700] "GET /plan/ HTTP/1.0" 200 5289
10.0.0.70 - - [29/Jun/2017:09:31:39 +0700] "POST /prodam/kvartiry/new/ HTTP/1.1" 200 356
10.0.0.70 - - [29/Jun/2017:09:32:11 +0700] "POST /prodam/kvartiry/new/ HTTP/1.1" 200 356
10.0.0.70 - - [29/Jun/2017:09:32:36 +0700] "POST /prodam/kvartiry/new/ HTTP/1.1" 200 356
10.0.0.1 - - [29/Jun/2017:09:33:58 +0700] "POST /prodam/kvartiry/new/ HTTP/1.0" 200 356
10.0.0.1 - - [29/Jun/2017:09:33:59 +0700] "POST /prodam/kvartiry/new/ HTTP/1.0" 200 356
10.0.0.70 - - [29/Jun/2017:09:35:53 +0700] "POST /prodam/kvartiry/new/ HTTP/1.1" 200 356
10.0.0.70 - - [29/Jun/2017:09:35:57 +0700] "GET /prodam/kvartiry/new/?action=done&id=15477-21 HTTP/1.1" 200 355
10.0.0.70 - - [29/Jun/2017:09:37:09 +0700] "GET /prodam/kvartiry/new/?action=done&id=865-20 HTTP/1.1" 200 356
10.0.0.1 - - [29/Jun/2017:09:37:11 +0700] "GET /prodam/kvartiry/new/?action=agency&id=15250-15 HTTP/1.0" 200 364
10.0.0.70 - - [29/Jun/2017:09:37:29 +0700] "POST /prodam/kvartiry/new/ HTTP/1.1" 200 356
10.0.0.70 - - [29/Jun/2017:09:39:30 +0700] "POST /prodam/kvartiry/new/ HTTP/1.1" 200 356
10.0.0.70 - - [29/Jun/2017:09:39:30 +0700] "GET /prodam/kvartiry/new/?action=done&id=15171-20 HTTP/1.1" 200 355
10.0.0.1 - - [29/Jun/2017:09:39:43 +0700] "GET /prodam/kvartiry/new/?action=done&id=15281-21 HTTP/1.0" 200 356
10.0.0.70 - - [29/Jun/2017:09:40:39 +0700] "POST /prodam/kvartiry/new/ HTTP/1.1" 200 356
10.0.0.85 - - [29/Jun/2017:09:42:19 +0700] "POST /all/prodam/doma_dachi_kottedzhi/new/ HTTP/1.1" 200 356
10.0.0.85 - - [29/Jun/2017:09:42:20 +0700] "POST /all/prodam/doma_dachi_kottedzhi/new/ HTTP/1.1" 200 355
10.0.0.57 - - [29/Jun/2017:09:42:28 +0700] "POST /prodam/kvartiry/new/ HTTP/1.1" 200 356
10.0.0.85 - - [29/Jun/2017:09:42:59 +0700] "POST /all/prodam/doma_dachi_kottedzhi/new/ HTTP/1.1" 200 356
10.0.0.85 - - [29/Jun/2017:09:43:23 +0700] "POST /all/prodam/doma_dachi_kottedzhi/new/ HTTP/1.1" 200 356
10.0.0.85 - - [29/Jun/2017:09:43:32 +0700] "POST /all/prodam/doma_dachi_kottedzhi/new/ HTTP/1.1" 200 356
10.0.0.57 - - [29/Jun/2017:09:43:39 +0700] "POST /prodam/kvartiry/new/ HTTP/1.1" 200 356
10.0.0.70 - - [29/Jun/2017:09:43:52 +0700] "POST /prodam/kvartiry/new/ HTTP/1.1" 200 356
10.0.0.70 - - [29/Jun/2017:09:43:53 +0700] "GET /prodam/kvartiry/new/?action=done&id=14722-26 HTTP/1.1" 200 355
10.0.0.85 - - [29/Jun/2017:09:44:03 +0700] "POST /all/prodam/doma_dachi_kottedzhi/new/ HTTP/1.1" 200 356
10.0.0.85 - - [29/Jun/2017:09:44:07 +0700] "POST /all/prodam/doma_dachi_kottedzhi/new/ HTTP/1.1" 200 356
10.0.0.85 - - [29/Jun/2017:09:44:15 +0700] "POST /all/prodam/doma_dachi_kottedzhi/new/ HTTP/1.1" 200 356
10.0.0.85 - - [29/Jun/2017:09:44:29 +0700] "POST /all/prodam/doma_dachi_kottedzhi/new/ HTTP/1.1" 200 356
10.0.0.85 - - [29/Jun/2017:09:44:51 +0700] "POST /all/prodam/doma_dachi_kottedzhi/new/ HTTP/1.1" 200 356
10.0.0.1 - - [29/Jun/2017:09:45:07 +0700] "POST /prodam/kvartiry/new/ HTTP/1.0" 200 356
10.0.0.85 - - [29/Jun/2017:09:45:11 +0700] "POST /all/prodam/doma_dachi_kottedzhi/new/ HTTP/1.1" 200 356
10.0.0.1 - - [29/Jun/2017:09:45:24 +0700] "POST /prodam/kvartiry/new/ HTTP/1.0" 200 356
10.0.0.85 - - [29/Jun/2017:09:46:07 +0700] "POST /all/prodam/doma_dachi_kottedzhi/new/ HTTP/1.1" 200 356
10.0.0.70 - - [29/Jun/2017:09:46:15 +0700] "POST /prodam/kvartiry/new/ HTTP/1.1" 200 356
10.0.0.85 - - [29/Jun/2017:09:46:26 +0700] "POST /all/prodam/doma_dachi_kottedzhi/new/ HTTP/1.1" 200 356
10.0.0.57 - - [29/Jun/2017:09:47:48 +0700] "POST /prodam/kvartiry/new/ HTTP/1.1" 200 356
10.0.0.70 - - [29/Jun/2017:09:48:46 +0700] "POST /prodam/kvartiry/new/ HTTP/1.1" 200 356
10.0.0.70 - - [29/Jun/2017:09:48:47 +0700] "GET /prodam/kvartiry/new/?action=done&id=14643-20 HTTP/1.1" 200 355
10.0.0.1 - - [29/Jun/2017:09:48:48 +0700] "GET /prodam/kvartiry/new/?action=done&id=15272-16 HTTP/1.0" 200 356
10.0.0.57 - - [29/Jun/2017:09:48:59 +0700] "POST /prodam/kvartiry/new/ HTTP/1.1" 200 356
10.0.0.57 - - [29/Jun/2017:09:49:14 +0700] "GET /plan/?refresh HTTP/1.1" 302 361
10.0.0.57 - - [29/Jun/2017:09:49:14 +0700] "GET /plan/ HTTP/1.1" 200 5286
10.0.0.70 - - [29/Jun/2017:09:49:35 +0700] "POST /prodam/kvartiry/new/ HTTP/1.1" 200 356
10.0.0.70 - - [29/Jun/2017:09:49:56 +0700] "POST /prodam/kvartiry/new/ HTTP/1.1" 200 356
10.0.0.57 - - [29/Jun/2017:09:50:46 +0700] "POST /prodam/kvartiry/new/ HTTP/1.1" 200 356
10.0.0.70 - - [29/Jun/2017:09:50:55 +0700] "POST /prodam/kvartiry/new/ HTTP/1.1" 200 356
10.0.0.85 - - [29/Jun/2017:09:51:07 +0700] "POST /all/prodam/doma_dachi_kottedzhi/new/ HTTP/1.1" 200 356
10.0.0.85 - - [29/Jun/2017:09:52:15 +0700] "POST /all/prodam/doma_dachi_kottedzhi/new/ HTTP/1.1" 200 356
10.0.0.1 - - [29/Jun/2017:09:53:08 +0700] "GET /prodam/kvartiry/new/?action=done&id=15369-19 HTTP/1.0" 200 356
10.0.0.70 - - [29/Jun/2017:09:54:12 +0700] "POST /prodam/kvartiry/new/ HTTP/1.1" 200 356
10.0.0.1 - - [29/Jun/2017:09:54:25 +0700] "GET /prodam/kvartiry/new/?rooms=0-1&site=&date_from=&date_to= HTTP/1.0" 200 24608
10.0.0.1 - - [29/Jun/2017:09:54:25 +0700] "GET /js/common.js HTTP/1.0" 200 2430
10.0.0.1 - - [29/Jun/2017:09:54:25 +0700] "GET /js/datetimepicker/jquery.datetimepicker.js HTTP/1.0" 200 16414
10.0.0.1 - - [29/Jun/2017:09:54:25 +0700] "GET /js/jquery.min.js HTTP/1.0" 200 33578
10.0.0.1 - - [29/Jun/2017:09:54:25 +0700] "GET /js/datetimepicker/jquery.datetimepicker.css HTTP/1.0" 200 3525
10.0.0.1 - - [29/Jun/2017:09:54:25 +0700] "GET /css/styles.css HTTP/1.0" 200 2541
10.0.0.1 - - [29/Jun/2017:09:54:26 +0700] "GET /favicon.ico HTTP/1.0" 200 13684
10.0.0.57 - - [29/Jun/2017:09:55:34 +0700] "POST /prodam/kvartiry/new/ HTTP/1.1" 200 356
10.0.0.70 - - [29/Jun/2017:09:55:59 +0700] "POST /prodam/kvartiry/new/ HTTP/1.1" 200 356
10.0.0.70 - - [29/Jun/2017:09:56:00 +0700] "GET /prodam/kvartiry/new/?action=done&id=14339-20 HTTP/1.1" 200 355
10.0.0.85 - - [29/Jun/2017:09:56:14 +0700] "POST /all/prodam/doma_dachi_kottedzhi/new/ HTTP/1.1" 200 356
10.0.0.70 - - [29/Jun/2017:09:56:32 +0700] "POST /prodam/kvartiry/new/ HTTP/1.1" 200 356
10.0.0.57 - - [29/Jun/2017:09:58:13 +0700] "POST /prodam/kvartiry/new/ HTTP/1.1" 200 356
10.0.0.98 - - [29/Jun/2017:09:59:36 +0700] "GET /plan/ HTTP/1.1" 200 5289
10.0.0.98 - - [29/Jun/2017:09:59:39 +0700] "GET /plan/?refresh HTTP/1.1" 302 305
10.0.0.98 - - [29/Jun/2017:09:59:39 +0700] "GET /plan/ HTTP/1.1" 200 5230
10.0.0.57 - - [29/Jun/2017:09:59:40 +0700] "POST /prodam/kvartiry/new/ HTTP/1.1" 200 356
10.0.0.53 - - [29/Jun/2017:09:59:54 +0700] "GET /plan/ HTTP/1.1" 200 5344
10.0.0.53 - - [29/Jun/2017:09:59:54 +0700] "GET /js/common.js HTTP/1.1" 200 2430
10.0.0.53 - - [29/Jun/2017:09:59:54 +0700] "GET /js/datetimepicker/jquery.datetimepicker.css HTTP/1.1" 200 3526
10.0.0.53 - - [29/Jun/2017:09:59:54 +0700] "GET /css/styles.css HTTP/1.1" 200 2542
10.0.0.53 - - [29/Jun/2017:09:59:54 +0700] "GET /js/datetimepicker/jquery.datetimepicker.js HTTP/1.1" 200 16414
10.0.0.53 - - [29/Jun/2017:09:59:54 +0700] "GET /js/jquery.min.js HTTP/1.1" 200 33578
10.0.0.57 - - [29/Jun/2017:10:01:21 +0700] "GET /prodam/kvartiry/new/?action=done&id=14258-22 HTTP/1.1" 200 356
10.0.0.57 - - [29/Jun/2017:10:02:22 +0700] "GET /prodam/kvartiry/new/?action=done&id=14257-21 HTTP/1.1" 200 356
10.0.0.1 - - [29/Jun/2017:10:02:35 +0700] "POST /prodam/kvartiry/new/ HTTP/1.0" 200 356
10.0.0.57 - - [29/Jun/2017:10:02:48 +0700] "GET /plan/?refresh HTTP/1.1" 302 361
10.0.0.57 - - [29/Jun/2017:10:02:48 +0700] "GET /plan/ HTTP/1.1" 200 5291
10.0.0.57 - - [29/Jun/2017:10:03:16 +0700] "GET /prodam/kvartiry/new/?p=2&rooms=3-10 HTTP/1.1" 200 8942
10.0.0.57 - - [29/Jun/2017:10:03:25 +0700] "GET /prodam/kvartiry/new/?p=1&rooms=3-10 HTTP/1.1" 200 27424
10.0.0.1 - - [29/Jun/2017:10:04:25 +0700] "POST /prodam/kvartiry/new/ HTTP/1.0" 200 356
10.0.0.98 - - [29/Jun/2017:10:04:30 +0700] "GET /plan/?refresh HTTP/1.1" 302 305
10.0.0.98 - - [29/Jun/2017:10:04:30 +0700] "GET /plan/ HTTP/1.1" 200 5237
10.0.0.57 - - [29/Jun/2017:10:05:39 +0700] "POST /prodam/kvartiry/new/ HTTP/1.1" 200 356
10.0.0.85 - - [29/Jun/2017:10:06:48 +0700] "POST /all/prodam/doma_dachi_kottedzhi/new/ HTTP/1.1" 200 356
10.0.0.1 - - [29/Jun/2017:10:07:02 +0700] "GET /prodam/kvartiry/new/?action=done&id=12490-16 HTTP/1.0" 200 356
10.0.0.57 - - [29/Jun/2017:10:07:22 +0700] "GET /plan/?refresh HTTP/1.1" 302 361
10.0.0.57 - - [29/Jun/2017:10:07:22 +0700] "GET /plan/ HTTP/1.1" 200 5290
10.0.0.1 - - [29/Jun/2017:10:07:55 +0700] "GET /prodam/kvartiry/new/?rooms=0-1&site=&date_from=&date_to= HTTP/1.0" 200 24614
10.0.0.1 - - [29/Jun/2017:10:07:56 +0700] "GET /js/jquery.min.js HTTP/1.0" 200 33578
10.0.0.1 - - [29/Jun/2017:10:07:56 +0700] "GET /js/common.js HTTP/1.0" 200 2430
10.0.0.1 - - [29/Jun/2017:10:07:56 +0700] "GET /js/datetimepicker/jquery.datetimepicker.js HTTP/1.0" 200 16413
10.0.0.1 - - [29/Jun/2017:10:07:56 +0700] "GET /js/datetimepicker/jquery.datetimepicker.css HTTP/1.0" 200 3525
10.0.0.1 - - [29/Jun/2017:10:07:56 +0700] "GET /css/styles.css HTTP/1.0" 200 2541
10.0.0.1 - - [29/Jun/2017:10:07:57 +0700] "GET /favicon.ico HTTP/1.0" 200 13684
10.0.0.70 - - [29/Jun/2017:10:08:56 +0700] "POST /prodam/kvartiry/new/ HTTP/1.1" 200 356
10.0.0.70 - - [29/Jun/2017:10:09:44 +0700] "POST /prodam/kvartiry/new/ HTTP/1.1" 200 356
10.0.0.57 - - [29/Jun/2017:10:09:47 +0700] "POST /prodam/kvartiry/new/ HTTP/1.1" 200 356
10.0.0.1 - - [29/Jun/2017:10:09:51 +0700] "GET /prodam/kvartiry/new/?action=done&id=11181-19 HTTP/1.0" 200 356
10.0.0.85 - - [29/Jun/2017:10:10:14 +0700] "GET /plan/operator2/2017-06-29/ HTTP/1.1" 200 2982
10.0.0.85 - - [29/Jun/2017:10:10:15 +0700] "GET /favicon.ico HTTP/1.1" 200 13684
10.0.0.85 - - [29/Jun/2017:10:10:18 +0700] "GET /plan/operator2/2017-06-29/ HTTP/1.1" 200 2982
10.0.0.85 - - [29/Jun/2017:10:10:18 +0700] "GET /plan/operator2/2017-06-29/ HTTP/1.1" 200 2981
10.0.0.85 - - [29/Jun/2017:10:10:18 +0700] "GET /favicon.ico HTTP/1.1" 200 13684
10.0.0.1 - - [29/Jun/2017:10:10:30 +0700] "GET /prodam/kvartiry/new/?p=2&rooms=0-1 HTTP/1.0" 200 11611
10.0.0.70 - - [29/Jun/2017:10:10:31 +0700] "POST /prodam/kvartiry/new/ HTTP/1.1" 200 356
10.0.0.70 - - [29/Jun/2017:10:10:46 +0700] "POST /prodam/kvartiry/new/ HTTP/1.1" 200 356
10.0.0.70 - - [29/Jun/2017:10:11:30 +0700] "POST /prodam/kvartiry/new/ HTTP/1.1" 200 356
10.0.0.70 - - [29/Jun/2017:10:11:59 +0700] "POST /prodam/kvartiry/new/ HTTP/1.1" 200 356
10.0.0.1 - - [29/Jun/2017:10:12:24 +0700] "GET /prodam/kvartiry/new/?action=done&id=349-18 HTTP/1.0" 200 356
10.0.0.70 - - [29/Jun/2017:10:12:50 +0700] "POST /prodam/kvartiry/new/ HTTP/1.1" 200 356
10.0.0.1 - - [29/Jun/2017:10:13:52 +0700] "GET /prodam/kvartiry/new/?action=done&id=387-18 HTTP/1.0" 200 356
10.0.0.1 - - [29/Jun/2017:10:14:05 +0700] "GET /prodam/kvartiry/new/?p=2&rooms=0-1 HTTP/1.0" 200 10927
10.0.0.1 - - [29/Jun/2017:10:14:05 +0700] "GET /js/jquery.min.js HTTP/1.0" 200 33578
10.0.0.1 - - [29/Jun/2017:10:14:05 +0700] "GET /js/common.js HTTP/1.0" 200 2430
10.0.0.1 - - [29/Jun/2017:10:14:05 +0700] "GET /js/datetimepicker/jquery.datetimepicker.css HTTP/1.0" 200 3526
10.0.0.1 - - [29/Jun/2017:10:14:05 +0700] "GET /css/styles.css HTTP/1.0" 200 2541
10.0.0.1 - - [29/Jun/2017:10:14:05 +0700] "GET /js/datetimepicker/jquery.datetimepicker.js HTTP/1.0" 200 16413
10.0.0.1 - - [29/Jun/2017:10:14:06 +0700] "GET /favicon.ico HTTP/1.0" 200 13684
10.0.0.57 - - [29/Jun/2017:10:14:15 +0700] "GET /prodam/kvartiry/new/?action=done&id=13189-22 HTTP/1.1" 200 356
10.0.0.70 - - [29/Jun/2017:10:15:26 +0700] "POST /prodam/kvartiry/new/ HTTP/1.1" 200 356
10.0.0.70 - - [29/Jun/2017:10:15:31 +0700] "GET /prodam/kvartiry/new/?action=done&id=12110-22 HTTP/1.1" 200 356
10.0.0.70 - - [29/Jun/2017:10:16:23 +0700] "POST /prodam/kvartiry/new/ HTTP/1.1" 200 356
10.0.0.70 - - [29/Jun/2017:10:17:11 +0700] "POST /prodam/kvartiry/new/ HTTP/1.1" 200 356
10.0.0.1 - - [29/Jun/2017:10:17:46 +0700] "GET /prodam/kvartiry/new/?action=done&id=424-18 HTTP/1.0" 200 356
10.0.0.1 - - [29/Jun/2017:10:17:56 +0700] "GET /plan/?refresh HTTP/1.0" 302 361
10.0.0.1 - - [29/Jun/2017:10:17:56 +0700] "GET /plan/ HTTP/1.0" 200 5306
10.0.0.70 - - [29/Jun/2017:10:18:08 +0700] "POST /prodam/kvartiry/new/ HTTP/1.1" 200 356
10.0.0.70 - - [29/Jun/2017:10:18:11 +0700] "GET /prodam/kvartiry/new/?action=done&id=11735-20 HTTP/1.1" 200 355
10.0.0.70 - - [29/Jun/2017:10:18:29 +0700] "POST /prodam/kvartiry/new/ HTTP/1.1" 200 356
10.0.0.70 - - [29/Jun/2017:10:18:50 +0700] "POST /prodam/kvartiry/new/ HTTP/1.1" 200 356
10.0.0.57 - - [29/Jun/2017:10:19:14 +0700] "POST /prodam/kvartiry/new/ HTTP/1.1" 200 356
10.0.0.70 - - [29/Jun/2017:10:19:55 +0700] "POST /prodam/kvartiry/new/ HTTP/1.1" 200 356
10.0.0.70 - - [29/Jun/2017:10:19:55 +0700] "GET /prodam/kvartiry/new/?p=2&rooms=2 HTTP/1.1" 200 1646
10.0.0.70 - - [29/Jun/2017:10:19:58 +0700] "GET /prodam/kvartiry/new/?p=1&rooms=2 HTTP/1.1" 200 23695
10.0.0.1 - - [29/Jun/2017:10:20:15 +0700] "GET /prodam/kvartiry/new/?action=done&id=463-19 HTTP/1.0" 200 356
10.0.0.1 - - [29/Jun/2017:10:21:43 +0700] "GET /prodam/kvartiry/new/?action=agency&id=671-19 HTTP/1.0" 200 373
10.0.0.57 - - [29/Jun/2017:10:22:14 +0700] "POST /prodam/kvartiry/new/ HTTP/1.1" 200 356
10.0.0.1 - - [29/Jun/2017:10:24:01 +0700] "GET /prodam/kvartiry/checked/ HTTP/1.0" 200 30063
10.0.0.57 - - [29/Jun/2017:10:24:06 +0700] "GET /prodam/kvartiry/new/?action=done&id=10191-22 HTTP/1.1" 200 356
10.0.0.57 - - [29/Jun/2017:10:24:11 +0700] "GET /plan/?refresh HTTP/1.1" 302 360
10.0.0.57 - - [29/Jun/2017:10:24:11 +0700] "GET /plan/ HTTP/1.1" 200 5279
10.0.0.85 - - [29/Jun/2017:10:25:52 +0700] "POST /all/prodam/doma_dachi_kottedzhi/new/ HTTP/1.1" 200 356
10.0.0.85 - - [29/Jun/2017:10:26:11 +0700] "POST /all/prodam/doma_dachi_kottedzhi/new/ HTTP/1.1" 200 356
10.0.0.85 - - [29/Jun/2017:10:26:30 +0700] "POST /all/prodam/doma_dachi_kottedzhi/new/ HTTP/1.1" 200 356
10.0.0.1 - - [29/Jun/2017:10:26:52 +0700] "GET /prodam/kvartiry/ HTTP/1.0" 302 376
10.0.0.1 - - [29/Jun/2017:10:26:52 +0700] "GET /prodam/kvartiry/new/ HTTP/1.0" 200 26318
10.0.0.85 - - [29/Jun/2017:10:26:53 +0700] "POST /all/prodam/doma_dachi_kottedzhi/new/ HTTP/1.1" 200 356
10.0.0.1 - - [29/Jun/2017:10:26:57 +0700] "GET /prodam/kvartiry/new/?rooms=0-1&site=&date_from=&date_to= HTTP/1.0" 200 24617
10.0.0.57 - - [29/Jun/2017:10:28:12 +0700] "GET /prodam/kvartiry/new/?action=done&id=9423-21 HTTP/1.1" 200 356
10.0.0.85 - - [29/Jun/2017:10:28:27 +0700] "POST /all/prodam/doma_dachi_kottedzhi/new/ HTTP/1.1" 200 356
10.0.0.57 - - [29/Jun/2017:10:28:33 +0700] "GET /prodam/kvartiry/new/?p=2&rooms=3-10 HTTP/1.1" 200 7585
10.0.0.85 - - [29/Jun/2017:10:28:36 +0700] "POST /all/prodam/doma_dachi_kottedzhi/new/ HTTP/1.1" 200 356
10.0.0.1 - - [29/Jun/2017:10:29:48 +0700] "GET /prodam/kvartiry/new/?action=done&id=15640-17 HTTP/1.0" 200 356
10.0.0.1 - - [29/Jun/2017:10:29:53 +0700] "GET /prodam/kvartiry/new/?p=2&rooms=0-1 HTTP/1.0" 200 9841
10.0.0.57 - - [29/Jun/2017:10:30:01 +0700] "GET /plan/?refresh HTTP/1.1" 302 361
10.0.0.57 - - [29/Jun/2017:10:30:02 +0700] "GET /plan/ HTTP/1.1" 200 5301
10.0.0.1 - - [29/Jun/2017:10:32:32 +0700] "POST /prodam/kvartiry/new/ HTTP/1.0" 200 356
10.0.0.1 - - [29/Jun/2017:10:33:03 +0700] "GET /prodam/doma_dachi_kottedzhi/ HTTP/1.0" 302 392
10.0.0.1 - - [29/Jun/2017:10:33:03 +0700] "GET /all/prodam/doma_dachi_kottedzhi/new/ HTTP/1.0" 200 23482
10.0.0.1 - - [29/Jun/2017:10:33:03 +0700] "GET /prodam/doma_dachi_kottedzhi/ HTTP/1.0" 302 391
10.0.0.1 - - [29/Jun/2017:10:33:03 +0700] "GET /all/prodam/doma_dachi_kottedzhi/new/ HTTP/1.0" 200 23482
10.0.0.1 - - [29/Jun/2017:10:33:08 +0700] "GET /prodam/doma_dachi_kottedzhi/ HTTP/1.0" 302 392
10.0.0.1 - - [29/Jun/2017:10:33:08 +0700] "GET /all/prodam/doma_dachi_kottedzhi/new/ HTTP/1.0" 200 23482
10.0.0.1 - - [29/Jun/2017:10:33:14 +0700] "GET /all/prodam/doma_dachi_kottedzhi/new/?p=8 HTTP/1.0" 200 21357
10.0.0.1 - - [29/Jun/2017:10:33:16 +0700] "GET /all/prodam/doma_dachi_kottedzhi/new/?p=10 HTTP/1.0" 200 24440
10.0.0.1 - - [29/Jun/2017:10:33:18 +0700] "GET /all/prodam/doma_dachi_kottedzhi/new/?p=12 HTTP/1.0" 200 21025
10.0.0.1 - - [29/Jun/2017:10:33:20 +0700] "GET /all/prodam/doma_dachi_kottedzhi/new/?p=14 HTTP/1.0" 200 21990
10.0.0.1 - - [29/Jun/2017:10:33:22 +0700] "GET /all/prodam/doma_dachi_kottedzhi/new/?p=16 HTTP/1.0" 200 22170
10.0.0.1 - - [29/Jun/2017:10:33:24 +0700] "GET /all/prodam/doma_dachi_kottedzhi/new/?p=18 HTTP/1.0" 200 23836
10.0.0.1 - - [29/Jun/2017:10:33:26 +0700] "GET /all/prodam/doma_dachi_kottedzhi/new/?p=20 HTTP/1.0" 200 20719
10.0.0.85 - - [29/Jun/2017:10:34:41 +0700] "GET /all/prodam/doma_dachi_kottedzhi/new/?action=done&id=15616 HTTP/1.1" 200 356
10.0.0.57 - - [29/Jun/2017:10:35:24 +0700] "POST /prodam/kvartiry/new/ HTTP/1.1" 200 356
10.0.0.57 - - [29/Jun/2017:10:35:24 +0700] "GET /prodam/kvartiry/new/?action=done&id=1151-21 HTTP/1.1" 200 355
10.0.0.57 - - [29/Jun/2017:10:35:32 +0700] "GET /plan/?refresh HTTP/1.1" 302 361
10.0.0.57 - - [29/Jun/2017:10:35:32 +0700] "GET /plan/ HTTP/1.1" 200 5348
10.0.0.85 - - [29/Jun/2017:10:35:34 +0700] "POST /all/prodam/doma_dachi_kottedzhi/new/ HTTP/1.1" 200 356
10.0.0.1 - - [29/Jun/2017:10:35:53 +0700] "POST /all/prodam/doma_dachi_kottedzhi/new/ HTTP/1.0" 200 356
10.0.0.85 - - [29/Jun/2017:10:39:19 +0700] "GET /all/prodam/doma_dachi_kottedzhi/new/?action=done&id=15613 HTTP/1.1" 200 356
10.0.0.98 - - [29/Jun/2017:10:39:41 +0700] "GET /plan/operator1/?date_begin=2017-06-16&date_end=2017-06-29 HTTP/1.1" 200 4072
10.0.0.98 - - [29/Jun/2017:10:39:41 +0700] "GET /i/clockwise_gapped_circle_arrow_14.png HTTP/1.1" 200 1362
10.0.0.98 - - [29/Jun/2017:10:39:49 +0700] "GET /plan/operator1/?date_begin=2017-06-01&date_end=2017-06-29 HTTP/1.1" 200 4778
10.0.0.98 - - [29/Jun/2017:10:40:14 +0700] "GET /plan/?date_begin=2017-06-01&date_end=2017-06-29 HTTP/1.1" 200 7023
10.0.0.1 - - [29/Jun/2017:10:40:19 +0700] "POST /all/prodam/doma_dachi_kottedzhi/new/ HTTP/1.0" 200 356
10.0.0.98 - - [29/Jun/2017:10:40:19 +0700] "GET /plan/operator1/2017-06-28/ HTTP/1.1" 200 3193
10.0.0.98 - - [29/Jun/2017:10:40:23 +0700] "GET /plan/ HTTP/1.1" 200 5292
10.0.0.98 - - [29/Jun/2017:10:40:56 +0700] "GET /plan/operator2/?date_begin=2017-06-16&date_end=2017-06-29 HTTP/1.1" 200 3493
10.0.0.98 - - [29/Jun/2017:10:41:05 +0700] "GET /plan/operator4/?date_begin=2017-06-16&date_end=2017-06-29 HTTP/1.1" 200 3949
10.0.0.98 - - [29/Jun/2017:10:41:14 +0700] "GET /plan/operator5/?date_begin=2017-06-16&date_end=2017-06-29 HTTP/1.1" 200 3411
10.0.0.98 - - [29/Jun/2017:10:41:21 +0700] "GET /plan/operator2/?date_begin=2017-06-16&date_end=2017-06-29 HTTP/1.1" 200 3492
10.0.0.57 - - [29/Jun/2017:10:41:36 +0700] "GET /prodam/kvartiry/new/?rooms=3-10&site=&date_from=&date_to= HTTP/1.1" 200 27118
10.0.0.57 - - [29/Jun/2017:10:42:43 +0700] "POST /prodam/kvartiry/new/ HTTP/1.1" 200 356
10.0.0.1 - - [29/Jun/2017:10:42:51 +0700] "GET /all/prodam/doma_dachi_kottedzhi/new/?action=done&id=9856 HTTP/1.0" 200 356
