10.0.0.57 - - [26/Jun/2017:13:27:47 +0700] "POST /all/prodam/zemelnye_uchastki/new/ HTTP/1.1" 200 356
10.0.0.70 - - [26/Jun/2017:13:28:04 +0700] "POST /all/prodam/doma_dachi_kottedzhi/new/ HTTP/1.1" 200 356
10.0.0.70 - - [26/Jun/2017:13:28:08 +0700] "GET /search/?phone=89247547720 HTTP/1.1" 200 2295
10.0.0.70 - - [26/Jun/2017:13:28:11 +0700] "POST /all/prodam/doma_dachi_kottedzhi/new/ HTTP/1.1" 200 355
10.0.0.85 - - [26/Jun/2017:13:28:38 +0700] "GET /all/prodam/doma_dachi_kottedzhi/new/?action=done&id=14696 HTTP/1.1" 200 356
10.0.0.70 - - [26/Jun/2017:13:29:00 +0700] "GET /all/prodam/doma_dachi_kottedzhi/new/?action=done&id=13418 HTTP/1.1" 200 356
10.0.0.1 - - [26/Jun/2017:13:29:02 +0700] "GET /prodam/kvartiry/new/?action=done&id=633-18 HTTP/1.0" 200 356
10.0.0.57 - - [26/Jun/2017:13:29:19 +0700] "GET /plan/?refresh HTTP/1.1" 302 361
10.0.0.57 - - [26/Jun/2017:13:29:20 +0700] "GET /plan/ HTTP/1.1" 200 4538
10.0.0.70 - - [26/Jun/2017:13:31:05 +0700] "POST /all/prodam/doma_dachi_kottedzhi/new/ HTTP/1.1" 200 356
10.0.0.70 - - [26/Jun/2017:13:31:06 +0700] "GET /all/prodam/doma_dachi_kottedzhi/new/?action=done&id=13417 HTTP/1.1" 200 355
10.0.0.57 - - [26/Jun/2017:13:31:50 +0700] "GET /all/prodam/zemelnye_uchastki/new/?action=done&id=13566 HTTP/1.1" 200 356
10.0.0.57 - - [26/Jun/2017:13:31:59 +0700] "GET /all/prodam/zemelnye_uchastki/new/?action=undo&id=13566 HTTP/1.1" 200 356
10.0.0.57 - - [26/Jun/2017:13:32:20 +0700] "GET /all/prodam/zemelnye_uchastki/new/?action=done&id=13566 HTTP/1.1" 200 356
10.0.0.1 - - [26/Jun/2017:13:32:53 +0700] "GET /prodam/kvartiry/new/?action=done&id=476-17 HTTP/1.0" 200 356
10.0.0.1 - - [26/Jun/2017:13:32:57 +0700] "GET /prodam/kvartiry/new/?p=1&rooms=0-1 HTTP/1.0" 200 21960
10.0.0.1 - - [26/Jun/2017:13:33:03 +0700] "GET /plan/?refresh HTTP/1.0" 302 361
10.0.0.1 - - [26/Jun/2017:13:33:04 +0700] "GET /plan/ HTTP/1.0" 200 4533
10.0.0.1 - - [26/Jun/2017:13:33:27 +0700] "GET /prodam/kvartiry/new/?p=3&rooms=0-1 HTTP/1.0" 200 5607
10.0.0.1 - - [26/Jun/2017:13:33:30 +0700] "GET /prodam/kvartiry/new/?p=2&rooms=0-1 HTTP/1.0" 200 23417
10.0.0.85 - - [26/Jun/2017:13:35:02 +0700] "GET /plan/ HTTP/1.1" 200 4534
10.0.0.85 - - [26/Jun/2017:13:35:04 +0700] "GET /plan/?refresh HTTP/1.1" 302 360
10.0.0.85 - - [26/Jun/2017:13:35:04 +0700] "GET /plan/ HTTP/1.1" 200 4533
10.0.0.85 - - [26/Jun/2017:13:35:07 +0700] "GET /plan/operator2/2017-06-26/ HTTP/1.1" 200 3104
10.0.0.85 - - [26/Jun/2017:13:35:09 +0700] "GET /plan/ HTTP/1.1" 200 4533
10.0.0.70 - - [26/Jun/2017:13:35:20 +0700] "POST /all/prodam/doma_dachi_kottedzhi/new/ HTTP/1.1" 200 356
10.0.0.70 - - [26/Jun/2017:13:35:21 +0700] "GET /all/prodam/doma_dachi_kottedzhi/new/?action=done&id=13415 HTTP/1.1" 200 355
10.0.0.1 - - [26/Jun/2017:13:36:05 +0700] "POST /prodam/kvartiry/new/ HTTP/1.0" 200 356
10.0.0.1 - - [26/Jun/2017:13:36:10 +0700] "GET /prodam/kvartiry/new/?p=1&rooms=0-1 HTTP/1.0" 200 21960
10.0.0.57 - - [26/Jun/2017:13:37:30 +0700] "POST /all/prodam/zemelnye_uchastki/new/ HTTP/1.1" 200 356
10.0.0.57 - - [26/Jun/2017:13:38:13 +0700] "GET /plan/?refresh HTTP/1.1" 302 361
10.0.0.57 - - [26/Jun/2017:13:38:14 +0700] "GET /plan/ HTTP/1.1" 200 4535
10.0.0.1 - - [26/Jun/2017:13:40:06 +0700] "POST /prodam/kvartiry/new/ HTTP/1.0" 200 356
10.0.0.85 - - [26/Jun/2017:13:41:08 +0700] "GET /plan/?refresh HTTP/1.1" 302 361
10.0.0.85 - - [26/Jun/2017:13:41:08 +0700] "GET /plan/ HTTP/1.1" 200 4530
10.0.0.85 - - [26/Jun/2017:13:41:10 +0700] "GET /plan/operator2/2017-06-26/ HTTP/1.1" 200 3134
10.0.0.1 - - [26/Jun/2017:13:41:35 +0700] "GET /plan/?refresh HTTP/1.0" 302 361
10.0.0.1 - - [26/Jun/2017:13:41:36 +0700] "GET /plan/ HTTP/1.0" 200 4531
10.0.0.57 - - [26/Jun/2017:13:41:44 +0700] "POST /all/prodam/zemelnye_uchastki/new/ HTTP/1.1" 200 356
10.0.0.1 - - [26/Jun/2017:13:41:44 +0700] "GET /prodam/kvartiry/new/?rooms=0&site=&date_from=&date_to= HTTP/1.0" 200 24072
10.0.0.57 - - [26/Jun/2017:13:41:47 +0700] "GET /plan/?refresh HTTP/1.1" 302 360
10.0.0.57 - - [26/Jun/2017:13:41:47 +0700] "GET /plan/ HTTP/1.1" 200 4529
10.0.0.1 - - [26/Jun/2017:13:41:48 +0700] "GET /prodam/doma_dachi_kottedzhi/ HTTP/1.0" 302 391
10.0.0.1 - - [26/Jun/2017:13:41:48 +0700] "GET /all/prodam/doma_dachi_kottedzhi/new/ HTTP/1.0" 200 21902
10.0.0.57 - - [26/Jun/2017:13:41:58 +0700] "POST /all/prodam/zemelnye_uchastki/new/ HTTP/1.1" 200 356
10.0.0.85 - - [26/Jun/2017:13:42:27 +0700] "POST /all/prodam/doma_dachi_kottedzhi/new/ HTTP/1.1" 200 356
10.0.0.57 - - [26/Jun/2017:13:42:34 +0700] "POST /all/prodam/zemelnye_uchastki/new/ HTTP/1.1" 200 356
10.0.0.57 - - [26/Jun/2017:13:42:34 +0700] "GET /all/prodam/zemelnye_uchastki/new/?p=4 HTTP/1.1" 200 15459
10.0.0.1 - - [26/Jun/2017:13:43:13 +0700] "GET /all/prodam/doma_dachi_kottedzhi/new/?p=8 HTTP/1.0" 200 24790
10.0.0.1 - - [26/Jun/2017:13:43:15 +0700] "GET /all/prodam/doma_dachi_kottedzhi/new/?p=10 HTTP/1.0" 200 25548
10.0.0.1 - - [26/Jun/2017:13:43:18 +0700] "GET /all/prodam/doma_dachi_kottedzhi/new/?p=12 HTTP/1.0" 200 22434
10.0.0.1 - - [26/Jun/2017:13:43:20 +0700] "GET /all/prodam/doma_dachi_kottedzhi/new/?p=14 HTTP/1.0" 200 20702
10.0.0.85 - - [26/Jun/2017:13:49:42 +0700] "POST /all/prodam/doma_dachi_kottedzhi/new/ HTTP/1.1" 200 356
10.0.0.85 - - [26/Jun/2017:13:49:46 +0700] "GET /plan/operator2/2017-06-26/ HTTP/1.1" 200 3134
10.0.0.85 - - [26/Jun/2017:13:49:47 +0700] "GET /favicon.ico HTTP/1.1" 200 13684
10.0.0.85 - - [26/Jun/2017:13:49:53 +0700] "GET /plan/ HTTP/1.1" 200 4530
10.0.0.85 - - [26/Jun/2017:13:49:56 +0700] "GET /plan/?refresh HTTP/1.1" 302 361
10.0.0.85 - - [26/Jun/2017:13:49:56 +0700] "GET /plan/ HTTP/1.1" 200 4529
10.0.0.85 - - [26/Jun/2017:13:50:00 +0700] "GET /plan/operator2/2017-06-26/ HTTP/1.1" 200 3133
10.0.0.1 - - [26/Jun/2017:13:51:30 +0700] "GET /all/prodam/doma_dachi_kottedzhi/new/?action=done&id=11636 HTTP/1.0" 200 356
10.0.0.70 - - [26/Jun/2017:13:53:10 +0700] "GET /all/prodam/doma_dachi_kottedzhi/new/?action=done&id=13370 HTTP/1.1" 200 356
10.0.0.70 - - [26/Jun/2017:13:53:12 +0700] "GET /all/prodam/doma_dachi_kottedzhi/new/?action=done&id=13369 HTTP/1.1" 200 355
10.0.0.70 - - [26/Jun/2017:13:53:23 +0700] "GET /all/prodam/doma_dachi_kottedzhi/new/?action=done&id=13368 HTTP/1.1" 200 356
10.0.0.70 - - [26/Jun/2017:13:54:20 +0700] "POST /all/prodam/doma_dachi_kottedzhi/new/ HTTP/1.1" 200 356
10.0.0.1 - - [26/Jun/2017:13:54:23 +0700] "POST /all/prodam/doma_dachi_kottedzhi/new/ HTTP/1.0" 200 356
10.0.0.85 - - [26/Jun/2017:13:54:31 +0700] "POST /all/prodam/doma_dachi_kottedzhi/new/ HTTP/1.1" 200 356
10.0.0.1 - - [26/Jun/2017:13:56:47 +0700] "GET /all/prodam/doma_dachi_kottedzhi/new/?action=done&id=11633 HTTP/1.0" 200 356
10.0.0.1 - - [26/Jun/2017:13:56:54 +0700] "GET /plan/?refresh HTTP/1.0" 302 361
10.0.0.1 - - [26/Jun/2017:13:56:55 +0700] "GET /plan/ HTTP/1.0" 200 4530
10.0.0.1 - - [26/Jun/2017:13:58:25 +0700] "POST /all/prodam/doma_dachi_kottedzhi/new/ HTTP/1.0" 200 356
10.0.0.85 - - [26/Jun/2017:14:00:10 +0700] "GET /plan/operator2/2017-06-26/ HTTP/1.1" 200 3133
10.0.0.85 - - [26/Jun/2017:14:00:10 +0700] "GET /favicon.ico HTTP/1.1" 200 13684
10.0.0.70 - - [26/Jun/2017:14:01:06 +0700] "GET /search/?phone=89244572244 HTTP/1.1" 200 2310
10.0.0.1 - - [26/Jun/2017:14:01:09 +0700] "GET /all/prodam/doma_dachi_kottedzhi/new/?action=done&id=11631 HTTP/1.0" 200 356
10.0.0.70 - - [26/Jun/2017:14:01:14 +0700] "GET /all/prodam/doma_dachi_kottedzhi/new/?action=done&id=13360 HTTP/1.1" 200 356
10.0.0.70 - - [26/Jun/2017:14:01:36 +0700] "GET /search/?phone=89027612129 HTTP/1.1" 200 3044
10.0.0.70 - - [26/Jun/2017:14:02:31 +0700] "POST /all/prodam/doma_dachi_kottedzhi/new/ HTTP/1.1" 200 356
10.0.0.57 - - [26/Jun/2017:14:02:39 +0700] "POST /all/prodam/zemelnye_uchastki/new/ HTTP/1.1" 200 356
10.0.0.1 - - [26/Jun/2017:14:03:40 +0700] "POST /all/prodam/doma_dachi_kottedzhi/new/ HTTP/1.0" 200 356
10.0.0.1 - - [26/Jun/2017:14:04:09 +0700] "POST /all/prodam/doma_dachi_kottedzhi/new/ HTTP/1.0" 200 356
10.0.0.85 - - [26/Jun/2017:14:04:09 +0700] "POST /all/prodam/doma_dachi_kottedzhi/new/ HTTP/1.1" 200 356
10.0.0.57 - - [26/Jun/2017:14:05:00 +0700] "POST /all/prodam/zemelnye_uchastki/new/ HTTP/1.1" 200 356
10.0.0.1 - - [26/Jun/2017:14:05:10 +0700] "GET /all/prodam/doma_dachi_kottedzhi/new/?action=done&id=11612 HTTP/1.0" 200 356
10.0.0.70 - - [26/Jun/2017:14:06:47 +0700] "POST /all/prodam/doma_dachi_kottedzhi/new/ HTTP/1.1" 200 356
10.0.0.57 - - [26/Jun/2017:14:07:17 +0700] "POST /all/prodam/zemelnye_uchastki/new/ HTTP/1.1" 200 356
10.0.0.1 - - [26/Jun/2017:14:07:25 +0700] "GET /all/prodam/doma_dachi_kottedzhi/new/?action=done&id=11604 HTTP/1.0" 200 356
10.0.0.57 - - [26/Jun/2017:14:08:58 +0700] "POST /all/prodam/zemelnye_uchastki/new/ HTTP/1.1" 200 356
10.0.0.57 - - [26/Jun/2017:14:08:59 +0700] "POST /all/prodam/zemelnye_uchastki/new/ HTTP/1.1" 200 355
10.0.0.1 - - [26/Jun/2017:14:09:33 +0700] "POST /all/prodam/doma_dachi_kottedzhi/new/ HTTP/1.0" 200 356
10.0.0.70 - - [26/Jun/2017:14:10:05 +0700] "POST /all/prodam/doma_dachi_kottedzhi/new/ HTTP/1.1" 200 356
10.0.0.70 - - [26/Jun/2017:14:10:06 +0700] "GET /all/prodam/doma_dachi_kottedzhi/new/?action=done&id=13335 HTTP/1.1" 200 355
10.0.0.70 - - [26/Jun/2017:14:11:21 +0700] "POST /all/prodam/doma_dachi_kottedzhi/new/ HTTP/1.1" 200 356
10.0.0.57 - - [26/Jun/2017:14:12:12 +0700] "POST /all/prodam/zemelnye_uchastki/new/ HTTP/1.1" 200 356
10.0.0.57 - - [26/Jun/2017:14:12:15 +0700] "GET /plan/?refresh HTTP/1.1" 302 361
10.0.0.57 - - [26/Jun/2017:14:12:16 +0700] "GET /plan/ HTTP/1.1" 200 4533
10.0.0.57 - - [26/Jun/2017:14:12:22 +0700] "POST /all/prodam/zemelnye_uchastki/new/ HTTP/1.1" 200 356
10.0.0.85 - - [26/Jun/2017:14:12:35 +0700] "GET /all/prodam/doma_dachi_kottedzhi/new/?action=done&id=14675 HTTP/1.1" 200 356
10.0.0.1 - - [26/Jun/2017:14:12:55 +0700] "POST /all/prodam/doma_dachi_kottedzhi/new/ HTTP/1.0" 200 356
10.0.0.1 - - [26/Jun/2017:14:12:56 +0700] "GET /plan/?refresh HTTP/1.0" 302 360
10.0.0.1 - - [26/Jun/2017:14:12:57 +0700] "GET /plan/ HTTP/1.0" 200 4523
10.0.0.1 - - [26/Jun/2017:14:13:13 +0700] "POST /all/prodam/doma_dachi_kottedzhi/new/ HTTP/1.0" 200 356
10.0.0.70 - - [26/Jun/2017:14:13:35 +0700] "GET /all/prodam/doma_dachi_kottedzhi/new/?action=done&id=13329 HTTP/1.1" 200 356
10.0.0.70 - - [26/Jun/2017:14:15:02 +0700] "POST /all/prodam/doma_dachi_kottedzhi/new/ HTTP/1.1" 200 356
10.0.0.70 - - [26/Jun/2017:14:15:04 +0700] "GET /all/prodam/doma_dachi_kottedzhi/new/?action=done&id=13327 HTTP/1.1" 200 355
10.0.0.1 - - [26/Jun/2017:14:16:15 +0700] "GET /all/prodam/doma_dachi_kottedzhi/new/?action=done&id=11583 HTTP/1.0" 200 356
10.0.0.85 - - [26/Jun/2017:14:16:15 +0700] "POST /all/prodam/doma_dachi_kottedzhi/new/ HTTP/1.1" 200 356
10.0.0.70 - - [26/Jun/2017:14:16:25 +0700] "POST /all/prodam/doma_dachi_kottedzhi/new/ HTTP/1.1" 200 356
10.0.0.70 - - [26/Jun/2017:14:16:44 +0700] "GET /search/?phone=89027612129 HTTP/1.1" 200 3044
10.0.0.70 - - [26/Jun/2017:14:16:49 +0700] "GET /all/prodam/doma_dachi_kottedzhi/new/?action=done&id=13286 HTTP/1.1" 200 355
10.0.0.70 - - [26/Jun/2017:14:16:55 +0700] "GET /all/prodam/doma_dachi_kottedzhi/new/?action=done&id=13282 HTTP/1.1" 200 356
10.0.0.57 - - [26/Jun/2017:14:16:59 +0700] "GET /all/prodam/zemelnye_uchastki/new/?action=done&id=12991 HTTP/1.1" 200 356
10.0.0.57 - - [26/Jun/2017:14:17:05 +0700] "GET /plan/?refresh HTTP/1.1" 302 361
10.0.0.57 - - [26/Jun/2017:14:17:06 +0700] "GET /plan/ HTTP/1.1" 200 4536
10.0.0.85 - - [26/Jun/2017:14:17:13 +0700] "POST /all/prodam/doma_dachi_kottedzhi/new/ HTTP/1.1" 200 356
10.0.0.70 - - [26/Jun/2017:14:17:58 +0700] "POST /all/prodam/doma_dachi_kottedzhi/new/ HTTP/1.1" 200 356
10.0.0.70 - - [26/Jun/2017:14:18:40 +0700] "POST /all/prodam/doma_dachi_kottedzhi/new/ HTTP/1.1" 200 356
10.0.0.70 - - [26/Jun/2017:14:19:53 +0700] "POST /all/prodam/doma_dachi_kottedzhi/new/ HTTP/1.1" 200 356
10.0.0.70 - - [26/Jun/2017:14:20:15 +0700] "POST /all/prodam/doma_dachi_kottedzhi/new/ HTTP/1.1" 200 356
10.0.0.57 - - [26/Jun/2017:14:20:26 +0700] "GET /all/prodam/zemelnye_uchastki/new/?action=done&id=12988 HTTP/1.1" 200 356
10.0.0.1 - - [26/Jun/2017:14:22:34 +0700] "POST /all/prodam/doma_dachi_kottedzhi/new/ HTTP/1.0" 200 356
10.0.0.1 - - [26/Jun/2017:14:22:34 +0700] "GET /all/prodam/doma_dachi_kottedzhi/new/?p=15 HTTP/1.0" 200 23052
10.0.0.57 - - [26/Jun/2017:14:23:00 +0700] "POST /all/prodam/zemelnye_uchastki/new/ HTTP/1.1" 200 356
10.0.0.1 - - [26/Jun/2017:14:24:33 +0700] "POST /all/prodam/doma_dachi_kottedzhi/new/ HTTP/1.0" 200 356
10.0.0.70 - - [26/Jun/2017:14:24:40 +0700] "POST /all/prodam/doma_dachi_kottedzhi/new/ HTTP/1.1" 200 356
10.0.0.57 - - [26/Jun/2017:14:25:37 +0700] "GET /all/prodam/zemelnye_uchastki/new/?action=done&id=12981 HTTP/1.1" 200 356
10.0.0.57 - - [26/Jun/2017:14:25:40 +0700] "GET /plan/?refresh HTTP/1.1" 302 360
10.0.0.57 - - [26/Jun/2017:14:25:40 +0700] "GET /plan/ HTTP/1.1" 200 4533
10.0.0.1 - - [26/Jun/2017:14:27:31 +0700] "GET /all/prodam/doma_dachi_kottedzhi/new/?action=done&id=11254 HTTP/1.0" 200 356
10.0.0.1 - - [26/Jun/2017:14:27:33 +0700] "GET /plan/?refresh HTTP/1.0" 302 360
10.0.0.1 - - [26/Jun/2017:14:27:34 +0700] "GET /plan/ HTTP/1.0" 200 4539
10.0.0.70 - - [26/Jun/2017:14:28:13 +0700] "POST /all/prodam/doma_dachi_kottedzhi/new/ HTTP/1.1" 200 356
10.0.0.57 - - [26/Jun/2017:14:28:59 +0700] "GET /all/prodam/zemelnye_uchastki/new/?action=done&id=12979 HTTP/1.1" 200 356
10.0.0.85 - - [26/Jun/2017:14:29:26 +0700] "GET /all/prodam/doma_dachi_kottedzhi/new/?action=done&id=14660 HTTP/1.1" 200 356
10.0.0.57 - - [26/Jun/2017:14:29:33 +0700] "GET /plan/?refresh HTTP/1.1" 302 361
10.0.0.57 - - [26/Jun/2017:14:29:34 +0700] "GET /plan/ HTTP/1.1" 200 4544
10.0.0.70 - - [26/Jun/2017:14:31:04 +0700] "POST /all/prodam/doma_dachi_kottedzhi/new/ HTTP/1.1" 200 356
10.0.0.70 - - [26/Jun/2017:14:31:05 +0700] "GET /all/prodam/doma_dachi_kottedzhi/new/?action=done&id=13235 HTTP/1.1" 200 355
10.0.0.70 - - [26/Jun/2017:14:31:07 +0700] "GET /all/prodam/doma_dachi_kottedzhi/new/?p=7 HTTP/1.1" 200 24422
10.0.0.1 - - [26/Jun/2017:14:31:59 +0700] "GET /all/prodam/doma_dachi_kottedzhi/new/?action=done&id=11252 HTTP/1.0" 200 356
10.0.0.1 - - [26/Jun/2017:14:32:02 +0700] "GET /plan/?refresh HTTP/1.0" 302 360
10.0.0.1 - - [26/Jun/2017:14:32:03 +0700] "GET /plan/ HTTP/1.0" 200 4530
10.0.0.57 - - [26/Jun/2017:14:32:19 +0700] "POST /all/prodam/zemelnye_uchastki/new/ HTTP/1.1" 200 356
10.0.0.1 - - [26/Jun/2017:14:32:48 +0700] "GET /all/prodam/doma_dachi_kottedzhi/new/?action=done&id=11221 HTTP/1.0" 200 356
10.0.0.70 - - [26/Jun/2017:14:34:38 +0700] "GET /all/prodam/doma_dachi_kottedzhi/new/?action=done&id=12788 HTTP/1.1" 200 356
10.0.0.57 - - [26/Jun/2017:14:34:52 +0700] "GET /all/prodam/zemelnye_uchastki/new/?action=done&id=12894 HTTP/1.1" 200 356
10.0.0.57 - - [26/Jun/2017:14:34:56 +0700] "GET /plan/?refresh HTTP/1.1" 302 361
10.0.0.57 - - [26/Jun/2017:14:34:57 +0700] "GET /plan/ HTTP/1.1" 200 4532
10.0.0.70 - - [26/Jun/2017:14:35:49 +0700] "GET /search/?phone=89021618150 HTTP/1.1" 200 2255
10.0.0.70 - - [26/Jun/2017:14:35:58 +0700] "GET /all/prodam/doma_dachi_kottedzhi/new/?action=done&id=12771 HTTP/1.1" 200 356
10.0.0.70 - - [26/Jun/2017:14:37:14 +0700] "GET /all/prodam/doma_dachi_kottedzhi/new/?action=done&id=12769 HTTP/1.1" 200 356
10.0.0.57 - - [26/Jun/2017:14:37:18 +0700] "GET /all/prodam/zemelnye_uchastki/new/?action=done&id=12891 HTTP/1.1" 200 356
10.0.0.1 - - [26/Jun/2017:14:37:30 +0700] "GET /all/prodam/doma_dachi_kottedzhi/new/?action=done&id=11218 HTTP/1.0" 200 356
10.0.0.1 - - [26/Jun/2017:14:37:48 +0700] "GET /plan/?refresh HTTP/1.0" 302 361
10.0.0.1 - - [26/Jun/2017:14:37:49 +0700] "GET /plan/ HTTP/1.0" 200 4542
10.0.0.70 - - [26/Jun/2017:14:38:01 +0700] "GET /search/?phone=89834239139 HTTP/1.1" 200 2143
10.0.0.70 - - [26/Jun/2017:14:38:28 +0700] "POST /all/prodam/doma_dachi_kottedzhi/new/ HTTP/1.1" 200 356
10.0.0.85 - - [26/Jun/2017:14:39:13 +0700] "GET /all/prodam/doma_dachi_kottedzhi/new/?action=done&id=14656 HTTP/1.1" 200 356
10.0.0.70 - - [26/Jun/2017:14:39:51 +0700] "GET /all/prodam/doma_dachi_kottedzhi/new/?action=done&id=12766 HTTP/1.1" 200 356
10.0.0.70 - - [26/Jun/2017:14:40:01 +0700] "GET /all/prodam/doma_dachi_kottedzhi/new/?action=done&id=12765 HTTP/1.1" 200 356
10.0.0.85 - - [26/Jun/2017:14:40:27 +0700] "GET /all/prodam/doma_dachi_kottedzhi/new/?action=done&id=14651 HTTP/1.1" 200 356
10.0.0.57 - - [26/Jun/2017:14:40:29 +0700] "GET /all/prodam/zemelnye_uchastki/new/?action=done&id=12888 HTTP/1.1" 200 356
10.0.0.57 - - [26/Jun/2017:14:40:32 +0700] "GET /plan/?refresh HTTP/1.1" 302 360
10.0.0.57 - - [26/Jun/2017:14:40:33 +0700] "GET /plan/ HTTP/1.1" 200 4541
10.0.0.70 - - [26/Jun/2017:14:40:42 +0700] "POST /all/prodam/doma_dachi_kottedzhi/new/ HTTP/1.1" 200 356
10.0.0.70 - - [26/Jun/2017:14:41:41 +0700] "POST /all/prodam/doma_dachi_kottedzhi/new/ HTTP/1.1" 200 356
10.0.0.70 - - [26/Jun/2017:14:41:45 +0700] "GET /all/prodam/doma_dachi_kottedzhi/new/?action=done&id=12762 HTTP/1.1" 200 355
10.0.0.57 - - [26/Jun/2017:14:42:02 +0700] "GET /all/prodam/zemelnye_uchastki/new/?action=done&id=12845 HTTP/1.1" 200 356
10.0.0.70 - - [26/Jun/2017:14:44:47 +0700] "GET /all/prodam/doma_dachi_kottedzhi/new/?action=done&id=12760 HTTP/1.1" 200 356
10.0.0.85 - - [26/Jun/2017:14:45:39 +0700] "GET /all/prodam/doma_dachi_kottedzhi/new/?action=done&id=14638 HTTP/1.1" 200 356
10.0.0.70 - - [26/Jun/2017:14:46:34 +0700] "GET /all/prodam/doma_dachi_kottedzhi/new/?action=done&id=12759 HTTP/1.1" 200 356
10.0.0.1 - - [26/Jun/2017:14:46:51 +0700] "GET /all/prodam/doma_dachi_kottedzhi/new/?action=done&id=11207 HTTP/1.0" 200 356
10.0.0.70 - - [26/Jun/2017:14:47:11 +0700] "POST /all/prodam/doma_dachi_kottedzhi/new/ HTTP/1.1" 200 356
10.0.0.70 - - [26/Jun/2017:14:48:00 +0700] "POST /all/prodam/doma_dachi_kottedzhi/new/ HTTP/1.1" 200 356
10.0.0.1 - - [26/Jun/2017:14:48:17 +0700] "GET /all/prodam/doma_dachi_kottedzhi/new/?action=done&id=11205 HTTP/1.0" 200 356
10.0.0.1 - - [26/Jun/2017:14:48:20 +0700] "GET /plan/?refresh HTTP/1.0" 302 360
10.0.0.1 - - [26/Jun/2017:14:48:20 +0700] "GET /plan/ HTTP/1.0" 200 4558
10.0.0.57 - - [26/Jun/2017:14:50:46 +0700] "GET /all/prodam/zemelnye_uchastki/new/?action=done&id=12790 HTTP/1.1" 200 356
10.0.0.57 - - [26/Jun/2017:14:50:51 +0700] "GET /plan/?refresh HTTP/1.1" 302 360
10.0.0.57 - - [26/Jun/2017:14:50:51 +0700] "GET /plan/ HTTP/1.1" 200 4559
10.0.0.57 - - [26/Jun/2017:14:50:53 +0700] "GET /plan/?refresh HTTP/1.1" 302 360
10.0.0.57 - - [26/Jun/2017:14:50:53 +0700] "GET /plan/ HTTP/1.1" 200 4558
10.0.0.1 - - [26/Jun/2017:14:51:33 +0700] "GET /all/prodam/doma_dachi_kottedzhi/new/?action=done&id=11204 HTTP/1.0" 200 356
10.0.0.1 - - [26/Jun/2017:14:51:57 +0700] "GET /plan/?refresh HTTP/1.0" 302 361
10.0.0.1 - - [26/Jun/2017:14:51:57 +0700] "GET /plan/ HTTP/1.0" 200 4558
10.0.0.57 - - [26/Jun/2017:14:53:37 +0700] "POST /all/prodam/zemelnye_uchastki/new/ HTTP/1.1" 200 356
10.0.0.85 - - [26/Jun/2017:14:54:47 +0700] "GET /all/prodam/doma_dachi_kottedzhi/new/?action=done&id=14633 HTTP/1.1" 200 356
10.0.0.57 - - [26/Jun/2017:14:55:29 +0700] "GET /all/prodam/zemelnye_uchastki/new/?action=done&id=12680 HTTP/1.1" 200 356
10.0.0.1 - - [26/Jun/2017:14:57:13 +0700] "GET /all/prodam/doma_dachi_kottedzhi/new/?action=done&id=11202 HTTP/1.0" 200 356
10.0.0.1 - - [26/Jun/2017:14:57:16 +0700] "GET /plan/?refresh HTTP/1.0" 302 360
10.0.0.1 - - [26/Jun/2017:14:57:16 +0700] "GET /plan/ HTTP/1.0" 200 4561
10.0.0.1 - - [26/Jun/2017:14:57:27 +0700] "GET /plan/?refresh HTTP/1.0" 302 361
10.0.0.1 - - [26/Jun/2017:14:57:28 +0700] "GET /plan/ HTTP/1.0" 200 4562
10.0.0.1 - - [26/Jun/2017:14:57:43 +0700] "GET /all/prodam/doma_dachi_kottedzhi/new/?action=done&id=11178 HTTP/1.0" 200 356
10.0.0.85 - - [26/Jun/2017:14:57:53 +0700] "POST /all/prodam/doma_dachi_kottedzhi/new/ HTTP/1.1" 200 356
10.0.0.1 - - [26/Jun/2017:14:57:54 +0700] "GET /all/prodam/doma_dachi_kottedzhi/new/?action=done&id=11174 HTTP/1.0" 200 356
10.0.0.85 - - [26/Jun/2017:14:58:13 +0700] "GET /plan/operator2/2017-06-26/ HTTP/1.1" 200 3166
10.0.0.85 - - [26/Jun/2017:14:58:13 +0700] "GET /favicon.ico HTTP/1.1" 200 13684
10.0.0.57 - - [26/Jun/2017:14:59:51 +0700] "POST /all/prodam/zemelnye_uchastki/new/ HTTP/1.1" 200 356
10.0.0.57 - - [26/Jun/2017:15:01:29 +0700] "GET /all/prodam/zemelnye_uchastki/new/?action=done&id=12667 HTTP/1.1" 200 356
10.0.0.85 - - [26/Jun/2017:15:01:53 +0700] "GET /search/?phone=89245978329 HTTP/1.1" 200 2647
10.0.0.85 - - [26/Jun/2017:15:03:24 +0700] "GET /search/?phone=89021667945 HTTP/1.1" 200 3408
10.0.0.1 - - [26/Jun/2017:15:03:30 +0700] "GET /all/prodam/doma_dachi_kottedzhi/new/?action=done&id=11156 HTTP/1.0" 200 356
10.0.0.85 - - [26/Jun/2017:15:04:38 +0700] "GET /search/?phone=89245978329 HTTP/1.1" 200 2647
10.0.0.85 - - [26/Jun/2017:15:04:39 +0700] "GET /search/?phone=89254171285 HTTP/1.1" 200 2564
10.0.0.85 - - [26/Jun/2017:15:04:40 +0700] "GET /search/?phone=89123960319 HTTP/1.1" 200 1393
10.0.0.85 - - [26/Jun/2017:15:04:41 +0700] "GET /search/ HTTP/1.1" 200 1360
10.0.0.85 - - [26/Jun/2017:15:04:46 +0700] "GET /plan/operator2/2017-06-26/ HTTP/1.1" 200 3167
10.0.0.85 - - [26/Jun/2017:15:04:47 +0700] "GET /favicon.ico HTTP/1.1" 200 13684
10.0.0.85 - - [26/Jun/2017:15:04:51 +0700] "GET /plan/ HTTP/1.1" 200 4563
10.0.0.85 - - [26/Jun/2017:15:04:54 +0700] "GET /plan/ HTTP/1.1" 200 4561
10.0.0.85 - - [26/Jun/2017:15:04:54 +0700] "GET /favicon.ico HTTP/1.1" 200 13684
10.0.0.85 - - [26/Jun/2017:15:04:58 +0700] "GET /plan/operator1/2017-06-26/ HTTP/1.1" 200 3188
10.0.0.85 - - [26/Jun/2017:15:05:10 +0700] "GET /plan/operator1/2017-06-25/ HTTP/1.1" 200 2989
10.0.0.85 - - [26/Jun/2017:15:05:15 +0700] "GET /plan/operator1/2017-06-26/ HTTP/1.1" 200 3187
10.0.0.85 - - [26/Jun/2017:15:05:16 +0700] "GET /plan/ HTTP/1.1" 200 4561
10.0.0.85 - - [26/Jun/2017:15:05:51 +0700] "GET /plan/operator2/2017-06-26/ HTTP/1.1" 200 3166
10.0.0.85 - - [26/Jun/2017:15:07:28 +0700] "GET /search/?phone=89503886585 HTTP/1.1" 200 1394
10.0.0.57 - - [26/Jun/2017:15:07:54 +0700] "GET /all/prodam/zemelnye_uchastki/new/?action=done&id=12663 HTTP/1.1" 200 356
10.0.0.57 - - [26/Jun/2017:15:08:00 +0700] "GET /plan/?refresh HTTP/1.1" 302 361
10.0.0.57 - - [26/Jun/2017:15:08:00 +0700] "GET /plan/ HTTP/1.1" 200 4567
10.0.0.57 - - [26/Jun/2017:15:08:08 +0700] "GET /all/prodam/zemelnye_uchastki/new/?p=5 HTTP/1.1" 200 16126
10.0.0.1 - - [26/Jun/2017:15:09:02 +0700] "GET /all/prodam/doma_dachi_kottedzhi/new/?action=done&id=11154 HTTP/1.0" 200 356
10.0.0.1 - - [26/Jun/2017:15:09:04 +0700] "GET /plan/?refresh HTTP/1.0" 302 360
10.0.0.1 - - [26/Jun/2017:15:09:04 +0700] "GET /plan/ HTTP/1.0" 200 4569
10.0.0.1 - - [26/Jun/2017:15:09:27 +0700] "GET /all/prodam/doma_dachi_kottedzhi/new/?action=done&id=11130 HTTP/1.0" 200 356
10.0.0.85 - - [26/Jun/2017:15:10:24 +0700] "GET /search/?phone=89503886585 HTTP/1.1" 200 1394
10.0.0.1 - - [26/Jun/2017:15:12:43 +0700] "GET /all/prodam/doma_dachi_kottedzhi/new/?action=done&id=11122 HTTP/1.0" 200 356
10.0.0.57 - - [26/Jun/2017:15:14:26 +0700] "GET /all/prodam/zemelnye_uchastki/new/?action=done&id=13054 HTTP/1.1" 200 356
10.0.0.85 - - [26/Jun/2017:15:17:23 +0700] "GET /all/prodam/doma_dachi_kottedzhi/new/?action=done&id=14631 HTTP/1.1" 200 356
10.0.0.1 - - [26/Jun/2017:15:17:38 +0700] "GET /all/prodam/doma_dachi_kottedzhi/new/?action=done&id=11118 HTTP/1.0" 200 356
10.0.0.1 - - [26/Jun/2017:15:17:39 +0700] "GET /plan/?refresh HTTP/1.0" 302 360
10.0.0.1 - - [26/Jun/2017:15:17:40 +0700] "GET /plan/ HTTP/1.0" 200 4553
10.0.0.70 - - [26/Jun/2017:15:18:56 +0700] "GET /all/prodam/doma_dachi_kottedzhi/new/?action=done&id=12756 HTTP/1.1" 200 356
10.0.0.70 - - [26/Jun/2017:15:19:51 +0700] "GET /all/prodam/doma_dachi_kottedzhi/new/?action=done&id=12755 HTTP/1.1" 200 356
10.0.0.70 - - [26/Jun/2017:15:20:54 +0700] "GET /all/prodam/doma_dachi_kottedzhi/new/?action=done&id=12754 HTTP/1.1" 200 356
10.0.0.70 - - [26/Jun/2017:15:23:34 +0700] "GET /all/prodam/doma_dachi_kottedzhi/new/?action=done&id=12753 HTTP/1.1" 200 356
10.0.0.70 - - [26/Jun/2017:15:23:57 +0700] "GET /search/?phone=89146359088 HTTP/1.1" 200 2916
10.0.0.85 - - [26/Jun/2017:15:24:04 +0700] "GET /all/prodam/doma_dachi_kottedzhi/new/?action=done&id=14629 HTTP/1.1" 200 356
10.0.0.70 - - [26/Jun/2017:15:24:28 +0700] "POST /all/prodam/doma_dachi_kottedzhi/new/ HTTP/1.1" 200 356
10.0.0.70 - - [26/Jun/2017:15:27:19 +0700] "GET /all/prodam/doma_dachi_kottedzhi/new/?action=done&id=12751 HTTP/1.1" 200 356
10.0.0.70 - - [26/Jun/2017:15:28:30 +0700] "POST /all/prodam/doma_dachi_kottedzhi/new/ HTTP/1.1" 200 356
10.0.0.70 - - [26/Jun/2017:15:28:39 +0700] "GET /search/?phone=89835374786 HTTP/1.1" 200 2489
10.0.0.70 - - [26/Jun/2017:15:29:01 +0700] "GET /search/?phone=89644135764 HTTP/1.1" 200 2589
10.0.0.57 - - [26/Jun/2017:15:29:52 +0700] "GET /all/prodam/zemelnye_uchastki/new/?action=done&id=12686 HTTP/1.1" 200 356
10.0.0.70 - - [26/Jun/2017:15:30:41 +0700] "GET /all/prodam/doma_dachi_kottedzhi/new/?action=done&id=12749 HTTP/1.1" 200 356
10.0.0.70 - - [26/Jun/2017:15:31:58 +0700] "GET /all/prodam/doma_dachi_kottedzhi/new/?action=done&id=12748 HTTP/1.1" 200 356
10.0.0.85 - - [26/Jun/2017:15:32:26 +0700] "GET /all/prodam/doma_dachi_kottedzhi/new/?action=done&id=14628 HTTP/1.1" 200 356
10.0.0.85 - - [26/Jun/2017:15:32:32 +0700] "GET /plan/operator2/2017-06-26/ HTTP/1.1" 200 3187
10.0.0.85 - - [26/Jun/2017:15:32:32 +0700] "GET /favicon.ico HTTP/1.1" 200 13684
10.0.0.85 - - [26/Jun/2017:15:34:28 +0700] "POST /all/prodam/doma_dachi_kottedzhi/new/ HTTP/1.1" 200 356
10.0.0.57 - - [26/Jun/2017:15:37:57 +0700] "GET /plan/?refresh HTTP/1.1" 302 361
10.0.0.57 - - [26/Jun/2017:15:37:58 +0700] "GET /plan/ HTTP/1.1" 200 4553
10.0.0.85 - - [26/Jun/2017:15:38:13 +0700] "GET /all/prodam/doma_dachi_kottedzhi/new/?action=done&id=14612 HTTP/1.1" 200 356
10.0.0.57 - - [26/Jun/2017:15:39:14 +0700] "GET /all/prodam/zemelnye_uchastki/new/?p=6 HTTP/1.1" 200 16069
10.0.0.57 - - [26/Jun/2017:15:41:15 +0700] "GET /all/prodam/zemelnye_uchastki/new/?action=done&id=12582 HTTP/1.1" 200 356
10.0.0.57 - - [26/Jun/2017:15:41:17 +0700] "GET /plan/?refresh HTTP/1.1" 302 360
10.0.0.57 - - [26/Jun/2017:15:41:18 +0700] "GET /plan/ HTTP/1.1" 200 4562
10.0.0.57 - - [26/Jun/2017:15:41:19 +0700] "GET /plan/?refresh HTTP/1.1" 302 360
10.0.0.57 - - [26/Jun/2017:15:41:20 +0700] "GET /plan/ HTTP/1.1" 200 4562
10.0.0.57 - - [26/Jun/2017:15:41:21 +0700] "GET /plan/?refresh HTTP/1.1" 302 360
10.0.0.57 - - [26/Jun/2017:15:41:21 +0700] "GET /plan/ HTTP/1.1" 200 4563
10.0.0.57 - - [26/Jun/2017:15:41:22 +0700] "GET /plan/?refresh HTTP/1.1" 302 360
10.0.0.57 - - [26/Jun/2017:15:41:23 +0700] "GET /plan/ HTTP/1.1" 200 4562
10.0.0.1 - - [26/Jun/2017:15:42:04 +0700] "POST /all/prodam/doma_dachi_kottedzhi/new/ HTTP/1.0" 200 356
10.0.0.1 - - [26/Jun/2017:15:42:10 +0700] "GET /all/prodam/doma_dachi_kottedzhi/new/?p=15 HTTP/1.0" 200 22090
10.0.0.1 - - [26/Jun/2017:15:42:11 +0700] "GET /js/jquery.min.js HTTP/1.0" 200 33578
10.0.0.1 - - [26/Jun/2017:15:42:11 +0700] "GET /js/datetimepicker/jquery.datetimepicker.css HTTP/1.0" 200 3525
10.0.0.1 - - [26/Jun/2017:15:42:11 +0700] "GET /js/common.js HTTP/1.0" 200 2430
10.0.0.1 - - [26/Jun/2017:15:42:11 +0700] "GET /js/datetimepicker/jquery.datetimepicker.js HTTP/1.0" 200 16413
10.0.0.1 - - [26/Jun/2017:15:42:11 +0700] "GET /css/styles.css HTTP/1.0" 200 2541
10.0.0.1 - - [26/Jun/2017:15:42:12 +0700] "GET /favicon.ico HTTP/1.0" 200 13684
10.0.0.1 - - [26/Jun/2017:15:42:13 +0700] "GET /plan/?refresh HTTP/1.0" 302 360
10.0.0.1 - - [26/Jun/2017:15:42:13 +0700] "GET /plan/ HTTP/1.0" 200 4563
10.0.0.70 - - [26/Jun/2017:15:43:50 +0700] "GET /all/prodam/doma_dachi_kottedzhi/new/?action=done&id=12747 HTTP/1.1" 200 356
10.0.0.57 - - [26/Jun/2017:15:44:50 +0700] "POST /all/prodam/zemelnye_uchastki/new/ HTTP/1.1" 200 356
10.0.0.57 - - [26/Jun/2017:15:44:55 +0700] "POST /all/prodam/zemelnye_uchastki/new/ HTTP/1.1" 200 356
10.0.0.70 - - [26/Jun/2017:15:45:48 +0700] "GET /all/prodam/doma_dachi_kottedzhi/new/?action=done&id=12746 HTTP/1.1" 200 356
10.0.0.1 - - [26/Jun/2017:15:45:56 +0700] "GET /all/prodam/doma_dachi_kottedzhi/new/?action=done&id=10971 HTTP/1.0" 200 356
10.0.0.57 - - [26/Jun/2017:15:47:00 +0700] "GET /all/prodam/zemelnye_uchastki/new/?p=7 HTTP/1.1" 200 17264
10.0.0.85 - - [26/Jun/2017:15:47:13 +0700] "GET /plan/operator2/2017-06-26/ HTTP/1.1" 200 3193
10.0.0.85 - - [26/Jun/2017:15:47:13 +0700] "GET /favicon.ico HTTP/1.1" 200 13684
10.0.0.85 - - [26/Jun/2017:15:47:26 +0700] "GET /all/prodam/doma_dachi_kottedzhi/new/?action=done&id=14611 HTTP/1.1" 200 356
10.0.0.85 - - [26/Jun/2017:15:47:43 +0700] "GET /all/prodam/doma_dachi_kottedzhi/new/?action=done&id=14610 HTTP/1.1" 200 356
10.0.0.85 - - [26/Jun/2017:15:47:48 +0700] "GET /all/prodam/doma_dachi_kottedzhi/new/?p=2 HTTP/1.1" 200 22040
10.0.0.70 - - [26/Jun/2017:15:48:33 +0700] "GET /all/prodam/doma_dachi_kottedzhi/new/?action=done&id=12745 HTTP/1.1" 200 356
10.0.0.1 - - [26/Jun/2017:15:48:40 +0700] "POST /all/prodam/doma_dachi_kottedzhi/new/ HTTP/1.0" 200 356
10.0.0.70 - - [26/Jun/2017:15:49:59 +0700] "GET /all/prodam/doma_dachi_kottedzhi/new/?action=done&id=12744 HTTP/1.1" 200 356
10.0.0.70 - - [26/Jun/2017:15:51:04 +0700] "POST /all/prodam/doma_dachi_kottedzhi/new/ HTTP/1.1" 200 356
10.0.0.85 - - [26/Jun/2017:15:51:11 +0700] "GET /plan/operator2/2017-06-26/ HTTP/1.1" 200 3193
10.0.0.85 - - [26/Jun/2017:15:51:11 +0700] "GET /favicon.ico HTTP/1.1" 200 13684
10.0.0.85 - - [26/Jun/2017:15:54:00 +0700] "POST /all/prodam/doma_dachi_kottedzhi/new/ HTTP/1.1" 200 356
10.0.0.70 - - [26/Jun/2017:15:54:06 +0700] "GET /all/prodam/doma_dachi_kottedzhi/new/?action=done&id=12742 HTTP/1.1" 200 356
10.0.0.70 - - [26/Jun/2017:15:55:19 +0700] "GET /all/prodam/doma_dachi_kottedzhi/new/?action=done&id=12741 HTTP/1.1" 200 356
10.0.0.70 - - [26/Jun/2017:15:56:06 +0700] "POST /all/prodam/doma_dachi_kottedzhi/new/ HTTP/1.1" 200 356
10.0.0.70 - - [26/Jun/2017:15:56:15 +0700] "GET /all/prodam/doma_dachi_kottedzhi/new/?action=done&id=12698 HTTP/1.1" 200 356
10.0.0.70 - - [26/Jun/2017:15:56:33 +0700] "GET /prodam/kvartiry/new/ HTTP/1.1" 200 24283
10.0.0.70 - - [26/Jun/2017:15:56:34 +0700] "GET /search/ HTTP/1.1" 200 1360
10.0.0.70 - - [26/Jun/2017:15:56:37 +0700] "GET /search/?phone=89996567095 HTTP/1.1" 200 3788
10.0.0.70 - - [26/Jun/2017:15:56:42 +0700] "GET /all/prodam/doma_dachi_kottedzhi/new/?action=done&id=12696 HTTP/1.1" 200 355
10.0.0.70 - - [26/Jun/2017:15:56:53 +0700] "GET /all/prodam/doma_dachi_kottedzhi/new/?action=done&id=12693 HTTP/1.1" 200 356
10.0.0.70 - - [26/Jun/2017:15:56:57 +0700] "GET /all/prodam/doma_dachi_kottedzhi/new/?action=done&id=12690 HTTP/1.1" 200 355
10.0.0.70 - - [26/Jun/2017:15:57:06 +0700] "GET /all/prodam/doma_dachi_kottedzhi/new/?action=done&id=12684 HTTP/1.1" 200 356
10.0.0.57 - - [26/Jun/2017:15:57:38 +0700] "GET /all/prodam/zemelnye_uchastki/new/?action=done&id=11995 HTTP/1.1" 200 356
10.0.0.57 - - [26/Jun/2017:15:57:44 +0700] "GET /plan/?refresh HTTP/1.1" 302 361
10.0.0.57 - - [26/Jun/2017:15:57:45 +0700] "GET /plan/ HTTP/1.1" 200 4561
10.0.0.1 - - [26/Jun/2017:15:58:23 +0700] "POST /all/prodam/doma_dachi_kottedzhi/new/ HTTP/1.0" 200 356
10.0.0.85 - - [26/Jun/2017:15:58:38 +0700] "GET /all/prodam/doma_dachi_kottedzhi/new/?action=done&id=14609 HTTP/1.1" 200 356
10.0.0.70 - - [26/Jun/2017:15:58:58 +0700] "POST /all/prodam/doma_dachi_kottedzhi/new/ HTTP/1.1" 200 356
10.0.0.70 - - [26/Jun/2017:15:58:59 +0700] "POST /all/prodam/doma_dachi_kottedzhi/new/ HTTP/1.1" 200 355
10.0.0.70 - - [26/Jun/2017:15:59:20 +0700] "GET /search/?phone=89148311930 HTTP/1.1" 200 2489
10.0.0.1 - - [26/Jun/2017:16:00:14 +0700] "POST /all/prodam/doma_dachi_kottedzhi/new/ HTTP/1.0" 200 356
10.0.0.57 - - [26/Jun/2017:16:00:19 +0700] "POST /all/prodam/zemelnye_uchastki/new/ HTTP/1.1" 200 356
10.0.0.70 - - [26/Jun/2017:16:01:34 +0700] "GET /all/prodam/doma_dachi_kottedzhi/new/?action=done&id=12679 HTTP/1.1" 200 356
10.0.0.70 - - [26/Jun/2017:16:02:12 +0700] "GET /all/prodam/doma_dachi_kottedzhi/new/?action=done&id=12676 HTTP/1.1" 200 356
10.0.0.70 - - [26/Jun/2017:16:02:27 +0700] "GET /search/?phone=89024515873 HTTP/1.1" 200 2236
10.0.0.70 - - [26/Jun/2017:16:02:47 +0700] "GET /all/prodam/doma_dachi_kottedzhi/new/?action=done&id=12672 HTTP/1.1" 200 356
10.0.0.70 - - [26/Jun/2017:16:02:54 +0700] "GET /all/prodam/doma_dachi_kottedzhi/new/?action=done&id=12669 HTTP/1.1" 200 356
10.0.0.70 - - [26/Jun/2017:16:02:59 +0700] "GET /all/prodam/doma_dachi_kottedzhi/new/?action=done&id=12666 HTTP/1.1" 200 356
10.0.0.70 - - [26/Jun/2017:16:03:03 +0700] "GET /all/prodam/doma_dachi_kottedzhi/new/?action=done&id=12662 HTTP/1.1" 200 355
10.0.0.85 - - [26/Jun/2017:16:03:05 +0700] "POST /all/prodam/doma_dachi_kottedzhi/new/ HTTP/1.1" 200 356
10.0.0.70 - - [26/Jun/2017:16:03:08 +0700] "GET /all/prodam/doma_dachi_kottedzhi/new/?action=done&id=12658 HTTP/1.1" 200 356
10.0.0.85 - - [26/Jun/2017:16:03:12 +0700] "POST /all/prodam/doma_dachi_kottedzhi/new/ HTTP/1.1" 200 356
10.0.0.1 - - [26/Jun/2017:16:03:28 +0700] "GET /all/prodam/doma_dachi_kottedzhi/new/?action=done&id=11026 HTTP/1.0" 200 356
10.0.0.70 - - [26/Jun/2017:16:03:32 +0700] "GET /search/?phone=89146359088 HTTP/1.1" 200 2916
10.0.0.1 - - [26/Jun/2017:16:03:33 +0700] "GET /plan/?refresh HTTP/1.0" 302 360
10.0.0.1 - - [26/Jun/2017:16:03:33 +0700] "GET /plan/ HTTP/1.0" 200 4569
10.0.0.70 - - [26/Jun/2017:16:03:39 +0700] "GET /all/prodam/doma_dachi_kottedzhi/new/?action=done&id=12654 HTTP/1.1" 200 356
10.0.0.70 - - [26/Jun/2017:16:04:16 +0700] "GET /all/prodam/doma_dachi_kottedzhi/new/?action=done&id=12651 HTTP/1.1" 200 356
10.0.0.70 - - [26/Jun/2017:16:04:34 +0700] "GET /search/?phone=89835374786 HTTP/1.1" 200 2489
10.0.0.85 - - [26/Jun/2017:16:05:01 +0700] "POST /all/prodam/doma_dachi_kottedzhi/new/ HTTP/1.1" 200 356
10.0.0.85 - - [26/Jun/2017:16:05:09 +0700] "POST /all/prodam/doma_dachi_kottedzhi/new/ HTTP/1.1" 200 356
10.0.0.70 - - [26/Jun/2017:16:05:09 +0700] "GET /all/prodam/doma_dachi_kottedzhi/new/?action=done&id=12648 HTTP/1.1" 200 356
10.0.0.70 - - [26/Jun/2017:16:05:15 +0700] "GET /all/prodam/doma_dachi_kottedzhi/new/?action=done&id=12645 HTTP/1.1" 200 356
10.0.0.85 - - [26/Jun/2017:16:05:16 +0700] "POST /all/prodam/doma_dachi_kottedzhi/new/ HTTP/1.1" 200 356
10.0.0.57 - - [26/Jun/2017:16:05:38 +0700] "POST /all/prodam/zemelnye_uchastki/new/ HTTP/1.1" 200 356
10.0.0.70 - - [26/Jun/2017:16:05:39 +0700] "GET /all/prodam/doma_dachi_kottedzhi/new/?action=done&id=12641 HTTP/1.1" 200 356
10.0.0.70 - - [26/Jun/2017:16:05:41 +0700] "GET /all/prodam/doma_dachi_kottedzhi/new/?p=8 HTTP/1.1" 200 25102
10.0.0.70 - - [26/Jun/2017:16:06:54 +0700] "POST /all/prodam/doma_dachi_kottedzhi/new/ HTTP/1.1" 200 356
10.0.0.85 - - [26/Jun/2017:16:07:02 +0700] "POST /all/prodam/doma_dachi_kottedzhi/new/ HTTP/1.1" 200 356
10.0.0.85 - - [26/Jun/2017:16:07:20 +0700] "POST /all/prodam/doma_dachi_kottedzhi/new/ HTTP/1.1" 200 356
10.0.0.1 - - [26/Jun/2017:16:07:29 +0700] "GET /all/prodam/doma_dachi_kottedzhi/new/?action=done&id=11032 HTTP/1.0" 200 356
10.0.0.98 - - [26/Jun/2017:16:07:39 +0700] "GET /plan/ HTTP/1.1" 200 4515
10.0.0.98 - - [26/Jun/2017:16:07:40 +0700] "GET /favicon.ico HTTP/1.1" 200 13629
10.0.0.98 - - [26/Jun/2017:16:07:50 +0700] "GET /plan/?refresh HTTP/1.1" 302 305
10.0.0.98 - - [26/Jun/2017:16:07:50 +0700] "GET /plan/ HTTP/1.1" 200 4504
10.0.0.98 - - [26/Jun/2017:16:08:00 +0700] "GET /plan/operator4/2017-06-26/ HTTP/1.1" 200 3143
10.0.0.98 - - [26/Jun/2017:16:08:02 +0700] "GET /plan/ HTTP/1.1" 200 4503
10.0.0.98 - - [26/Jun/2017:16:08:06 +0700] "GET /plan/operator3/2017-06-26/ HTTP/1.1" 200 3174
10.0.0.98 - - [26/Jun/2017:16:08:07 +0700] "GET /plan/ HTTP/1.1" 200 4503
10.0.0.85 - - [26/Jun/2017:16:08:38 +0700] "GET /search/?phone=89212692268 HTTP/1.1" 200 1394
10.0.0.85 - - [26/Jun/2017:16:08:41 +0700] "GET /search/?phone=89212692268 HTTP/1.1" 200 1394
10.0.0.57 - - [26/Jun/2017:16:09:07 +0700] "POST /all/prodam/zemelnye_uchastki/new/ HTTP/1.1" 200 356
10.0.0.57 - - [26/Jun/2017:16:09:07 +0700] "GET /all/prodam/zemelnye_uchastki/new/?p=8 HTTP/1.1" 200 15293
10.0.0.57 - - [26/Jun/2017:16:09:12 +0700] "GET /plan/?refresh HTTP/1.1" 302 361
10.0.0.57 - - [26/Jun/2017:16:09:13 +0700] "GET /plan/ HTTP/1.1" 200 4559
10.0.0.1 - - [26/Jun/2017:16:09:32 +0700] "POST /all/prodam/doma_dachi_kottedzhi/new/ HTTP/1.0" 200 356
10.0.0.57 - - [26/Jun/2017:16:10:56 +0700] "GET /all/prodam/zemelnye_uchastki/new/?action=done&id=11804 HTTP/1.1" 200 356
10.0.0.70 - - [26/Jun/2017:16:11:15 +0700] "GET /all/prodam/doma_dachi_kottedzhi/new/?action=done&id=12440 HTTP/1.1" 200 356
10.0.0.1 - - [26/Jun/2017:16:11:40 +0700] "POST /all/prodam/doma_dachi_kottedzhi/new/ HTTP/1.0" 200 356
10.0.0.70 - - [26/Jun/2017:16:11:54 +0700] "POST /all/prodam/doma_dachi_kottedzhi/new/ HTTP/1.1" 200 356
10.0.0.57 - - [26/Jun/2017:16:12:01 +0700] "GET /plan/?refresh HTTP/1.1" 302 361
10.0.0.57 - - [26/Jun/2017:16:12:02 +0700] "GET /plan/ HTTP/1.1" 200 4560
10.0.0.70 - - [26/Jun/2017:16:12:12 +0700] "GET /search/?phone=89834218387 HTTP/1.1" 200 2864
10.0.0.57 - - [26/Jun/2017:16:12:42 +0700] "POST /all/prodam/zemelnye_uchastki/new/ HTTP/1.1" 200 356
10.0.0.1 - - [26/Jun/2017:16:13:41 +0700] "GET /all/prodam/doma_dachi_kottedzhi/new/?p=14 HTTP/1.0" 200 21620
10.0.0.1 - - [26/Jun/2017:16:13:41 +0700] "POST /all/prodam/doma_dachi_kottedzhi/new/ HTTP/1.0" 200 356
10.0.0.57 - - [26/Jun/2017:16:14:02 +0700] "GET /all/prodam/zemelnye_uchastki/new/?action=done&id=11733 HTTP/1.1" 200 356
10.0.0.57 - - [26/Jun/2017:16:14:07 +0700] "GET /plan/?refresh HTTP/1.1" 302 361
10.0.0.57 - - [26/Jun/2017:16:14:07 +0700] "GET /plan/ HTTP/1.1" 200 4553
10.0.0.70 - - [26/Jun/2017:16:14:25 +0700] "GET /all/prodam/doma_dachi_kottedzhi/new/?action=done&id=12430 HTTP/1.1" 200 356
10.0.0.85 - - [26/Jun/2017:16:15:09 +0700] "GET /all/prodam/doma_dachi_kottedzhi/new/?action=done&id=14600 HTTP/1.1" 200 356
10.0.0.70 - - [26/Jun/2017:16:15:23 +0700] "GET /all/prodam/doma_dachi_kottedzhi/new/?action=done&id=12426 HTTP/1.1" 200 356
10.0.0.70 - - [26/Jun/2017:16:15:47 +0700] "GET /search/?phone=89243586327 HTTP/1.1" 200 3056
10.0.0.57 - - [26/Jun/2017:16:16:23 +0700] "POST /all/prodam/zemelnye_uchastki/new/ HTTP/1.1" 200 356
10.0.0.1 - - [26/Jun/2017:16:17:00 +0700] "GET /all/prodam/doma_dachi_kottedzhi/new/?action=done&id=11293 HTTP/1.0" 200 356
10.0.0.85 - - [26/Jun/2017:16:17:38 +0700] "POST /all/prodam/doma_dachi_kottedzhi/new/ HTTP/1.1" 200 356
10.0.0.70 - - [26/Jun/2017:16:18:51 +0700] "GET /all/prodam/doma_dachi_kottedzhi/new/?action=done&id=12368 HTTP/1.1" 200 356
10.0.0.70 - - [26/Jun/2017:16:19:00 +0700] "POST /all/prodam/doma_dachi_kottedzhi/new/ HTTP/1.1" 200 356
10.0.0.70 - - [26/Jun/2017:16:19:02 +0700] "GET /all/prodam/doma_dachi_kottedzhi/new/?action=done&id=12436 HTTP/1.1" 200 355
10.0.0.57 - - [26/Jun/2017:16:19:31 +0700] "POST /all/prodam/zemelnye_uchastki/new/ HTTP/1.1" 200 356
10.0.0.57 - - [26/Jun/2017:16:21:17 +0700] "POST /all/prodam/zemelnye_uchastki/new/ HTTP/1.1" 200 356
10.0.0.1 - - [26/Jun/2017:16:21:28 +0700] "GET /all/prodam/doma_dachi_kottedzhi/new/?action=done&id=11274 HTTP/1.0" 200 356
10.0.0.1 - - [26/Jun/2017:16:21:31 +0700] "GET /plan/?refresh HTTP/1.0" 302 360
10.0.0.1 - - [26/Jun/2017:16:21:32 +0700] "GET /plan/ HTTP/1.0" 200 4561
10.0.0.70 - - [26/Jun/2017:16:21:43 +0700] "GET /all/prodam/doma_dachi_kottedzhi/new/?action=done&id=12366 HTTP/1.1" 200 356
10.0.0.70 - - [26/Jun/2017:16:22:07 +0700] "GET /search/?phone=89834307052 HTTP/1.1" 200 3042
10.0.0.70 - - [26/Jun/2017:16:22:18 +0700] "GET /all/prodam/doma_dachi_kottedzhi/new/?action=done&id=12364 HTTP/1.1" 200 356
10.0.0.85 - - [26/Jun/2017:16:22:22 +0700] "GET /all/prodam/doma_dachi_kottedzhi/new/?action=done&id=14577 HTTP/1.1" 200 356
10.0.0.57 - - [26/Jun/2017:16:22:24 +0700] "POST /all/prodam/zemelnye_uchastki/new/ HTTP/1.1" 200 356
10.0.0.70 - - [26/Jun/2017:16:22:26 +0700] "GET /all/prodam/doma_dachi_kottedzhi/new/?action=done&id=12346 HTTP/1.1" 200 356
10.0.0.70 - - [26/Jun/2017:16:22:34 +0700] "GET /all/prodam/doma_dachi_kottedzhi/new/?action=done&id=12339 HTTP/1.1" 200 356
10.0.0.85 - - [26/Jun/2017:16:23:08 +0700] "GET /search/?phone=89212692268 HTTP/1.1" 200 1394
10.0.0.57 - - [26/Jun/2017:16:23:35 +0700] "POST /all/prodam/zemelnye_uchastki/new/ HTTP/1.1" 200 356
10.0.0.70 - - [26/Jun/2017:16:23:51 +0700] "POST /all/prodam/doma_dachi_kottedzhi/new/ HTTP/1.1" 200 356
10.0.0.70 - - [26/Jun/2017:16:23:57 +0700] "GET /all/prodam/doma_dachi_kottedzhi/new/?action=done&id=12321 HTTP/1.1" 200 356
10.0.0.1 - - [26/Jun/2017:16:24:03 +0700] "POST /all/prodam/doma_dachi_kottedzhi/new/ HTTP/1.0" 200 356
10.0.0.85 - - [26/Jun/2017:16:24:08 +0700] "GET /all/prodam/doma_dachi_kottedzhi/new/?action=done&id=14575 HTTP/1.1" 200 356
10.0.0.57 - - [26/Jun/2017:16:24:19 +0700] "GET /all/prodam/zemelnye_uchastki/new/?p=9 HTTP/1.1" 200 16021
10.0.0.1 - - [26/Jun/2017:16:25:01 +0700] "GET /all/prodam/doma_dachi_kottedzhi/new/?action=done&id=11259 HTTP/1.0" 200 356
10.0.0.70 - - [26/Jun/2017:16:25:27 +0700] "POST /all/prodam/doma_dachi_kottedzhi/new/ HTTP/1.1" 200 356
10.0.0.57 - - [26/Jun/2017:16:26:09 +0700] "POST /all/prodam/zemelnye_uchastki/new/ HTTP/1.1" 200 356
10.0.0.85 - - [26/Jun/2017:16:26:25 +0700] "POST /all/prodam/doma_dachi_kottedzhi/new/ HTTP/1.1" 200 356
10.0.0.57 - - [26/Jun/2017:16:27:43 +0700] "GET /all/prodam/zemelnye_uchastki/new/?action=done&id=11370 HTTP/1.1" 200 356
10.0.0.57 - - [26/Jun/2017:16:27:45 +0700] "GET /plan/?refresh HTTP/1.1" 302 361
10.0.0.57 - - [26/Jun/2017:16:27:46 +0700] "GET /plan/ HTTP/1.1" 200 4567
10.0.0.57 - - [26/Jun/2017:16:28:06 +0700] "GET /plan/?refresh HTTP/1.1" 302 361
10.0.0.57 - - [26/Jun/2017:16:28:06 +0700] "GET /plan/?refresh HTTP/1.1" 302 361
10.0.0.57 - - [26/Jun/2017:16:28:06 +0700] "GET /plan/?refresh HTTP/1.1" 302 361
10.0.0.57 - - [26/Jun/2017:16:28:07 +0700] "GET /plan/ HTTP/1.1" 200 4566
10.0.0.1 - - [26/Jun/2017:16:28:13 +0700] "GET /all/prodam/doma_dachi_kottedzhi/new/?action=done&id=11248 HTTP/1.0" 200 356
10.0.0.1 - - [26/Jun/2017:16:28:13 +0700] "POST /all/prodam/doma_dachi_kottedzhi/new/ HTTP/1.0" 200 356
10.0.0.1 - - [26/Jun/2017:16:28:29 +0700] "GET /all/prodam/doma_dachi_kottedzhi/new/?action=done&id=11230 HTTP/1.0" 200 356
10.0.0.1 - - [26/Jun/2017:16:30:37 +0700] "GET /all/prodam/doma_dachi_kottedzhi/new/?action=done&id=11081 HTTP/1.0" 200 356
10.0.0.1 - - [26/Jun/2017:16:30:47 +0700] "GET /all/prodam/doma_dachi_kottedzhi/new/?p=16 HTTP/1.0" 200 20176
10.0.0.1 - - [26/Jun/2017:16:30:49 +0700] "GET /plan/?refresh HTTP/1.0" 302 360
10.0.0.1 - - [26/Jun/2017:16:30:50 +0700] "GET /plan/ HTTP/1.0" 200 4561
10.0.0.70 - - [26/Jun/2017:16:33:37 +0700] "GET /prodam/kvartiry/ HTTP/1.1" 302 376
10.0.0.70 - - [26/Jun/2017:16:33:37 +0700] "GET /prodam/kvartiry/new/ HTTP/1.1" 200 22873
10.0.0.1 - - [26/Jun/2017:16:33:58 +0700] "GET /all/prodam/doma_dachi_kottedzhi/new/?action=done&id=10609 HTTP/1.0" 200 356
10.0.0.85 - - [26/Jun/2017:16:34:41 +0700] "POST /all/prodam/doma_dachi_kottedzhi/new/ HTTP/1.1" 200 356
10.0.0.85 - - [26/Jun/2017:16:34:41 +0700] "GET /all/prodam/doma_dachi_kottedzhi/new/?action=done&id=14571 HTTP/1.1" 200 355
10.0.0.70 - - [26/Jun/2017:16:35:43 +0700] "POST /prodam/kvartiry/new/ HTTP/1.1" 200 356
10.0.0.70 - - [26/Jun/2017:16:36:34 +0700] "POST /prodam/kvartiry/new/ HTTP/1.1" 200 356
10.0.0.70 - - [26/Jun/2017:16:36:36 +0700] "POST /prodam/kvartiry/new/ HTTP/1.1" 200 355
10.0.0.1 - - [26/Jun/2017:16:36:38 +0700] "GET /all/prodam/doma_dachi_kottedzhi/new/?action=done&id=10607 HTTP/1.0" 200 356
10.0.0.1 - - [26/Jun/2017:16:36:41 +0700] "GET /plan/?refresh HTTP/1.0" 302 360
10.0.0.1 - - [26/Jun/2017:16:36:41 +0700] "GET /plan/ HTTP/1.0" 200 4555
10.0.0.70 - - [26/Jun/2017:16:37:11 +0700] "POST /prodam/kvartiry/new/ HTTP/1.1" 200 356
10.0.0.70 - - [26/Jun/2017:16:38:13 +0700] "GET /prodam/kvartiry/new/?action=done&id=14885-20 HTTP/1.1" 200 356
10.0.0.1 - - [26/Jun/2017:16:39:01 +0700] "GET /all/prodam/doma_dachi_kottedzhi/new/?action=done&id=10603 HTTP/1.0" 200 356
10.0.0.70 - - [26/Jun/2017:16:39:32 +0700] "POST /prodam/kvartiry/new/ HTTP/1.1" 200 356
10.0.0.70 - - [26/Jun/2017:16:39:33 +0700] "POST /prodam/kvartiry/new/ HTTP/1.1" 200 355
10.0.0.1 - - [26/Jun/2017:16:42:22 +0700] "GET /all/prodam/doma_dachi_kottedzhi/new/?action=done&id=10602 HTTP/1.0" 200 356
10.0.0.70 - - [26/Jun/2017:16:42:23 +0700] "GET /prodam/kvartiry/new/?rooms=2&site=&date_from=&date_to= HTTP/1.1" 200 27083
10.0.0.85 - - [26/Jun/2017:16:43:31 +0700] "GET /all/prodam/doma_dachi_kottedzhi/new/?action=done&id=14568 HTTP/1.1" 200 356
10.0.0.70 - - [26/Jun/2017:16:44:36 +0700] "GET /prodam/kvartiry/new/?action=done&id=14883-20 HTTP/1.1" 200 356
10.0.0.85 - - [26/Jun/2017:16:44:49 +0700] "GET /search/?phone=89025638526 HTTP/1.1" 200 3637
10.0.0.70 - - [26/Jun/2017:16:50:48 +0700] "GET /prodam/kvartiry/new/?action=done&id=14846-20 HTTP/1.1" 200 356
10.0.0.85 - - [26/Jun/2017:16:51:01 +0700] "GET /all/prodam/doma_dachi_kottedzhi/new/?action=done&id=14607 HTTP/1.1" 200 356
10.0.0.85 - - [26/Jun/2017:16:52:08 +0700] "GET /plan/operator2/2017-06-26/ HTTP/1.1" 200 3200
10.0.0.85 - - [26/Jun/2017:16:52:09 +0700] "GET /favicon.ico HTTP/1.1" 200 13684
10.0.0.70 - - [26/Jun/2017:16:52:51 +0700] "GET /prodam/kvartiry/new/?action=done&id=14813-19 HTTP/1.1" 200 356
10.0.0.53 - - [26/Jun/2017:16:56:42 +0700] "GET /plan/ HTTP/1.1" 200 4613
10.0.0.53 - - [26/Jun/2017:16:56:42 +0700] "GET /css/styles.css HTTP/1.1" 200 2542
10.0.0.53 - - [26/Jun/2017:16:57:16 +0700] "GET /plan/ HTTP/1.1" 200 4555
10.0.0.85 - - [26/Jun/2017:17:04:06 +0700] "GET /all/prodam/doma_dachi_kottedzhi/new/?action=done&id=14599 HTTP/1.1" 200 356
10.0.0.85 - - [26/Jun/2017:17:04:09 +0700] "GET /plan/operator2/2017-06-26/ HTTP/1.1" 200 3200
10.0.0.85 - - [26/Jun/2017:17:04:09 +0700] "GET /favicon.ico HTTP/1.1" 200 13685
10.0.0.85 - - [26/Jun/2017:17:04:15 +0700] "GET /plan/operator2/2017-06-26/ HTTP/1.1" 200 3200
10.0.0.85 - - [26/Jun/2017:17:04:15 +0700] "GET /favicon.ico HTTP/1.1" 200 13684
10.0.0.85 - - [26/Jun/2017:17:05:05 +0700] "GET /all/prodam/doma_dachi_kottedzhi/new/?action=done&id=14597 HTTP/1.1" 200 356
10.0.0.85 - - [26/Jun/2017:17:05:52 +0700] "POST /all/prodam/doma_dachi_kottedzhi/new/ HTTP/1.1" 200 356
10.0.0.85 - - [26/Jun/2017:17:05:52 +0700] "GET /all/prodam/doma_dachi_kottedzhi/new/?action=done&id=14574 HTTP/1.1" 200 355
10.0.0.1 - - [26/Jun/2017:17:09:47 +0700] "GET /all/prodam/doma_dachi_kottedzhi/new/?action=done&id=10541 HTTP/1.0" 200 356
10.0.0.1 - - [26/Jun/2017:17:09:50 +0700] "GET /plan/?refresh HTTP/1.0" 302 360
10.0.0.1 - - [26/Jun/2017:17:09:51 +0700] "GET /plan/ HTTP/1.0" 200 4564
10.0.0.70 - - [26/Jun/2017:17:11:14 +0700] "GET /prodam/kvartiry/new/?action=done&id=14809-20 HTTP/1.1" 200 356
10.0.0.85 - - [26/Jun/2017:17:12:01 +0700] "GET /all/prodam/doma_dachi_kottedzhi/new/?action=done&id=14563 HTTP/1.1" 200 356
10.0.0.70 - - [26/Jun/2017:17:12:24 +0700] "POST /prodam/kvartiry/new/ HTTP/1.1" 200 356
10.0.0.70 - - [26/Jun/2017:17:12:25 +0700] "POST /prodam/kvartiry/new/ HTTP/1.1" 200 355
10.0.0.1 - - [26/Jun/2017:17:12:26 +0700] "POST /all/prodam/doma_dachi_kottedzhi/new/ HTTP/1.0" 200 356
10.0.0.1 - - [26/Jun/2017:17:12:28 +0700] "GET /prodam/kvartiry/ HTTP/1.0" 302 375
10.0.0.1 - - [26/Jun/2017:17:12:28 +0700] "GET /prodam/kvartiry/new/ HTTP/1.0" 200 22838
10.0.0.1 - - [26/Jun/2017:17:12:35 +0700] "GET /prodam/kvartiry/new/?rooms=0-1&site=&date_from=&date_to= HTTP/1.0" 200 21431
10.0.0.85 - - [26/Jun/2017:17:12:44 +0700] "POST /all/prodam/doma_dachi_kottedzhi/new/ HTTP/1.1" 200 356
10.0.0.85 - - [26/Jun/2017:17:12:44 +0700] "GET /all/prodam/doma_dachi_kottedzhi/new/?action=done&id=14562 HTTP/1.1" 200 355
10.0.0.85 - - [26/Jun/2017:17:13:31 +0700] "GET /all/prodam/doma_dachi_kottedzhi/new/?action=done&id=14561 HTTP/1.1" 200 356
10.0.0.70 - - [26/Jun/2017:17:15:00 +0700] "POST /prodam/kvartiry/new/ HTTP/1.1" 200 356
10.0.0.70 - - [26/Jun/2017:17:15:01 +0700] "GET /prodam/kvartiry/new/?action=done&id=14775-21 HTTP/1.1" 200 355
10.0.0.70 - - [26/Jun/2017:17:15:46 +0700] "POST /prodam/kvartiry/new/ HTTP/1.1" 200 356
10.0.0.1 - - [26/Jun/2017:17:16:58 +0700] "GET /all/prodam/doma_dachi_kottedzhi/new/?action=done&id=10732 HTTP/1.0" 200 356
10.0.0.70 - - [26/Jun/2017:17:17:15 +0700] "POST /prodam/kvartiry/new/ HTTP/1.1" 200 356
10.0.0.85 - - [26/Jun/2017:17:19:45 +0700] "POST /all/prodam/doma_dachi_kottedzhi/new/ HTTP/1.1" 200 356
10.0.0.85 - - [26/Jun/2017:17:19:52 +0700] "GET /search/?phone= HTTP/1.1" 200 1361
10.0.0.70 - - [26/Jun/2017:17:19:53 +0700] "GET /prodam/kvartiry/new/?action=done&id=14715-20 HTTP/1.1" 200 356
10.0.0.85 - - [26/Jun/2017:17:19:57 +0700] "GET /plan/operator2/2017-06-26/ HTTP/1.1" 200 3228
10.0.0.85 - - [26/Jun/2017:17:19:57 +0700] "GET /favicon.ico HTTP/1.1" 200 13684
10.0.0.70 - - [26/Jun/2017:17:21:43 +0700] "POST /prodam/kvartiry/new/ HTTP/1.1" 200 356
10.0.0.70 - - [26/Jun/2017:17:21:43 +0700] "GET /prodam/kvartiry/new/?action=done&id=14668-20 HTTP/1.1" 200 355
10.0.0.1 - - [26/Jun/2017:17:26:02 +0700] "GET /all/prodam/doma_dachi_kottedzhi/new/?action=done&id=10731 HTTP/1.0" 200 356
10.0.0.1 - - [26/Jun/2017:17:26:09 +0700] "GET /plan/?refresh HTTP/1.0" 302 361
10.0.0.1 - - [26/Jun/2017:17:26:09 +0700] "GET /plan/ HTTP/1.0" 200 4570
10.0.0.1 - - [26/Jun/2017:17:30:16 +0700] "POST /all/prodam/doma_dachi_kottedzhi/new/ HTTP/1.0" 200 356
10.0.0.85 - - [26/Jun/2017:17:30:39 +0700] "GET /all/prodam/doma_dachi_kottedzhi/new/?action=done&id=14557 HTTP/1.1" 200 356
10.0.0.1 - - [26/Jun/2017:17:32:14 +0700] "POST /all/prodam/doma_dachi_kottedzhi/new/ HTTP/1.0" 200 356
10.0.0.98 - - [26/Jun/2017:17:32:39 +0700] "GET /plan/?refresh HTTP/1.1" 302 305
10.0.0.98 - - [26/Jun/2017:17:32:39 +0700] "GET /plan/ HTTP/1.1" 200 4520
10.0.0.98 - - [26/Jun/2017:17:33:01 +0700] "GET /plan/operator4/2017-06-26/ HTTP/1.1" 200 3163
10.0.0.98 - - [26/Jun/2017:17:33:04 +0700] "GET /plan/ HTTP/1.1" 200 4518
10.0.0.98 - - [26/Jun/2017:17:33:06 +0700] "GET /plan/operator3/2017-06-26/ HTTP/1.1" 200 3194
10.0.0.98 - - [26/Jun/2017:17:33:08 +0700] "GET /plan/ HTTP/1.1" 200 4518
