10.0.0.85 - - [29/Jun/2017:15:42:54 +0700] "POST /all/prodam/doma_dachi_kottedzhi/new/ HTTP/1.1" 200 356
10.0.0.85 - - [29/Jun/2017:15:43:12 +0700] "POST /all/prodam/doma_dachi_kottedzhi/new/ HTTP/1.1" 200 356
10.0.0.1 - - [29/Jun/2017:15:43:52 +0700] "GET /all/prodam/doma_dachi_kottedzhi/new/?action=done&id=8434 HTTP/1.0" 200 356
10.0.0.57 - - [29/Jun/2017:15:45:10 +0700] "GET /all/prodam/zemelnye_uchastki/new/?action=done&id=14199 HTTP/1.1" 200 356
10.0.0.57 - - [29/Jun/2017:15:45:19 +0700] "GET /plan/?refresh HTTP/1.1" 302 361
10.0.0.57 - - [29/Jun/2017:15:45:19 +0700] "GET /plan/ HTTP/1.1" 200 5438
10.0.0.1 - - [29/Jun/2017:15:47:13 +0700] "POST /all/prodam/doma_dachi_kottedzhi/new/ HTTP/1.0" 200 356
10.0.0.1 - - [29/Jun/2017:15:47:17 +0700] "GET /all/prodam/doma_dachi_kottedzhi/new/?action=done&id=8387 HTTP/1.0" 200 355
10.0.0.85 - - [29/Jun/2017:15:47:39 +0700] "GET /all/prodam/doma_dachi_kottedzhi/new/?action=done&id=1556 HTTP/1.1" 200 356
10.0.0.1 - - [29/Jun/2017:15:48:35 +0700] "POST /all/prodam/zemelnye_uchastki/new/ HTTP/1.0" 200 356
10.0.0.1 - - [29/Jun/2017:15:49:15 +0700] "GET /all/prodam/zemelnye_uchastki/new/?action=done&id=15559 HTTP/1.0" 200 356
10.0.0.57 - - [29/Jun/2017:15:54:47 +0700] "GET /plan/?refresh HTTP/1.1" 302 361
10.0.0.57 - - [29/Jun/2017:15:54:47 +0700] "GET /plan/ HTTP/1.1" 200 5443
10.0.0.57 - - [29/Jun/2017:15:54:48 +0700] "GET /plan/?refresh HTTP/1.1" 302 360
10.0.0.57 - - [29/Jun/2017:15:54:49 +0700] "GET /plan/ HTTP/1.1" 200 5443
10.0.0.1 - - [29/Jun/2017:15:55:39 +0700] "GET /all/prodam/zemelnye_uchastki/new/?action=done&id=15552 HTTP/1.0" 200 356
10.0.0.1 - - [29/Jun/2017:15:56:14 +0700] "GET /all/prodam/zemelnye_uchastki/new/?action=done&id=15532 HTTP/1.0" 200 356
10.0.0.1 - - [29/Jun/2017:15:56:23 +0700] "GET /plan/?refresh HTTP/1.0" 302 361
10.0.0.1 - - [29/Jun/2017:15:56:24 +0700] "GET /plan/ HTTP/1.0" 200 5443
10.0.0.1 - - [29/Jun/2017:15:56:41 +0700] "GET /plan/?refresh HTTP/1.0" 302 361
10.0.0.1 - - [29/Jun/2017:15:56:41 +0700] "GET /plan/ HTTP/1.0" 200 5443
10.0.0.1 - - [29/Jun/2017:16:02:36 +0700] "GET /all/prodam/doma_dachi_kottedzhi/new/?action=done&id=8373 HTTP/1.0" 200 356
10.0.0.1 - - [29/Jun/2017:16:02:39 +0700] "GET /plan/?refresh HTTP/1.0" 302 360
10.0.0.1 - - [29/Jun/2017:16:02:39 +0700] "GET /plan/ HTTP/1.0" 200 5452
10.0.0.85 - - [29/Jun/2017:16:03:14 +0700] "GET /plan/operator2/2017-06-29/ HTTP/1.1" 200 3107
10.0.0.85 - - [29/Jun/2017:16:03:14 +0700] "GET /favicon.ico HTTP/1.1" 200 13684
10.0.0.1 - - [29/Jun/2017:16:05:07 +0700] "GET /all/prodam/doma_dachi_kottedzhi/new/?p=27 HTTP/1.0" 200 22055
10.0.0.1 - - [29/Jun/2017:16:05:24 +0700] "POST /all/prodam/zemelnye_uchastki/new/ HTTP/1.0" 200 356
10.0.0.1 - - [29/Jun/2017:16:09:06 +0700] "GET /all/prodam/doma_dachi_kottedzhi/new/?action=done&id=8233 HTTP/1.0" 200 356
10.0.0.57 - - [29/Jun/2017:16:09:18 +0700] "GET /all/prodam/zemelnye_uchastki/new/?action=done&id=13816 HTTP/1.1" 200 356
10.0.0.57 - - [29/Jun/2017:16:10:17 +0700] "GET /all/prodam/zemelnye_uchastki/new/?p=4 HTTP/1.1" 200 17604
10.0.0.57 - - [29/Jun/2017:16:10:20 +0700] "GET /all/prodam/zemelnye_uchastki/new/?p=8 HTTP/1.1" 200 16056
10.0.0.57 - - [29/Jun/2017:16:10:21 +0700] "GET /all/prodam/zemelnye_uchastki/new/?p=10 HTTP/1.1" 200 16111
10.0.0.57 - - [29/Jun/2017:16:10:22 +0700] "GET /all/prodam/zemelnye_uchastki/new/?p=12 HTTP/1.1" 200 17967
10.0.0.57 - - [29/Jun/2017:16:10:23 +0700] "GET /all/prodam/zemelnye_uchastki/new/?p=14 HTTP/1.1" 200 16034
10.0.0.57 - - [29/Jun/2017:16:10:24 +0700] "GET /all/prodam/zemelnye_uchastki/new/?p=16 HTTP/1.1" 200 16495
10.0.0.57 - - [29/Jun/2017:16:11:02 +0700] "GET /plan/?refresh HTTP/1.1" 302 361
10.0.0.57 - - [29/Jun/2017:16:11:02 +0700] "GET /plan/ HTTP/1.1" 200 5454
10.0.0.1 - - [29/Jun/2017:16:13:32 +0700] "GET /all/prodam/zemelnye_uchastki/new/?action=done&id=15515 HTTP/1.0" 200 356
10.0.0.1 - - [29/Jun/2017:16:15:03 +0700] "GET /all/prodam/doma_dachi_kottedzhi/new/?action=done&id=8177 HTTP/1.0" 200 356
10.0.0.85 - - [29/Jun/2017:16:15:04 +0700] "GET /search/?phone=89516338488 HTTP/1.1" 200 2311
10.0.0.85 - - [29/Jun/2017:16:15:07 +0700] "GET /plan/operator2/2017-06-29/ HTTP/1.1" 200 3108
10.0.0.85 - - [29/Jun/2017:16:15:07 +0700] "GET /favicon.ico HTTP/1.1" 200 13684
10.0.0.85 - - [29/Jun/2017:16:15:21 +0700] "GET /plan/operator2/2017-06-29/ HTTP/1.1" 200 3108
10.0.0.85 - - [29/Jun/2017:16:16:13 +0700] "POST /all/prodam/doma_dachi_kottedzhi/new/ HTTP/1.1" 200 356
10.0.0.1 - - [29/Jun/2017:16:17:06 +0700] "POST /all/prodam/doma_dachi_kottedzhi/new/ HTTP/1.0" 200 356
10.0.0.1 - - [29/Jun/2017:16:19:22 +0700] "GET /plan/?refresh HTTP/1.0" 302 361
10.0.0.1 - - [29/Jun/2017:16:19:23 +0700] "GET /plan/ HTTP/1.0" 200 5466
10.0.0.98 - - [29/Jun/2017:16:21:11 +0700] "GET /plan/ HTTP/1.1" 200 5411
10.0.0.98 - - [29/Jun/2017:16:21:13 +0700] "GET / HTTP/1.1" 302 320
10.0.0.98 - - [29/Jun/2017:16:21:13 +0700] "GET /prodam/kvartiry/new/ HTTP/1.1" 200 25859
10.0.0.1 - - [29/Jun/2017:16:21:17 +0700] "POST /all/prodam/doma_dachi_kottedzhi/new/ HTTP/1.0" 200 356
10.0.0.98 - - [29/Jun/2017:16:21:24 +0700] "GET /search/ HTTP/1.1" 200 1305
10.0.0.98 - - [29/Jun/2017:16:21:27 +0700] "GET /search/?phone=89247590316 HTTP/1.1" 200 1339
10.0.0.57 - - [29/Jun/2017:16:22:03 +0700] "GET /all/prodam/zemelnye_uchastki/new/?action=done&id=8901 HTTP/1.1" 200 356
10.0.0.85 - - [29/Jun/2017:16:22:16 +0700] "POST /all/prodam/doma_dachi_kottedzhi/new/ HTTP/1.1" 200 356
10.0.0.85 - - [29/Jun/2017:16:22:16 +0700] "GET /all/prodam/doma_dachi_kottedzhi/new/?action=done&id=1555 HTTP/1.1" 200 355
10.0.0.85 - - [29/Jun/2017:16:22:20 +0700] "GET /plan/operator2/2017-06-29/ HTTP/1.1" 200 3107
10.0.0.85 - - [29/Jun/2017:16:22:20 +0700] "GET /favicon.ico HTTP/1.1" 200 13684
10.0.0.85 - - [29/Jun/2017:16:22:25 +0700] "GET /plan/operator2/2017-06-29/ HTTP/1.1" 200 3108
10.0.0.85 - - [29/Jun/2017:16:22:25 +0700] "GET /favicon.ico HTTP/1.1" 200 13684
10.0.0.85 - - [29/Jun/2017:16:26:19 +0700] "GET /plan/operator2/2017-06-29/ HTTP/1.1" 200 3109
10.0.0.85 - - [29/Jun/2017:16:26:19 +0700] "GET /favicon.ico HTTP/1.1" 200 13684
10.0.0.85 - - [29/Jun/2017:16:26:22 +0700] "GET /plan/operator2/2017-06-29/ HTTP/1.1" 200 3107
10.0.0.85 - - [29/Jun/2017:16:27:08 +0700] "GET /all/prodam/doma_dachi_kottedzhi/checked/ HTTP/1.1" 200 21553
10.0.0.85 - - [29/Jun/2017:16:27:31 +0700] "GET /search/?phone=89244568078 HTTP/1.1" 200 3465
10.0.0.85 - - [29/Jun/2017:16:27:37 +0700] "GET /search/?action=done&id=4319 HTTP/1.1" 200 356
10.0.0.85 - - [29/Jun/2017:16:27:38 +0700] "GET /search/?action=done&id=2736 HTTP/1.1" 200 355
10.0.0.85 - - [29/Jun/2017:16:27:56 +0700] "GET /search/?phone=89244534335 HTTP/1.1" 200 3064
10.0.0.85 - - [29/Jun/2017:16:28:08 +0700] "GET /search/?phone=89644093742 HTTP/1.1" 200 2866
10.0.0.85 - - [29/Jun/2017:16:28:35 +0700] "GET /search/?phone=89025634501 HTTP/1.1" 200 3296
10.0.0.85 - - [29/Jun/2017:16:29:17 +0700] "GET /search/?phone=89021604244 HTTP/1.1" 200 3765
10.0.0.85 - - [29/Jun/2017:16:29:21 +0700] "GET /search/?action=done&id=15556 HTTP/1.1" 200 356
10.0.0.85 - - [29/Jun/2017:16:29:39 +0700] "GET /search/?phone=89244560211 HTTP/1.1" 200 2556
10.0.0.85 - - [29/Jun/2017:16:30:02 +0700] "GET /search/?phone=89244568078 HTTP/1.1" 200 3408
10.0.0.85 - - [29/Jun/2017:16:30:14 +0700] "GET /search/?phone=89244534335 HTTP/1.1" 200 3064
10.0.0.1 - - [29/Jun/2017:16:30:22 +0700] "GET /all/prodam/zemelnye_uchastki/new/?date_from=&date_to= HTTP/1.0" 200 16918
10.0.0.85 - - [29/Jun/2017:16:30:33 +0700] "GET /search/?phone=89025634501 HTTP/1.1" 200 3296
10.0.0.85 - - [29/Jun/2017:16:30:46 +0700] "GET /search/?phone=89246506412 HTTP/1.1" 200 2535
10.0.0.57 - - [29/Jun/2017:16:30:55 +0700] "GET /all/prodam/zemelnye_uchastki/new/?action=done&id=8756 HTTP/1.1" 200 356
10.0.0.85 - - [29/Jun/2017:16:31:01 +0700] "GET /search/?phone=89644093742 HTTP/1.1" 200 2866
10.0.0.85 - - [29/Jun/2017:16:31:27 +0700] "GET /search/?phone=89244560211 HTTP/1.1" 200 2556
10.0.0.85 - - [29/Jun/2017:16:31:43 +0700] "GET /search/?phone=89148469399 HTTP/1.1" 200 3431
10.0.0.85 - - [29/Jun/2017:16:31:48 +0700] "GET /search/?action=done&id=15543 HTTP/1.1" 200 355
10.0.0.85 - - [29/Jun/2017:16:31:50 +0700] "GET /search/?action=done&id=15541 HTTP/1.1" 200 355
10.0.0.98 - - [29/Jun/2017:16:32:05 +0700] "GET /search/?phone=89085987159 HTTP/1.1" 200 1338
10.0.0.85 - - [29/Jun/2017:16:32:13 +0700] "GET /search/?phone=89021619827 HTTP/1.1" 200 2447
10.0.0.85 - - [29/Jun/2017:16:32:25 +0700] "GET /search/?phone=89021662360 HTTP/1.1" 200 2419
10.0.0.57 - - [29/Jun/2017:16:32:36 +0700] "GET /all/prodam/zemelnye_uchastki/new/?action=done&id=8744 HTTP/1.1" 200 356
10.0.0.85 - - [29/Jun/2017:16:32:37 +0700] "GET /search/?phone=89021619827 HTTP/1.1" 200 2447
10.0.0.85 - - [29/Jun/2017:16:32:45 +0700] "GET /plan/operator2/2017-06-29/ HTTP/1.1" 200 3108
10.0.0.85 - - [29/Jun/2017:16:32:45 +0700] "GET /favicon.ico HTTP/1.1" 200 13684
10.0.0.85 - - [29/Jun/2017:16:32:47 +0700] "GET /plan/operator2/2017-06-29/ HTTP/1.1" 200 3106
10.0.0.85 - - [29/Jun/2017:16:32:47 +0700] "GET /favicon.ico HTTP/1.1" 200 13684
10.0.0.85 - - [29/Jun/2017:16:33:21 +0700] "GET /search/?phone=89021619827 HTTP/1.1" 200 2447
10.0.0.85 - - [29/Jun/2017:16:33:33 +0700] "GET /search/?phone=89025629266 HTTP/1.1" 200 2786
10.0.0.85 - - [29/Jun/2017:16:33:47 +0700] "GET /search/?phone=89140580516 HTTP/1.1" 200 2339
10.0.0.85 - - [29/Jun/2017:16:33:53 +0700] "GET /search/?action=done&id=2106 HTTP/1.1" 200 356
10.0.0.57 - - [29/Jun/2017:16:34:14 +0700] "GET /all/prodam/zemelnye_uchastki/new/?action=done&id=8737 HTTP/1.1" 200 356
10.0.0.85 - - [29/Jun/2017:16:34:17 +0700] "GET /search/?phone=89085945539 HTTP/1.1" 200 2509
10.0.0.85 - - [29/Jun/2017:16:34:29 +0700] "GET /search/?phone=89243929555 HTTP/1.1" 200 2115
10.0.0.85 - - [29/Jun/2017:16:34:45 +0700] "GET /search/?phone=89085945539 HTTP/1.1" 200 2509
10.0.0.85 - - [29/Jun/2017:16:35:00 +0700] "GET /search/?phone=89833325490 HTTP/1.1" 200 2208
10.0.0.85 - - [29/Jun/2017:16:35:13 +0700] "GET /search/?phone=89021663900 HTTP/1.1" 200 2467
10.0.0.85 - - [29/Jun/2017:16:35:43 +0700] "GET /search/?phone=89834231016 HTTP/1.1" 200 2413
10.0.0.85 - - [29/Jun/2017:16:35:46 +0700] "GET /search/?action=done&id=7996 HTTP/1.1" 200 355
10.0.0.85 - - [29/Jun/2017:16:36:05 +0700] "GET /search/?phone=89833325490 HTTP/1.1" 200 2208
10.0.0.85 - - [29/Jun/2017:16:36:17 +0700] "GET /search/?phone=89294701666 HTTP/1.1" 200 3229
10.0.0.85 - - [29/Jun/2017:16:36:26 +0700] "GET /search/?action=done&id=15366 HTTP/1.1" 200 356
10.0.0.85 - - [29/Jun/2017:16:36:37 +0700] "GET /search/?phone=89246752008 HTTP/1.1" 200 2651
10.0.0.57 - - [29/Jun/2017:16:36:42 +0700] "GET /all/prodam/zemelnye_uchastki/new/?action=done&id=8728 HTTP/1.1" 200 356
10.0.0.57 - - [29/Jun/2017:16:36:44 +0700] "GET /plan/?refresh HTTP/1.1" 302 360
10.0.0.57 - - [29/Jun/2017:16:36:45 +0700] "GET /plan/ HTTP/1.1" 200 5467
10.0.0.85 - - [29/Jun/2017:16:37:05 +0700] "GET /search/?phone=89246514620 HTTP/1.1" 200 2443
10.0.0.85 - - [29/Jun/2017:16:37:14 +0700] "GET /search/?phone=89835344334 HTTP/1.1" 200 2489
10.0.0.98 - - [29/Jun/2017:16:37:28 +0700] "GET /search/?phone=89149836010 HTTP/1.1" 200 1338
10.0.0.85 - - [29/Jun/2017:16:37:28 +0700] "GET /search/?phone=89246514620 HTTP/1.1" 200 2443
10.0.0.57 - - [29/Jun/2017:16:37:37 +0700] "GET /all/prodam/zemelnye_uchastki/new/?p=17 HTTP/1.1" 200 16076
10.0.0.85 - - [29/Jun/2017:16:37:43 +0700] "GET /search/?phone=89146372884 HTTP/1.1" 200 2585
10.0.0.85 - - [29/Jun/2017:16:38:02 +0700] "GET /search/?action=done&id=15340 HTTP/1.1" 200 356
10.0.0.85 - - [29/Jun/2017:16:38:25 +0700] "GET /search/?phone=89021696603 HTTP/1.1" 200 2898
10.0.0.85 - - [29/Jun/2017:16:38:30 +0700] "GET /search/?action=done&id=15294 HTTP/1.1" 200 356
10.0.0.85 - - [29/Jun/2017:16:38:33 +0700] "GET /plan/operator2/2017-06-29/ HTTP/1.1" 200 3124
10.0.0.85 - - [29/Jun/2017:16:38:33 +0700] "GET /favicon.ico HTTP/1.1" 200 13684
10.0.0.85 - - [29/Jun/2017:16:38:56 +0700] "GET /search/?phone=89836381888 HTTP/1.1" 200 2453
10.0.0.85 - - [29/Jun/2017:16:38:59 +0700] "GET /search/?action=done&id=15292 HTTP/1.1" 200 355
10.0.0.85 - - [29/Jun/2017:16:39:10 +0700] "GET /search/?phone=89503920558 HTTP/1.1" 200 2499
10.0.0.85 - - [29/Jun/2017:16:39:12 +0700] "GET /search/?action=done&id=15276 HTTP/1.1" 200 355
10.0.0.85 - - [29/Jun/2017:16:39:31 +0700] "GET /search/?phone=89243976487 HTTP/1.1" 200 2661
10.0.0.85 - - [29/Jun/2017:16:39:36 +0700] "GET /search/?action=done&id=15234 HTTP/1.1" 200 356
10.0.0.1 - - [29/Jun/2017:16:39:39 +0700] "GET /all/prodam/doma_dachi_kottedzhi/new/?action=done&id=8112 HTTP/1.0" 200 356
10.0.0.85 - - [29/Jun/2017:16:40:13 +0700] "GET /search/?phone=89676204050 HTTP/1.1" 200 2597
10.0.0.85 - - [29/Jun/2017:16:40:20 +0700] "GET /search/?action=done&id=15182 HTTP/1.1" 200 356
10.0.0.85 - - [29/Jun/2017:16:40:44 +0700] "GET /search/?phone=89503853149 HTTP/1.1" 200 2716
10.0.0.57 - - [29/Jun/2017:16:41:23 +0700] "GET /all/prodam/zemelnye_uchastki/new/?action=done&id=8567 HTTP/1.1" 200 356
10.0.0.1 - - [29/Jun/2017:16:42:25 +0700] "GET /all/prodam/zemelnye_uchastki/new/?action=done&id=15746 HTTP/1.0" 200 356
10.0.0.1 - - [29/Jun/2017:16:42:32 +0700] "GET /plan/?refresh HTTP/1.0" 302 361
10.0.0.1 - - [29/Jun/2017:16:42:33 +0700] "GET /plan/ HTTP/1.0" 200 5460
10.0.0.57 - - [29/Jun/2017:16:42:35 +0700] "GET /plan/?refresh HTTP/1.1" 302 361
10.0.0.57 - - [29/Jun/2017:16:42:36 +0700] "GET /plan/ HTTP/1.1" 200 5459
10.0.0.57 - - [29/Jun/2017:16:42:37 +0700] "GET /plan/?refresh HTTP/1.1" 302 360
10.0.0.57 - - [29/Jun/2017:16:42:37 +0700] "GET /plan/ HTTP/1.1" 200 5459
10.0.0.57 - - [29/Jun/2017:16:50:13 +0700] "GET /all/prodam/zemelnye_uchastki/new/?action=done&id=8539 HTTP/1.1" 200 356
10.0.0.85 - - [29/Jun/2017:16:51:10 +0700] "GET /plan/operator2/2017-06-29/ HTTP/1.1" 200 3125
10.0.0.85 - - [29/Jun/2017:16:51:10 +0700] "GET /favicon.ico HTTP/1.1" 200 13684
10.0.0.85 - - [29/Jun/2017:16:51:35 +0700] "GET /search/?phone=89834350788 HTTP/1.1" 200 2726
10.0.0.85 - - [29/Jun/2017:16:51:48 +0700] "GET /search/?action=done&id=15148 HTTP/1.1" 200 356
10.0.0.1 - - [29/Jun/2017:16:52:12 +0700] "GET /all/prodam/doma_dachi_kottedzhi/new/?action=done&id=8111 HTTP/1.0" 200 356
10.0.0.85 - - [29/Jun/2017:16:52:37 +0700] "GET /search/?phone=89021676728 HTTP/1.1" 200 2890
10.0.0.85 - - [29/Jun/2017:16:53:08 +0700] "GET /all/prodam/doma_dachi_kottedzhi/checked/?date_from=2017-06-26+00%3A00%3A00&date_to=2017-06-29+23%3A00%3A00 HTTP/1.1" 200 20480
10.0.0.1 - - [29/Jun/2017:16:53:15 +0700] "GET /all/prodam/zemelnye_uchastki/new/?action=done&id=15744 HTTP/1.0" 200 356
10.0.0.1 - - [29/Jun/2017:16:53:22 +0700] "GET /plan/?refresh HTTP/1.0" 302 361
10.0.0.1 - - [29/Jun/2017:16:53:23 +0700] "GET /plan/ HTTP/1.0" 200 5464
10.0.0.57 - - [29/Jun/2017:16:53:24 +0700] "GET /all/prodam/zemelnye_uchastki/new/?action=done&id=8440 HTTP/1.1" 200 356
10.0.0.1 - - [29/Jun/2017:16:55:26 +0700] "POST /all/prodam/doma_dachi_kottedzhi/new/ HTTP/1.0" 200 356
10.0.0.1 - - [29/Jun/2017:16:55:44 +0700] "GET /all/prodam/doma_dachi_kottedzhi/new/?p=28 HTTP/1.0" 200 28384
10.0.0.1 - - [29/Jun/2017:16:55:45 +0700] "GET /plan/?refresh HTTP/1.0" 302 360
10.0.0.1 - - [29/Jun/2017:16:55:46 +0700] "GET /plan/ HTTP/1.0" 200 5463
10.0.0.57 - - [29/Jun/2017:16:57:03 +0700] "GET /all/prodam/zemelnye_uchastki/new/?action=done&id=8392 HTTP/1.1" 200 356
10.0.0.57 - - [29/Jun/2017:16:57:07 +0700] "GET /plan/?refresh HTTP/1.1" 302 360
10.0.0.57 - - [29/Jun/2017:16:57:08 +0700] "GET /plan/ HTTP/1.1" 200 5460
10.0.0.1 - - [29/Jun/2017:17:01:43 +0700] "GET /all/prodam/doma_dachi_kottedzhi/new/?action=done&id=8095 HTTP/1.0" 200 356
10.0.0.1 - - [29/Jun/2017:17:01:45 +0700] "GET /plan/?refresh HTTP/1.0" 302 360
10.0.0.1 - - [29/Jun/2017:17:01:46 +0700] "GET /plan/ HTTP/1.0" 200 5472
10.0.0.1 - - [29/Jun/2017:17:01:47 +0700] "GET /plan/?refresh HTTP/1.0" 302 360
10.0.0.1 - - [29/Jun/2017:17:01:48 +0700] "GET /plan/ HTTP/1.0" 200 5473
10.0.0.85 - - [29/Jun/2017:17:03:12 +0700] "GET /plan/operator2/2017-06-29/ HTTP/1.1" 200 3124
10.0.0.85 - - [29/Jun/2017:17:03:12 +0700] "GET /favicon.ico HTTP/1.1" 200 13684
10.0.0.98 - - [29/Jun/2017:17:03:31 +0700] "GET /search/?phone=89021646265 HTTP/1.1" 200 1339
10.0.0.85 - - [29/Jun/2017:17:03:37 +0700] "GET /all/prodam/doma_dachi_kottedzhi/checked/?date_from=2017-06-28+00%3A00%3A00&date_to=2017-06-29+23%3A00%3A00 HTTP/1.1" 200 18121
10.0.0.85 - - [29/Jun/2017:17:03:57 +0700] "GET /search/?phone=89244568078 HTTP/1.1" 200 3408
10.0.0.85 - - [29/Jun/2017:17:04:12 +0700] "GET /search/?phone=89244534335 HTTP/1.1" 200 3064
10.0.0.85 - - [29/Jun/2017:17:04:22 +0700] "GET /search/?phone=89644093742 HTTP/1.1" 200 2866
10.0.0.85 - - [29/Jun/2017:17:04:35 +0700] "GET /search/?phone=89644093742 HTTP/1.1" 200 2866
10.0.0.85 - - [29/Jun/2017:17:04:48 +0700] "GET /search/?phone=89246506412 HTTP/1.1" 200 2535
10.0.0.85 - - [29/Jun/2017:17:05:09 +0700] "GET /search/?phone=89021604244 HTTP/1.1" 200 3727
10.0.0.85 - - [29/Jun/2017:17:05:21 +0700] "GET /search/?phone=89244560211 HTTP/1.1" 200 2556
10.0.0.85 - - [29/Jun/2017:17:05:27 +0700] "GET /search/?action=done&id=15269 HTTP/1.1" 200 356
10.0.0.85 - - [29/Jun/2017:17:05:43 +0700] "GET /search/?phone=89244568078 HTTP/1.1" 200 3408
10.0.0.85 - - [29/Jun/2017:17:05:57 +0700] "GET /search/?phone=89244534335 HTTP/1.1" 200 3064
10.0.0.85 - - [29/Jun/2017:17:06:10 +0700] "GET /search/?phone=89025634501 HTTP/1.1" 200 3296
10.0.0.1 - - [29/Jun/2017:17:06:33 +0700] "POST /all/prodam/doma_dachi_kottedzhi/new/ HTTP/1.0" 200 356
10.0.0.85 - - [29/Jun/2017:17:06:34 +0700] "GET /search/?phone=89025634501 HTTP/1.1" 200 3296
10.0.0.85 - - [29/Jun/2017:17:06:36 +0700] "GET /search/?phone=89025634501 HTTP/1.1" 200 3295
10.0.0.85 - - [29/Jun/2017:17:06:53 +0700] "GET /search/?phone=89246506412 HTTP/1.1" 200 2535
10.0.0.85 - - [29/Jun/2017:17:07:19 +0700] "GET /search/?phone=89644093742 HTTP/1.1" 200 2866
10.0.0.85 - - [29/Jun/2017:17:07:36 +0700] "GET /search/?phone=89021604244 HTTP/1.1" 200 3727
10.0.0.85 - - [29/Jun/2017:17:07:51 +0700] "GET /search/?phone=89244560211 HTTP/1.1" 200 2517
10.0.0.85 - - [29/Jun/2017:17:08:01 +0700] "GET /search/?phone=89148469399 HTTP/1.1" 200 3369
10.0.0.85 - - [29/Jun/2017:17:08:19 +0700] "GET /search/?phone=89021619827 HTTP/1.1" 200 2447
10.0.0.85 - - [29/Jun/2017:17:08:37 +0700] "GET /search/?phone=8902161982789021662360 HTTP/1.1" 200 1401
10.0.0.85 - - [29/Jun/2017:17:08:43 +0700] "GET /search/?phone=89021662360 HTTP/1.1" 200 2419
10.0.0.85 - - [29/Jun/2017:17:08:57 +0700] "GET /search/?phone=89021619827 HTTP/1.1" 200 2447
10.0.0.85 - - [29/Jun/2017:17:09:13 +0700] "GET /search/?phone=89025629266 HTTP/1.1" 200 2786
10.0.0.85 - - [29/Jun/2017:17:09:23 +0700] "GET /search/?phone=89140580516 HTTP/1.1" 200 2306
10.0.0.85 - - [29/Jun/2017:17:09:38 +0700] "GET /search/?phone=89140580516 HTTP/1.1" 200 2306
10.0.0.98 - - [29/Jun/2017:17:09:56 +0700] "GET /search/?phone=89025620701 HTTP/1.1" 200 1338
10.0.0.85 - - [29/Jun/2017:17:10:14 +0700] "GET /search/?phone=89243929555 HTTP/1.1" 200 2115
10.0.0.1 - - [29/Jun/2017:17:10:46 +0700] "GET /all/prodam/doma_dachi_kottedzhi/new/?action=done&id=8091 HTTP/1.0" 200 356
10.0.0.85 - - [29/Jun/2017:17:10:54 +0700] "GET /search/?phone=89833325490 HTTP/1.1" 200 2208
10.0.0.85 - - [29/Jun/2017:17:11:10 +0700] "GET /search/?phone=89021663900 HTTP/1.1" 200 2467
10.0.0.85 - - [29/Jun/2017:17:11:19 +0700] "GET /search/?phone=89834231016 HTTP/1.1" 200 2381
10.0.0.85 - - [29/Jun/2017:17:11:35 +0700] "GET /plan/operator2/2017-06-29/ HTTP/1.1" 200 3124
10.0.0.85 - - [29/Jun/2017:17:11:35 +0700] "GET /favicon.ico HTTP/1.1" 200 13684
10.0.0.85 - - [29/Jun/2017:17:12:18 +0700] "GET /search/?phone=89503920558 HTTP/1.1" 200 2464
10.0.0.85 - - [29/Jun/2017:17:12:28 +0700] "GET /search/?phone=89836381888 HTTP/1.1" 200 2419
10.0.0.98 - - [29/Jun/2017:17:12:32 +0700] "GET /search/?phone=89996389640 HTTP/1.1" 200 2382
10.0.0.85 - - [29/Jun/2017:17:12:36 +0700] "GET /search/?phone=89146372884 HTTP/1.1" 200 2555
10.0.0.85 - - [29/Jun/2017:17:12:39 +0700] "GET /search/?phone=89146372884 HTTP/1.1" 200 2554
10.0.0.85 - - [29/Jun/2017:17:12:50 +0700] "GET /search/?phone=89835344334 HTTP/1.1" 200 2489
10.0.0.85 - - [29/Jun/2017:17:13:06 +0700] "GET /all/prodam/doma_dachi_kottedzhi/new/ HTTP/1.1" 200 20658
10.0.0.85 - - [29/Jun/2017:17:13:11 +0700] "GET /all/prodam/doma_dachi_kottedzhi/new/?p=62 HTTP/1.1" 200 10947
10.0.0.98 - - [29/Jun/2017:17:13:12 +0700] "GET /search/?phone=89246542923 HTTP/1.1" 200 1339
10.0.0.1 - - [29/Jun/2017:17:14:05 +0700] "GET /all/prodam/zemelnye_uchastki/new/?action=done&id=15501 HTTP/1.0" 200 356
10.0.0.85 - - [29/Jun/2017:17:14:20 +0700] "GET /all/prodam/doma_dachi_kottedzhi/new/?p=61 HTTP/1.1" 200 29080
10.0.0.1 - - [29/Jun/2017:17:14:23 +0700] "GET /plan/?refresh HTTP/1.0" 302 361
10.0.0.1 - - [29/Jun/2017:17:14:23 +0700] "GET /plan/ HTTP/1.0" 200 5462
10.0.0.1 - - [29/Jun/2017:17:14:53 +0700] "GET /all/prodam/zemelnye_uchastki/new/?action=done&id=15472 HTTP/1.0" 200 356
10.0.0.1 - - [29/Jun/2017:17:16:19 +0700] "GET /all/prodam/zemelnye_uchastki/new/?action=done&id=15398 HTTP/1.0" 200 356
10.0.0.85 - - [29/Jun/2017:17:19:16 +0700] "GET /all/prodam/doma_dachi_kottedzhi/new/?action=done&id=1600 HTTP/1.1" 200 356
10.0.0.1 - - [29/Jun/2017:17:19:51 +0700] "GET /all/prodam/doma_dachi_kottedzhi/new/?action=done&id=8084 HTTP/1.0" 200 356
10.0.0.1 - - [29/Jun/2017:17:19:57 +0700] "GET /plan/?refresh HTTP/1.0" 302 361
10.0.0.1 - - [29/Jun/2017:17:19:58 +0700] "GET /plan/ HTTP/1.0" 200 5461
10.0.0.1 - - [29/Jun/2017:17:20:57 +0700] "POST /all/prodam/zemelnye_uchastki/new/ HTTP/1.0" 200 356
10.0.0.1 - - [29/Jun/2017:17:22:49 +0700] "POST /all/prodam/zemelnye_uchastki/new/ HTTP/1.0" 200 356
10.0.0.1 - - [29/Jun/2017:17:24:21 +0700] "POST /all/prodam/zemelnye_uchastki/new/ HTTP/1.0" 200 356
10.0.0.1 - - [29/Jun/2017:17:25:07 +0700] "POST /all/prodam/doma_dachi_kottedzhi/new/ HTTP/1.0" 200 356
10.0.0.85 - - [29/Jun/2017:17:26:11 +0700] "GET /all/prodam/doma_dachi_kottedzhi/new/?action=done&id=1598 HTTP/1.1" 200 356
10.0.0.1 - - [29/Jun/2017:17:27:35 +0700] "POST /all/prodam/doma_dachi_kottedzhi/new/ HTTP/1.0" 200 356
10.0.0.85 - - [29/Jun/2017:17:28:36 +0700] "POST /all/prodam/doma_dachi_kottedzhi/new/ HTTP/1.1" 200 356
10.0.0.1 - - [29/Jun/2017:17:29:24 +0700] "POST /all/prodam/doma_dachi_kottedzhi/new/ HTTP/1.0" 200 356
10.0.0.1 - - [29/Jun/2017:17:29:50 +0700] "GET /all/prodam/doma_dachi_kottedzhi/new/?action=done&id=8022 HTTP/1.0" 200 356
10.0.0.1 - - [29/Jun/2017:17:31:37 +0700] "POST /all/prodam/doma_dachi_kottedzhi/new/ HTTP/1.0" 200 356
10.0.0.1 - - [29/Jun/2017:17:34:18 +0700] "POST /all/prodam/doma_dachi_kottedzhi/new/ HTTP/1.0" 200 356
10.0.0.1 - - [29/Jun/2017:17:36:37 +0700] "POST /all/prodam/zemelnye_uchastki/new/ HTTP/1.0" 200 356
10.0.0.1 - - [29/Jun/2017:17:36:37 +0700] "GET /all/prodam/zemelnye_uchastki/new/?action=done&id=15251 HTTP/1.0" 200 355
10.0.0.1 - - [29/Jun/2017:17:36:57 +0700] "GET /all/prodam/doma_dachi_kottedzhi/new/?action=done&id=7980 HTTP/1.0" 200 356
10.0.0.1 - - [29/Jun/2017:17:36:57 +0700] "GET /all/prodam/zemelnye_uchastki/new/?action=done&id=15229 HTTP/1.0" 200 355
10.0.0.1 - - [29/Jun/2017:17:36:59 +0700] "GET /plan/?refresh HTTP/1.0" 302 360
10.0.0.1 - - [29/Jun/2017:17:37:00 +0700] "GET /plan/ HTTP/1.0" 200 5460
10.0.0.1 - - [29/Jun/2017:17:37:01 +0700] "GET /plan/?refresh HTTP/1.0" 302 360
10.0.0.1 - - [29/Jun/2017:17:37:02 +0700] "GET /plan/ HTTP/1.0" 200 5459
10.0.0.1 - - [29/Jun/2017:17:37:10 +0700] "GET /plan/?refresh HTTP/1.0" 302 361
10.0.0.1 - - [29/Jun/2017:17:37:10 +0700] "GET /plan/ HTTP/1.0" 200 5459
10.0.0.85 - - [29/Jun/2017:17:37:45 +0700] "GET /all/prodam/doma_dachi_kottedzhi/new/?action=done&id=1592 HTTP/1.1" 200 356
10.0.0.1 - - [29/Jun/2017:17:38:24 +0700] "POST /all/prodam/doma_dachi_kottedzhi/new/ HTTP/1.0" 200 356
10.0.0.1 - - [29/Jun/2017:17:38:41 +0700] "GET /all/prodam/doma_dachi_kottedzhi/new/?action=done&id=7975 HTTP/1.0" 200 356
10.0.0.1 - - [29/Jun/2017:17:40:12 +0700] "POST /all/prodam/zemelnye_uchastki/new/ HTTP/1.0" 200 356
10.0.0.1 - - [29/Jun/2017:17:41:59 +0700] "GET /all/prodam/doma_dachi_kottedzhi/new/?action=done&id=7968 HTTP/1.0" 200 356
10.0.0.1 - - [29/Jun/2017:17:42:08 +0700] "GET /plan/?refresh HTTP/1.0" 302 361
10.0.0.1 - - [29/Jun/2017:17:42:09 +0700] "GET /plan/ HTTP/1.0" 200 5470
10.0.0.85 - - [29/Jun/2017:17:42:22 +0700] "GET /all/prodam/doma_dachi_kottedzhi/new/?action=done&id=1591 HTTP/1.1" 200 356
10.0.0.85 - - [29/Jun/2017:17:42:40 +0700] "GET /all/prodam/doma_dachi_kottedzhi/new/?action=done&id=1589 HTTP/1.1" 200 356
10.0.0.1 - - [29/Jun/2017:17:42:41 +0700] "GET /all/prodam/doma_dachi_kottedzhi/new/?action=done&id=7963 HTTP/1.0" 200 356
10.0.0.1 - - [29/Jun/2017:17:46:27 +0700] "GET /all/prodam/zemelnye_uchastki/new/?action=done&id=15117 HTTP/1.0" 200 356
10.0.0.1 - - [29/Jun/2017:17:46:39 +0700] "GET /plan/?refresh HTTP/1.0" 302 361
10.0.0.1 - - [29/Jun/2017:17:46:39 +0700] "GET /plan/ HTTP/1.0" 200 5467
10.0.0.85 - - [29/Jun/2017:17:50:37 +0700] "GET /all/prodam/doma_dachi_kottedzhi/new/?action=done&id=1587 HTTP/1.1" 200 356
10.0.0.85 - - [29/Jun/2017:17:51:03 +0700] "GET /plan/operator2/2017-06-29/ HTTP/1.1" 200 3166
10.0.0.85 - - [29/Jun/2017:17:51:04 +0700] "GET /favicon.ico HTTP/1.1" 200 13684
10.0.0.85 - - [29/Jun/2017:17:51:55 +0700] "-" 408 0
10.0.0.1 - - [29/Jun/2017:17:52:25 +0700] "GET /all/prodam/doma_dachi_kottedzhi/new/?action=done&id=7926 HTTP/1.0" 200 356
10.0.0.85 - - [29/Jun/2017:17:55:13 +0700] "GET /all/prodam/doma_dachi_kottedzhi/new/?action=done&id=1585 HTTP/1.1" 200 356
10.0.0.1 - - [29/Jun/2017:17:55:47 +0700] "GET /all/prodam/doma_dachi_kottedzhi/new/?action=done&id=7921 HTTP/1.0" 200 356
10.0.0.85 - - [29/Jun/2017:17:55:56 +0700] "POST /all/prodam/doma_dachi_kottedzhi/new/ HTTP/1.1" 200 356
10.0.0.1 - - [29/Jun/2017:17:56:10 +0700] "GET /plan/?refresh HTTP/1.0" 302 361
10.0.0.1 - - [29/Jun/2017:17:56:11 +0700] "GET /plan/ HTTP/1.0" 200 5478
10.0.0.1 - - [29/Jun/2017:17:59:09 +0700] "GET /all/prodam/zemelnye_uchastki/new/?action=done&id=15115 HTTP/1.0" 200 356
10.0.0.1 - - [29/Jun/2017:17:59:17 +0700] "GET /plan/?refresh HTTP/1.0" 302 361
10.0.0.1 - - [29/Jun/2017:17:59:17 +0700] "GET /plan/ HTTP/1.0" 200 5479
10.0.0.1 - - [29/Jun/2017:18:01:04 +0700] "POST /all/prodam/zemelnye_uchastki/new/ HTTP/1.0" 200 356
10.0.0.1 - - [29/Jun/2017:18:02:31 +0700] "POST /all/prodam/zemelnye_uchastki/new/ HTTP/1.0" 200 356
10.0.0.85 - - [29/Jun/2017:18:03:32 +0700] "GET /all/prodam/doma_dachi_kottedzhi/new/?action=done&id=1582 HTTP/1.1" 200 356
10.0.0.85 - - [29/Jun/2017:18:03:35 +0700] "GET /plan/operator2/2017-06-29/ HTTP/1.1" 200 3154
10.0.0.85 - - [29/Jun/2017:18:03:35 +0700] "GET /favicon.ico HTTP/1.1" 200 13684
10.0.0.85 - - [29/Jun/2017:18:04:26 +0700] "-" 408 0
10.0.0.1 - - [29/Jun/2017:18:12:32 +0700] "POST /all/prodam/zemelnye_uchastki/new/ HTTP/1.0" 200 356
10.0.0.1 - - [29/Jun/2017:18:12:32 +0700] "GET /all/prodam/zemelnye_uchastki/new/?action=done&id=15113 HTTP/1.0" 200 355
10.0.0.1 - - [29/Jun/2017:18:12:36 +0700] "GET /plan/?refresh HTTP/1.0" 302 360
10.0.0.1 - - [29/Jun/2017:18:12:37 +0700] "GET /plan/ HTTP/1.0" 200 5468
10.0.0.1 - - [29/Jun/2017:18:30:41 +0700] "GET /all/prodam/zemelnye_uchastki/new/?action=done&id=15043 HTTP/1.0" 200 356
10.0.0.1 - - [29/Jun/2017:18:32:47 +0700] "GET /plan/?refresh HTTP/1.0" 302 361
10.0.0.1 - - [29/Jun/2017:18:32:47 +0700] "GET /plan/ HTTP/1.0" 200 5468
10.0.0.1 - - [29/Jun/2017:18:44:06 +0700] "GET /all/prodam/zemelnye_uchastki/new/?action=done&id=15024 HTTP/1.0" 200 356
10.0.0.1 - - [29/Jun/2017:18:44:12 +0700] "GET /plan/?refresh HTTP/1.0" 302 361
10.0.0.1 - - [29/Jun/2017:18:44:12 +0700] "GET /plan/ HTTP/1.0" 200 5466
10.0.0.1 - - [29/Jun/2017:18:51:19 +0700] "POST /all/prodam/zemelnye_uchastki/new/ HTTP/1.0" 200 356
10.0.0.1 - - [29/Jun/2017:18:51:32 +0700] "GET /all/prodam/zemelnye_uchastki/new/?action=done&id=14973 HTTP/1.0" 200 356
10.0.0.1 - - [29/Jun/2017:18:54:38 +0700] "POST /all/prodam/zemelnye_uchastki/new/ HTTP/1.0" 200 356
10.0.0.1 - - [29/Jun/2017:18:54:55 +0700] "GET /all/prodam/zemelnye_uchastki/new/?action=done&id=14923 HTTP/1.0" 200 356
10.0.0.1 - - [29/Jun/2017:18:55:02 +0700] "GET /plan/?refresh HTTP/1.0" 302 361
10.0.0.1 - - [29/Jun/2017:18:55:02 +0700] "GET /plan/ HTTP/1.0" 200 5465
10.0.0.1 - - [29/Jun/2017:18:55:07 +0700] "GET /plan/?refresh HTTP/1.0" 302 360
10.0.0.1 - - [29/Jun/2017:18:55:07 +0700] "GET /plan/ HTTP/1.0" 200 5465
10.0.0.1 - - [29/Jun/2017:18:59:05 +0700] "GET /all/prodam/zemelnye_uchastki/new/?p=2 HTTP/1.0" 200 17299
10.0.0.1 - - [29/Jun/2017:19:05:26 +0700] "GET /all/prodam/zemelnye_uchastki/new/?action=done&id=14704 HTTP/1.0" 200 356
10.0.0.1 - - [29/Jun/2017:19:05:31 +0700] "GET /plan/?refresh HTTP/1.0" 302 361
10.0.0.1 - - [29/Jun/2017:19:05:32 +0700] "GET /plan/ HTTP/1.0" 200 5468
10.0.0.1 - - [29/Jun/2017:19:05:34 +0700] "GET /plan/?refresh HTTP/1.0" 302 360
10.0.0.1 - - [29/Jun/2017:19:05:35 +0700] "GET /plan/ HTTP/1.0" 200 5467
10.0.0.1 - - [29/Jun/2017:19:12:44 +0700] "GET /all/prodam/zemelnye_uchastki/new/?action=done&id=14697 HTTP/1.0" 200 356
10.0.0.1 - - [29/Jun/2017:19:12:48 +0700] "GET /plan/?refresh HTTP/1.0" 302 360
10.0.0.1 - - [29/Jun/2017:19:12:48 +0700] "GET /plan/ HTTP/1.0" 200 5456
10.0.0.1 - - [29/Jun/2017:19:27:12 +0700] "POST /all/prodam/zemelnye_uchastki/new/ HTTP/1.0" 200 356
10.0.0.1 - - [29/Jun/2017:19:28:31 +0700] "POST /all/prodam/zemelnye_uchastki/new/ HTTP/1.0" 200 356
10.0.0.1 - - [29/Jun/2017:19:30:43 +0700] "POST /all/prodam/zemelnye_uchastki/new/ HTTP/1.0" 200 356
10.0.0.1 - - [29/Jun/2017:19:45:27 +0700] "GET /plan/?refresh HTTP/1.0" 302 361
10.0.0.1 - - [29/Jun/2017:19:45:28 +0700] "GET /plan/ HTTP/1.0" 200 5470
10.0.0.1 - - [29/Jun/2017:19:45:49 +0700] "GET /all/prodam/zemelnye_uchastki/new/?action=done&id=14680 HTTP/1.0" 200 356
10.0.0.1 - - [29/Jun/2017:19:57:33 +0700] "GET /plan/?refresh HTTP/1.0" 302 361
10.0.0.1 - - [29/Jun/2017:19:57:33 +0700] "GET /plan/ HTTP/1.0" 200 5470
10.0.0.1 - - [29/Jun/2017:19:57:47 +0700] "GET /all/prodam/zemelnye_uchastki/new/?action=done&id=14626 HTTP/1.0" 200 356
10.0.0.1 - - [29/Jun/2017:19:58:27 +0700] "GET /all/prodam/zemelnye_uchastki/new/?action=done&id=14606 HTTP/1.0" 200 356
10.0.0.1 - - [29/Jun/2017:20:06:20 +0700] "GET /all/prodam/zemelnye_uchastki/new/?action=done&id=14570 HTTP/1.0" 200 356
10.0.0.1 - - [29/Jun/2017:20:06:23 +0700] "GET /plan/?refresh HTTP/1.0" 302 360
10.0.0.1 - - [29/Jun/2017:20:06:24 +0700] "GET /plan/ HTTP/1.0" 200 5472
10.0.0.1 - - [29/Jun/2017:20:18:40 +0700] "GET /all/prodam/zemelnye_uchastki/new/?action=done&id=14567 HTTP/1.0" 200 356
10.0.0.1 - - [29/Jun/2017:20:19:04 +0700] "GET /plan/?date_begin=2017-06-16&date_end=2017-06-29 HTTP/1.0" 200 5473
10.0.0.1 - - [29/Jun/2017:20:19:11 +0700] "GET /plan/?refresh HTTP/1.0" 302 361
10.0.0.1 - - [29/Jun/2017:20:19:12 +0700] "GET /plan/ HTTP/1.0" 200 5472
10.0.0.1 - - [29/Jun/2017:20:20:09 +0700] "GET /all/prodam/zemelnye_uchastki/new/?action=done&id=14544 HTTP/1.0" 200 356
10.0.0.1 - - [29/Jun/2017:20:23:26 +0700] "POST /all/prodam/zemelnye_uchastki/new/ HTTP/1.0" 200 356
10.0.0.1 - - [29/Jun/2017:20:24:10 +0700] "POST /all/prodam/zemelnye_uchastki/new/ HTTP/1.0" 200 356
10.0.0.1 - - [29/Jun/2017:20:26:52 +0700] "POST /all/prodam/zemelnye_uchastki/new/ HTTP/1.0" 200 356
10.0.0.1 - - [29/Jun/2017:20:32:24 +0700] "POST /all/prodam/zemelnye_uchastki/new/ HTTP/1.0" 200 356
10.0.0.1 - - [29/Jun/2017:20:32:52 +0700] "POST /all/prodam/zemelnye_uchastki/new/ HTTP/1.0" 200 356
10.0.0.1 - - [29/Jun/2017:20:37:24 +0700] "GET /all/prodam/zemelnye_uchastki/new/?action=done&id=14515 HTTP/1.0" 200 356
10.0.0.1 - - [29/Jun/2017:20:37:28 +0700] "GET /plan/?refresh HTTP/1.0" 302 360
10.0.0.1 - - [29/Jun/2017:20:37:29 +0700] "GET /plan/ HTTP/1.0" 200 5478
10.0.0.1 - - [29/Jun/2017:20:37:55 +0700] "GET /all/prodam/zemelnye_uchastki/new/?action=done&id=14510 HTTP/1.0" 200 356
10.0.0.1 - - [29/Jun/2017:20:43:40 +0700] "GET /all/prodam/zemelnye_uchastki/new/?action=done&id=14468 HTTP/1.0" 200 356
10.0.0.1 - - [29/Jun/2017:20:43:43 +0700] "GET /plan/?refresh HTTP/1.0" 302 360
10.0.0.1 - - [29/Jun/2017:20:43:44 +0700] "GET /plan/ HTTP/1.0" 200 5475
10.0.0.1 - - [29/Jun/2017:20:53:07 +0700] "POST /all/prodam/zemelnye_uchastki/new/ HTTP/1.0" 200 356
10.0.0.1 - - [29/Jun/2017:20:59:58 +0700] "GET /all/prodam/zemelnye_uchastki/new/?action=done&id=14461 HTTP/1.0" 200 356
10.0.0.1 - - [29/Jun/2017:21:05:17 +0700] "GET /all/prodam/zemelnye_uchastki/new/?action=done&id=14445 HTTP/1.0" 200 356
10.0.0.1 - - [29/Jun/2017:21:05:21 +0700] "GET /plan/?refresh HTTP/1.0" 302 360
10.0.0.1 - - [29/Jun/2017:21:05:22 +0700] "GET /plan/ HTTP/1.0" 200 5475
10.0.0.1 - - [29/Jun/2017:21:12:41 +0700] "GET /all/prodam/zemelnye_uchastki/new/?action=done&id=14435 HTTP/1.0" 200 356
10.0.0.1 - - [29/Jun/2017:21:12:44 +0700] "GET /plan/?refresh HTTP/1.0" 302 360
10.0.0.1 - - [29/Jun/2017:21:12:45 +0700] "GET /plan/ HTTP/1.0" 200 5473
10.0.0.1 - - [29/Jun/2017:21:19:53 +0700] "GET /plan/?refresh HTTP/1.0" 302 361
10.0.0.1 - - [29/Jun/2017:21:19:53 +0700] "GET /plan/ HTTP/1.0" 200 5473
10.0.0.70 - - [30/Jun/2017:08:02:58 +0700] "GET /prodam/kvartiry/new/ HTTP/1.1" 200 29140
10.0.0.70 - - [30/Jun/2017:08:03:27 +0700] "GET /prodam/kvartiry/new/?rooms=2&site=&date_from=&date_to= HTTP/1.1" 200 26678
10.0.0.70 - - [30/Jun/2017:08:05:22 +0700] "GET /prodam/kvartiry/new/?action=done&id=15842-20 HTTP/1.1" 200 356
10.0.0.57 - - [30/Jun/2017:08:19:24 +0700] "GET /plan/operator3/2017-05-29/ HTTP/1.1" 200 3216
10.0.0.57 - - [30/Jun/2017:08:19:28 +0700] "GET / HTTP/1.1" 302 376
10.0.0.57 - - [30/Jun/2017:08:19:28 +0700] "GET /prodam/kvartiry/new/ HTTP/1.1" 200 29295
10.0.0.57 - - [30/Jun/2017:08:19:36 +0700] "GET /plan/operator3/2017-05-28/ HTTP/1.1" 200 2987
10.0.0.57 - - [30/Jun/2017:08:19:39 +0700] "GET /plan/ HTTP/1.1" 200 5482
10.0.0.57 - - [30/Jun/2017:08:19:41 +0700] "GET /plan/?refresh HTTP/1.1" 302 360
10.0.0.57 - - [30/Jun/2017:08:19:41 +0700] "GET /plan/ HTTP/1.1" 200 5535
10.0.0.57 - - [30/Jun/2017:08:19:52 +0700] "GET /prodam/kvartiry/new/?rooms=3-10&site=&date_from=&date_to= HTTP/1.1" 200 27806
10.0.0.57 - - [30/Jun/2017:08:26:09 +0700] "GET /prodam/kvartiry/new/?action=done&id=15833-22 HTTP/1.1" 200 356
10.0.0.57 - - [30/Jun/2017:08:26:10 +0700] "GET /plan/?refresh HTTP/1.1" 302 360
10.0.0.57 - - [30/Jun/2017:08:26:11 +0700] "GET /plan/ HTTP/1.1" 200 5556
10.0.0.70 - - [30/Jun/2017:08:26:15 +0700] "POST /prodam/kvartiry/new/ HTTP/1.1" 200 356
10.0.0.70 - - [30/Jun/2017:08:29:33 +0700] "POST /prodam/kvartiry/new/ HTTP/1.1" 200 356
10.0.0.70 - - [30/Jun/2017:08:29:34 +0700] "GET /prodam/kvartiry/new/?action=done&id=4048-21 HTTP/1.1" 200 355
10.0.0.57 - - [30/Jun/2017:08:30:35 +0700] "GET /prodam/kvartiry/new/?action=done&id=15802-22 HTTP/1.1" 200 356
10.0.0.70 - - [30/Jun/2017:08:31:34 +0700] "GET /prodam/kvartiry/new/?action=done&id=15837-20 HTTP/1.1" 200 356
10.0.0.70 - - [30/Jun/2017:08:33:49 +0700] "GET /prodam/kvartiry/new/?action=done&id=15836-20 HTTP/1.1" 200 356
10.0.0.57 - - [30/Jun/2017:08:34:12 +0700] "GET /prodam/kvartiry/new/?action=done&id=15775-24 HTTP/1.1" 200 356
10.0.0.70 - - [30/Jun/2017:08:37:47 +0700] "GET /prodam/kvartiry/new/?action=done&id=15777-20 HTTP/1.1" 200 356
10.0.0.57 - - [30/Jun/2017:08:37:53 +0700] "GET /plan/?refresh HTTP/1.1" 302 361
10.0.0.57 - - [30/Jun/2017:08:37:54 +0700] "GET /plan/ HTTP/1.1" 200 5580
10.0.0.57 - - [30/Jun/2017:08:42:20 +0700] "GET /plan/?refresh HTTP/1.1" 302 361
10.0.0.57 - - [30/Jun/2017:08:42:21 +0700] "GET /plan/ HTTP/1.1" 200 5581
10.0.0.57 - - [30/Jun/2017:08:42:22 +0700] "GET /plan/?refresh HTTP/1.1" 302 360
10.0.0.57 - - [30/Jun/2017:08:42:23 +0700] "GET /plan/ HTTP/1.1" 200 5579
10.0.0.57 - - [30/Jun/2017:08:45:39 +0700] "GET /prodam/kvartiry/new/?action=done&id=15686-33 HTTP/1.1" 200 356
10.0.0.57 - - [30/Jun/2017:08:55:08 +0700] "POST /prodam/kvartiry/new/ HTTP/1.1" 200 356
10.0.0.57 - - [30/Jun/2017:08:57:45 +0700] "POST /prodam/kvartiry/new/ HTTP/1.1" 200 356
10.0.0.57 - - [30/Jun/2017:08:58:27 +0700] "POST /prodam/kvartiry/new/ HTTP/1.1" 200 356
10.0.0.57 - - [30/Jun/2017:09:00:03 +0700] "GET /prodam/kvartiry/new/?action=done&id=15481-24 HTTP/1.1" 200 356
10.0.0.70 - - [30/Jun/2017:09:00:54 +0700] "GET /search/ HTTP/1.1" 200 1361
10.0.0.57 - - [30/Jun/2017:09:01:56 +0700] "GET /prodam/kvartiry/new/?action=done&id=15483-23 HTTP/1.1" 200 356
10.0.0.57 - - [30/Jun/2017:09:04:10 +0700] "GET /prodam/kvartiry/new/?action=done&id=15142-21 HTTP/1.1" 200 356
10.0.0.57 - - [30/Jun/2017:09:04:14 +0700] "GET /plan/?refresh HTTP/1.1" 302 360
10.0.0.57 - - [30/Jun/2017:09:04:14 +0700] "GET /plan/ HTTP/1.1" 200 5582
10.0.0.57 - - [30/Jun/2017:09:05:16 +0700] "GET /prodam/kvartiry/new/?action=done&id=15002-23 HTTP/1.1" 200 356
10.0.0.57 - - [30/Jun/2017:09:09:51 +0700] "GET /prodam/kvartiry/new/?action=done&id=14986-24 HTTP/1.1" 200 356
10.0.0.57 - - [30/Jun/2017:09:11:30 +0700] "GET /plan/?refresh HTTP/1.1" 302 361
10.0.0.57 - - [30/Jun/2017:09:11:30 +0700] "GET /plan/ HTTP/1.1" 200 5588
10.0.0.1 - - [30/Jun/2017:09:11:53 +0700] "GET /plan/ HTTP/1.0" 200 5647
10.0.0.1 - - [30/Jun/2017:09:11:53 +0700] "GET / HTTP/1.0" 302 433
10.0.0.1 - - [30/Jun/2017:09:11:53 +0700] "GET /prodam/kvartiry/new/ HTTP/1.0" 200 27876
10.0.0.1 - - [30/Jun/2017:09:12:07 +0700] "GET /prodam/kvartiry/new/?rooms=0-1&site=&date_from=&date_to= HTTP/1.0" 200 25760
10.0.0.70 - - [30/Jun/2017:09:13:53 +0700] "GET /prodam/kvartiry/ HTTP/1.1" 302 376
10.0.0.70 - - [30/Jun/2017:09:13:53 +0700] "GET /prodam/kvartiry/new/ HTTP/1.1" 200 27876
10.0.0.70 - - [30/Jun/2017:09:14:40 +0700] "GET /prodam/kvartiry/new/?rooms=2&site=&date_from=&date_to= HTTP/1.1" 200 26721
10.0.0.1 - - [30/Jun/2017:09:15:44 +0700] "GET /prodam/kvartiry/new/?action=done&id=15798-19 HTTP/1.0" 200 356
10.0.0.70 - - [30/Jun/2017:09:16:33 +0700] "GET /prodam/kvartiry/new/?action=done&id=15774-20 HTTP/1.1" 200 356
10.0.0.70 - - [30/Jun/2017:09:17:05 +0700] "POST /prodam/kvartiry/new/ HTTP/1.1" 200 356
10.0.0.70 - - [30/Jun/2017:09:18:06 +0700] "POST /prodam/kvartiry/new/ HTTP/1.1" 200 356
10.0.0.70 - - [30/Jun/2017:09:18:08 +0700] "POST /prodam/kvartiry/new/ HTTP/1.1" 200 355
10.0.0.70 - - [30/Jun/2017:09:19:21 +0700] "GET /prodam/kvartiry/new/?action=done&id=3257-20 HTTP/1.1" 200 356
10.0.0.85 - - [30/Jun/2017:09:21:22 +0700] "GET /prodam/kvartiry/new/ HTTP/1.1" 200 27889
10.0.0.85 - - [30/Jun/2017:09:21:31 +0700] "GET /prodam/doma_dachi_kottedzhi/ HTTP/1.1" 302 392
10.0.0.85 - - [30/Jun/2017:09:21:31 +0700] "GET /all/prodam/doma_dachi_kottedzhi/new/ HTTP/1.1" 200 19737
10.0.0.85 - - [30/Jun/2017:09:21:35 +0700] "GET /prodam/zemelnye_uchastki/ HTTP/1.1" 302 389
10.0.0.85 - - [30/Jun/2017:09:21:35 +0700] "GET /all/prodam/zemelnye_uchastki/new/ HTTP/1.1" 200 16641
10.0.0.85 - - [30/Jun/2017:09:21:37 +0700] "GET /prodam/doma_dachi_kottedzhi/ HTTP/1.1" 302 391
10.0.0.85 - - [30/Jun/2017:09:21:37 +0700] "GET /all/prodam/doma_dachi_kottedzhi/new/ HTTP/1.1" 200 19737
10.0.0.85 - - [30/Jun/2017:09:21:39 +0700] "GET /prodam/kvartiry/ HTTP/1.1" 302 375
10.0.0.85 - - [30/Jun/2017:09:21:39 +0700] "GET /prodam/kvartiry/new/ HTTP/1.1" 200 27830
10.0.0.70 - - [30/Jun/2017:09:21:45 +0700] "GET /prodam/kvartiry/new/?action=done&id=15719-20 HTTP/1.1" 200 356
10.0.0.57 - - [30/Jun/2017:09:22:53 +0700] "POST /prodam/kvartiry/new/ HTTP/1.1" 200 356
10.0.0.85 - - [30/Jun/2017:09:23:09 +0700] "GET /prodam/doma_dachi_kottedzhi/ HTTP/1.1" 302 392
10.0.0.85 - - [30/Jun/2017:09:23:09 +0700] "GET /all/prodam/doma_dachi_kottedzhi/new/ HTTP/1.1" 200 19737
10.0.0.85 - - [30/Jun/2017:09:23:31 +0700] "GET /all/prodam/doma_dachi_kottedzhi/new/?p=62 HTTP/1.1" 200 13185
10.0.0.85 - - [30/Jun/2017:09:23:40 +0700] "GET /search/ HTTP/1.1" 200 1361
10.0.0.85 - - [30/Jun/2017:09:23:50 +0700] "GET /plan/operator2/2017-06-26/ HTTP/1.1" 200 3228
10.0.0.85 - - [30/Jun/2017:09:23:56 +0700] "GET /plan/operator2/2017-06-30/ HTTP/1.1" 200 2989
10.0.0.85 - - [30/Jun/2017:09:24:00 +0700] "GET /plan/operator2/2017-06-29/ HTTP/1.1" 200 3161
10.0.0.70 - - [30/Jun/2017:09:24:02 +0700] "POST /prodam/kvartiry/new/ HTTP/1.1" 200 356
10.0.0.85 - - [30/Jun/2017:09:24:07 +0700] "GET /plan/operator2/2017-06-30/ HTTP/1.1" 200 2989
10.0.0.57 - - [30/Jun/2017:09:24:38 +0700] "POST /prodam/kvartiry/new/ HTTP/1.1" 200 356
10.0.0.70 - - [30/Jun/2017:09:24:44 +0700] "POST /prodam/kvartiry/new/ HTTP/1.1" 200 356
10.0.0.1 - - [30/Jun/2017:09:26:01 +0700] "POST /prodam/kvartiry/new/ HTTP/1.0" 200 356
10.0.0.57 - - [30/Jun/2017:09:26:06 +0700] "POST /prodam/kvartiry/new/ HTTP/1.1" 200 356
10.0.0.57 - - [30/Jun/2017:09:26:10 +0700] "POST /prodam/kvartiry/new/ HTTP/1.1" 200 355
10.0.0.70 - - [30/Jun/2017:09:27:51 +0700] "POST /prodam/kvartiry/new/ HTTP/1.1" 200 356
10.0.0.70 - - [30/Jun/2017:09:27:52 +0700] "GET /prodam/kvartiry/new/?action=done&id=15482-21 HTTP/1.1" 200 355
10.0.0.70 - - [30/Jun/2017:09:28:24 +0700] "POST /prodam/kvartiry/new/ HTTP/1.1" 200 356
10.0.0.1 - - [30/Jun/2017:09:28:49 +0700] "POST /prodam/kvartiry/new/ HTTP/1.0" 200 356
10.0.0.70 - - [30/Jun/2017:09:29:02 +0700] "POST /prodam/kvartiry/new/ HTTP/1.1" 200 356
10.0.0.85 - - [30/Jun/2017:09:29:25 +0700] "GET /all/prodam/doma_dachi_kottedzhi/new/?action=done&id=1530 HTTP/1.1" 200 356
10.0.0.1 - - [30/Jun/2017:09:29:50 +0700] "POST /prodam/kvartiry/new/ HTTP/1.0" 200 356
10.0.0.1 - - [30/Jun/2017:09:29:56 +0700] "POST /prodam/kvartiry/new/ HTTP/1.0" 200 356
10.0.0.1 - - [30/Jun/2017:09:29:59 +0700] "POST /prodam/kvartiry/new/ HTTP/1.0" 200 356
10.0.0.70 - - [30/Jun/2017:09:30:28 +0700] "POST /prodam/kvartiry/new/ HTTP/1.1" 200 356
10.0.0.1 - - [30/Jun/2017:09:30:35 +0700] "GET /prodam/kvartiry/new/?rooms=0-1&site=&date_from=&date_to= HTTP/1.0" 200 25809
10.0.0.1 - - [30/Jun/2017:09:30:36 +0700] "GET /js/jquery.min.js HTTP/1.0" 200 33578
10.0.0.1 - - [30/Jun/2017:09:30:36 +0700] "GET /js/datetimepicker/jquery.datetimepicker.js HTTP/1.0" 200 16413
10.0.0.1 - - [30/Jun/2017:09:30:36 +0700] "GET /js/common.js HTTP/1.0" 200 2429
10.0.0.1 - - [30/Jun/2017:09:30:36 +0700] "GET /js/datetimepicker/jquery.datetimepicker.css HTTP/1.0" 200 3526
10.0.0.1 - - [30/Jun/2017:09:30:36 +0700] "GET /css/styles.css HTTP/1.0" 200 2541
10.0.0.57 - - [30/Jun/2017:09:30:36 +0700] "POST /prodam/kvartiry/new/ HTTP/1.1" 200 356
10.0.0.1 - - [30/Jun/2017:09:30:37 +0700] "GET /favicon.ico HTTP/1.0" 200 13684
10.0.0.70 - - [30/Jun/2017:09:31:15 +0700] "POST /prodam/kvartiry/new/ HTTP/1.1" 200 356
10.0.0.70 - - [30/Jun/2017:09:31:38 +0700] "POST /prodam/kvartiry/new/ HTTP/1.1" 200 356
10.0.0.1 - - [30/Jun/2017:09:32:00 +0700] "POST /prodam/kvartiry/new/ HTTP/1.0" 200 356
10.0.0.85 - - [30/Jun/2017:09:32:13 +0700] "GET /all/prodam/doma_dachi_kottedzhi/new/?action=done&id=1529 HTTP/1.1" 200 356
10.0.0.57 - - [30/Jun/2017:09:33:41 +0700] "POST /prodam/kvartiry/new/ HTTP/1.1" 200 356
10.0.0.85 - - [30/Jun/2017:09:33:46 +0700] "POST /all/prodam/doma_dachi_kottedzhi/new/ HTTP/1.1" 200 356
10.0.0.1 - - [30/Jun/2017:09:33:57 +0700] "POST /prodam/kvartiry/new/ HTTP/1.0" 200 356
10.0.0.70 - - [30/Jun/2017:09:34:16 +0700] "POST /prodam/kvartiry/new/ HTTP/1.1" 200 356
10.0.0.70 - - [30/Jun/2017:09:34:18 +0700] "GET /prodam/kvartiry/new/?action=done&id=14438-20 HTTP/1.1" 200 355
10.0.0.1 - - [30/Jun/2017:09:35:17 +0700] "GET /plan/ HTTP/1.0" 200 5648
10.0.0.1 - - [30/Jun/2017:09:35:17 +0700] "GET /js/jquery.min.js HTTP/1.0" 200 33578
10.0.0.1 - - [30/Jun/2017:09:35:17 +0700] "GET /js/common.js HTTP/1.0" 200 2430
10.0.0.1 - - [30/Jun/2017:09:35:17 +0700] "GET /css/styles.css HTTP/1.0" 200 2542
10.0.0.1 - - [30/Jun/2017:09:35:17 +0700] "GET /js/datetimepicker/jquery.datetimepicker.css HTTP/1.0" 200 3526
10.0.0.1 - - [30/Jun/2017:09:35:17 +0700] "GET /js/datetimepicker/jquery.datetimepicker.js HTTP/1.0" 200 16413
10.0.0.85 - - [30/Jun/2017:09:36:21 +0700] "POST /all/prodam/doma_dachi_kottedzhi/new/ HTTP/1.1" 200 356
10.0.0.85 - - [30/Jun/2017:09:36:43 +0700] "GET /all/prodam/doma_dachi_kottedzhi/new/?action=done&id=1525 HTTP/1.1" 200 356
10.0.0.57 - - [30/Jun/2017:09:37:14 +0700] "POST /prodam/kvartiry/new/ HTTP/1.1" 200 356
10.0.0.70 - - [30/Jun/2017:09:37:34 +0700] "POST /prodam/kvartiry/new/ HTTP/1.1" 200 356
10.0.0.70 - - [30/Jun/2017:09:37:35 +0700] "GET /prodam/kvartiry/new/?action=done&id=151-19 HTTP/1.1" 200 355
10.0.0.85 - - [30/Jun/2017:09:38:38 +0700] "POST /all/prodam/doma_dachi_kottedzhi/new/ HTTP/1.1" 200 356
10.0.0.85 - - [30/Jun/2017:09:38:41 +0700] "POST /all/prodam/doma_dachi_kottedzhi/new/ HTTP/1.1" 200 355
10.0.0.85 - - [30/Jun/2017:09:38:51 +0700] "POST /all/prodam/doma_dachi_kottedzhi/new/ HTTP/1.1" 200 356
10.0.0.57 - - [30/Jun/2017:09:39:22 +0700] "POST /prodam/kvartiry/new/ HTTP/1.1" 200 356
10.0.0.1 - - [30/Jun/2017:09:39:28 +0700] "GET /prodam/kvartiry/new/?action=done&id=15573-17 HTTP/1.0" 200 356
10.0.0.85 - - [30/Jun/2017:09:39:59 +0700] "POST /all/prodam/doma_dachi_kottedzhi/new/ HTTP/1.1" 200 356
10.0.0.70 - - [30/Jun/2017:09:40:08 +0700] "POST /prodam/kvartiry/new/ HTTP/1.1" 200 356
10.0.0.70 - - [30/Jun/2017:09:40:09 +0700] "GET /prodam/kvartiry/new/?action=done&id=14017-21 HTTP/1.1" 200 355
10.0.0.1 - - [30/Jun/2017:09:40:36 +0700] "GET /prodam/doma_dachi_kottedzhi/ HTTP/1.0" 302 392
10.0.0.1 - - [30/Jun/2017:09:40:36 +0700] "GET /all/prodam/doma_dachi_kottedzhi/new/ HTTP/1.0" 200 19737
10.0.0.57 - - [30/Jun/2017:09:40:37 +0700] "POST /prodam/kvartiry/new/ HTTP/1.1" 200 356
10.0.0.57 - - [30/Jun/2017:09:40:38 +0700] "GET /plan/?refresh HTTP/1.1" 302 360
10.0.0.57 - - [30/Jun/2017:09:40:38 +0700] "GET /plan/ HTTP/1.1" 200 5704
10.0.0.1 - - [30/Jun/2017:09:40:40 +0700] "GET /all/prodam/doma_dachi_kottedzhi/new/?p=8 HTTP/1.0" 200 22228
10.0.0.1 - - [30/Jun/2017:09:40:42 +0700] "GET /all/prodam/doma_dachi_kottedzhi/new/?p=10 HTTP/1.0" 200 24236
10.0.0.57 - - [30/Jun/2017:09:40:49 +0700] "POST /prodam/kvartiry/new/ HTTP/1.1" 200 356
10.0.0.1 - - [30/Jun/2017:09:40:52 +0700] "GET /plan/?refresh HTTP/1.0" 302 361
10.0.0.1 - - [30/Jun/2017:09:40:53 +0700] "GET /plan/ HTTP/1.0" 200 5706
10.0.0.1 - - [30/Jun/2017:09:40:54 +0700] "GET /all/prodam/doma_dachi_kottedzhi/new/?p=12 HTTP/1.0" 200 22519
10.0.0.1 - - [30/Jun/2017:09:40:58 +0700] "GET /all/prodam/doma_dachi_kottedzhi/new/?p=14 HTTP/1.0" 200 21183
10.0.0.1 - - [30/Jun/2017:09:40:59 +0700] "GET /all/prodam/doma_dachi_kottedzhi/new/?p=16 HTTP/1.0" 200 21908
10.0.0.1 - - [30/Jun/2017:09:41:01 +0700] "GET /all/prodam/doma_dachi_kottedzhi/new/?p=18 HTTP/1.0" 200 24371
10.0.0.1 - - [30/Jun/2017:09:41:03 +0700] "GET /all/prodam/doma_dachi_kottedzhi/new/?p=20 HTTP/1.0" 200 20733
10.0.0.1 - - [30/Jun/2017:09:41:04 +0700] "GET /all/prodam/doma_dachi_kottedzhi/new/?p=22 HTTP/1.0" 200 20474
10.0.0.85 - - [30/Jun/2017:09:41:10 +0700] "POST /all/prodam/doma_dachi_kottedzhi/new/ HTTP/1.1" 200 356
10.0.0.70 - - [30/Jun/2017:09:41:17 +0700] "POST /prodam/kvartiry/new/ HTTP/1.1" 200 356
10.0.0.57 - - [30/Jun/2017:09:41:43 +0700] "GET /prodam/kvartiry/new/?action=done&id=14065-22 HTTP/1.1" 200 356
10.0.0.57 - - [30/Jun/2017:09:41:47 +0700] "GET /prodam/kvartiry/new/?action=undo&id=14065-22 HTTP/1.1" 200 356
10.0.0.57 - - [30/Jun/2017:09:41:55 +0700] "POST /prodam/kvartiry/new/ HTTP/1.1" 200 356
10.0.0.85 - - [30/Jun/2017:09:42:12 +0700] "POST /all/prodam/doma_dachi_kottedzhi/new/ HTTP/1.1" 200 356
10.0.0.57 - - [30/Jun/2017:09:42:49 +0700] "GET /prodam/kvartiry/new/?action=done&id=13287-24 HTTP/1.1" 200 356
10.0.0.1 - - [30/Jun/2017:09:43:59 +0700] "GET /all/prodam/doma_dachi_kottedzhi/new/?action=done&id=9479 HTTP/1.0" 200 356
10.0.0.1 - - [30/Jun/2017:09:44:56 +0700] "GET /plan/?refresh HTTP/1.0" 302 361
10.0.0.1 - - [30/Jun/2017:09:44:57 +0700] "GET /plan/ HTTP/1.0" 200 5716
10.0.0.1 - - [30/Jun/2017:09:45:36 +0700] "GET /plan/ HTTP/1.0" 200 5717
10.0.0.1 - - [30/Jun/2017:09:45:39 +0700] "GET /plan/?refresh HTTP/1.0" 302 360
10.0.0.1 - - [30/Jun/2017:09:45:40 +0700] "GET /plan/ HTTP/1.0" 200 5716
10.0.0.57 - - [30/Jun/2017:09:45:46 +0700] "POST /prodam/kvartiry/new/ HTTP/1.1" 200 356
10.0.0.57 - - [30/Jun/2017:09:46:01 +0700] "POST /prodam/kvartiry/new/ HTTP/1.1" 200 356
10.0.0.85 - - [30/Jun/2017:09:47:18 +0700] "GET /all/prodam/doma_dachi_kottedzhi/new/?action=done&id=1519 HTTP/1.1" 200 356
10.0.0.57 - - [30/Jun/2017:09:48:41 +0700] "POST /prodam/kvartiry/new/ HTTP/1.1" 200 356
10.0.0.85 - - [30/Jun/2017:09:48:46 +0700] "POST /all/prodam/doma_dachi_kottedzhi/new/ HTTP/1.1" 200 356
10.0.0.57 - - [30/Jun/2017:09:48:48 +0700] "POST /prodam/kvartiry/new/ HTTP/1.1" 200 356
10.0.0.85 - - [30/Jun/2017:09:48:51 +0700] "POST /all/prodam/doma_dachi_kottedzhi/new/ HTTP/1.1" 200 355
10.0.0.1 - - [30/Jun/2017:09:49:37 +0700] "GET /plan/?refresh HTTP/1.0" 302 361
10.0.0.1 - - [30/Jun/2017:09:49:38 +0700] "GET /plan/ HTTP/1.0" 200 5711
10.0.0.85 - - [30/Jun/2017:09:50:07 +0700] "POST /all/prodam/doma_dachi_kottedzhi/new/ HTTP/1.1" 200 356
10.0.0.85 - - [30/Jun/2017:09:51:26 +0700] "GET /all/prodam/doma_dachi_kottedzhi/new/?action=agency&id=1515 HTTP/1.1" 200 355
10.0.0.57 - - [30/Jun/2017:09:52:49 +0700] "POST /prodam/kvartiry/new/ HTTP/1.1" 200 356
10.0.0.57 - - [30/Jun/2017:09:52:51 +0700] "GET /plan/?refresh HTTP/1.1" 302 360
10.0.0.57 - - [30/Jun/2017:09:52:52 +0700] "GET /plan/ HTTP/1.1" 200 5713
10.0.0.57 - - [30/Jun/2017:09:52:57 +0700] "POST /prodam/kvartiry/new/ HTTP/1.1" 200 356
10.0.0.70 - - [30/Jun/2017:09:53:40 +0700] "GET /search/ HTTP/1.1" 200 1361
10.0.0.70 - - [30/Jun/2017:09:53:42 +0700] "GET /search/?phone=89148438448 HTTP/1.1" 200 3328
10.0.0.1 - - [30/Jun/2017:09:53:51 +0700] "GET /all/prodam/doma_dachi_kottedzhi/new/?action=done&id=9471 HTTP/1.0" 200 356
10.0.0.57 - - [30/Jun/2017:09:54:06 +0700] "POST /prodam/kvartiry/new/ HTTP/1.1" 200 356
10.0.0.57 - - [30/Jun/2017:09:54:50 +0700] "POST /prodam/kvartiry/new/ HTTP/1.1" 200 356
10.0.0.57 - - [30/Jun/2017:09:54:55 +0700] "POST /prodam/kvartiry/new/ HTTP/1.1" 200 355
