10.0.0.57 - - [30/Jun/2017:09:55:05 +0700] "POST /prodam/kvartiry/new/ HTTP/1.1" 200 356
10.0.0.57 - - [30/Jun/2017:09:55:08 +0700] "POST /prodam/kvartiry/new/ HTTP/1.1" 200 356
10.0.0.57 - - [30/Jun/2017:09:55:15 +0700] "POST /prodam/kvartiry/new/ HTTP/1.1" 200 356
10.0.0.57 - - [30/Jun/2017:09:55:34 +0700] "POST /prodam/kvartiry/new/ HTTP/1.1" 200 356
10.0.0.57 - - [30/Jun/2017:09:55:59 +0700] "POST /prodam/kvartiry/new/ HTTP/1.1" 200 356
10.0.0.57 - - [30/Jun/2017:09:56:20 +0700] "POST /prodam/kvartiry/new/ HTTP/1.1" 200 356
10.0.0.57 - - [30/Jun/2017:09:56:24 +0700] "POST /prodam/kvartiry/new/ HTTP/1.1" 200 355
10.0.0.1 - - [30/Jun/2017:09:56:39 +0700] "GET /all/prodam/doma_dachi_kottedzhi/new/?action=done&id=9469 HTTP/1.0" 200 356
10.0.0.57 - - [30/Jun/2017:09:56:51 +0700] "POST /prodam/kvartiry/new/ HTTP/1.1" 200 356
10.0.0.70 - - [30/Jun/2017:09:57:06 +0700] "GET /search/?phone=89503885078 HTTP/1.1" 200 1394
10.0.0.57 - - [30/Jun/2017:09:57:10 +0700] "POST /prodam/kvartiry/new/ HTTP/1.1" 200 356
10.0.0.57 - - [30/Jun/2017:09:57:20 +0700] "POST /prodam/kvartiry/new/ HTTP/1.1" 200 356
10.0.0.57 - - [30/Jun/2017:09:57:34 +0700] "POST /prodam/kvartiry/new/ HTTP/1.1" 200 356
10.0.0.57 - - [30/Jun/2017:09:58:19 +0700] "POST /prodam/kvartiry/new/ HTTP/1.1" 200 356
10.0.0.57 - - [30/Jun/2017:09:58:36 +0700] "POST /prodam/kvartiry/new/ HTTP/1.1" 200 356
10.0.0.57 - - [30/Jun/2017:09:58:56 +0700] "POST /prodam/kvartiry/new/ HTTP/1.1" 200 356
10.0.0.57 - - [30/Jun/2017:09:58:58 +0700] "GET /prodam/kvartiry/new/?p=2&rooms=3-10 HTTP/1.1" 200 1646
10.0.0.57 - - [30/Jun/2017:09:59:01 +0700] "GET /prodam/kvartiry/new/?rooms=3-10&site=&date_from=&date_to= HTTP/1.1" 200 26273
10.0.0.57 - - [30/Jun/2017:09:59:02 +0700] "GET /prodam/kvartiry/new/?rooms=3-10&site=&date_from=&date_to= HTTP/1.1" 200 26273
10.0.0.57 - - [30/Jun/2017:09:59:03 +0700] "GET /prodam/kvartiry/new/?rooms=3-10&site=&date_from=&date_to= HTTP/1.1" 200 26273
10.0.0.57 - - [30/Jun/2017:09:59:03 +0700] "GET /prodam/kvartiry/new/?rooms=3-10&site=&date_from=&date_to= HTTP/1.1" 200 26273
10.0.0.57 - - [30/Jun/2017:09:59:21 +0700] "GET /prodam/kvartiry/new/?rooms=2&site=&date_from=&date_to= HTTP/1.1" 200 23901
10.0.0.1 - - [30/Jun/2017:10:00:20 +0700] "GET /all/prodam/doma_dachi_kottedzhi/new/?action=done&id=9438 HTTP/1.0" 200 356
10.0.0.85 - - [30/Jun/2017:10:00:31 +0700] "GET /all/prodam/doma_dachi_kottedzhi/new/?action=done&id=1514 HTTP/1.1" 200 356
10.0.0.57 - - [30/Jun/2017:10:02:04 +0700] "GET /plan/?refresh HTTP/1.1" 302 361
10.0.0.57 - - [30/Jun/2017:10:02:04 +0700] "GET /plan/ HTTP/1.1" 200 5731
10.0.0.85 - - [30/Jun/2017:10:02:13 +0700] "POST /all/prodam/doma_dachi_kottedzhi/new/ HTTP/1.1" 200 356
10.0.0.57 - - [30/Jun/2017:10:02:29 +0700] "GET /prodam/doma_dachi_kottedzhi/ HTTP/1.1" 302 392
10.0.0.57 - - [30/Jun/2017:10:02:29 +0700] "GET /all/prodam/doma_dachi_kottedzhi/new/ HTTP/1.1" 200 19721
10.0.0.57 - - [30/Jun/2017:10:02:58 +0700] "GET /all/prodam/doma_dachi_kottedzhi/new/?p=8 HTTP/1.1" 200 22580
10.0.0.57 - - [30/Jun/2017:10:03:00 +0700] "GET /all/prodam/doma_dachi_kottedzhi/new/?p=10 HTTP/1.1" 200 23981
10.0.0.57 - - [30/Jun/2017:10:03:03 +0700] "GET /all/prodam/doma_dachi_kottedzhi/new/?p=12 HTTP/1.1" 200 23186
10.0.0.1 - - [30/Jun/2017:10:03:25 +0700] "GET /all/prodam/doma_dachi_kottedzhi/new/?action=done&id=9436 HTTP/1.0" 200 356
10.0.0.1 - - [30/Jun/2017:10:03:31 +0700] "GET /all/prodam/doma_dachi_kottedzhi/new/?action=done&id=9422 HTTP/1.0" 200 356
10.0.0.85 - - [30/Jun/2017:10:03:41 +0700] "POST /all/prodam/doma_dachi_kottedzhi/new/ HTTP/1.1" 200 356
10.0.0.1 - - [30/Jun/2017:10:05:05 +0700] "POST /all/prodam/doma_dachi_kottedzhi/new/ HTTP/1.0" 200 356
10.0.0.1 - - [30/Jun/2017:10:05:14 +0700] "POST /all/prodam/doma_dachi_kottedzhi/new/ HTTP/1.0" 200 356
10.0.0.85 - - [30/Jun/2017:10:06:07 +0700] "POST /all/prodam/doma_dachi_kottedzhi/new/ HTTP/1.1" 200 356
10.0.0.1 - - [30/Jun/2017:10:07:28 +0700] "POST /all/prodam/doma_dachi_kottedzhi/new/ HTTP/1.0" 200 356
10.0.0.70 - - [30/Jun/2017:10:08:12 +0700] "GET /search/?phone=89149844553 HTTP/1.1" 200 2746
10.0.0.1 - - [30/Jun/2017:10:08:29 +0700] "POST /all/prodam/doma_dachi_kottedzhi/new/ HTTP/1.0" 200 356
10.0.0.85 - - [30/Jun/2017:10:09:30 +0700] "GET /all/prodam/doma_dachi_kottedzhi/new/?action=done&id=1504 HTTP/1.1" 200 356
10.0.0.1 - - [30/Jun/2017:10:09:35 +0700] "GET /plan/?refresh HTTP/1.0" 302 361
10.0.0.1 - - [30/Jun/2017:10:09:35 +0700] "GET /plan/ HTTP/1.0" 200 5732
10.0.0.70 - - [30/Jun/2017:10:10:35 +0700] "GET /search/?phone=89148441091 HTTP/1.1" 200 4073
10.0.0.70 - - [30/Jun/2017:10:11:17 +0700] "GET /search/?phone=89149858007 HTTP/1.1" 200 1394
10.0.0.85 - - [30/Jun/2017:10:11:29 +0700] "POST /all/prodam/doma_dachi_kottedzhi/new/ HTTP/1.1" 200 356
10.0.0.85 - - [30/Jun/2017:10:11:33 +0700] "GET /plan/operator2/2017-06-30/ HTTP/1.1" 200 3041
10.0.0.85 - - [30/Jun/2017:10:11:33 +0700] "GET /favicon.ico HTTP/1.1" 200 13684
10.0.0.85 - - [30/Jun/2017:10:12:24 +0700] "-" 408 0
10.0.0.85 - - [30/Jun/2017:10:12:24 +0700] "-" 408 0
10.0.0.85 - - [30/Jun/2017:10:12:24 +0700] "-" 408 0
10.0.0.85 - - [30/Jun/2017:10:12:24 +0700] "-" 408 0
10.0.0.85 - - [30/Jun/2017:10:12:24 +0700] "-" 408 0
10.0.0.1 - - [30/Jun/2017:10:12:45 +0700] "POST /all/prodam/doma_dachi_kottedzhi/new/ HTTP/1.0" 200 356
10.0.0.85 - - [30/Jun/2017:10:12:52 +0700] "POST /all/prodam/doma_dachi_kottedzhi/new/ HTTP/1.1" 200 356
10.0.0.70 - - [30/Jun/2017:10:13:00 +0700] "GET /search/?phone=89244570791 HTTP/1.1" 200 4121
10.0.0.85 - - [30/Jun/2017:10:13:41 +0700] "GET /all/prodam/doma_dachi_kottedzhi/new/?p=62 HTTP/1.1" 200 12831
10.0.0.85 - - [30/Jun/2017:10:13:41 +0700] "GET /favicon.ico HTTP/1.1" 200 13684
10.0.0.70 - - [30/Jun/2017:10:14:17 +0700] "GET /search/?phone=89503889696 HTTP/1.1" 200 3740
10.0.0.1 - - [30/Jun/2017:10:14:24 +0700] "POST /all/prodam/doma_dachi_kottedzhi/new/ HTTP/1.0" 200 356
10.0.0.85 - - [30/Jun/2017:10:14:32 +0700] "-" 408 0
10.0.0.85 - - [30/Jun/2017:10:14:32 +0700] "-" 408 0
10.0.0.85 - - [30/Jun/2017:10:14:32 +0700] "-" 408 0
10.0.0.85 - - [30/Jun/2017:10:14:32 +0700] "-" 408 0
10.0.0.85 - - [30/Jun/2017:10:14:34 +0700] "POST /all/prodam/doma_dachi_kottedzhi/new/ HTTP/1.1" 200 356
10.0.0.85 - - [30/Jun/2017:10:14:35 +0700] "GET /all/prodam/doma_dachi_kottedzhi/new/?p=62 HTTP/1.1" 200 12833
10.0.0.85 - - [30/Jun/2017:10:14:36 +0700] "GET /favicon.ico HTTP/1.1" 200 13684
10.0.0.70 - - [30/Jun/2017:10:14:57 +0700] "GET /search/?phone=89503872395 HTTP/1.1" 200 2245
10.0.0.85 - - [30/Jun/2017:10:15:26 +0700] "-" 408 0
10.0.0.85 - - [30/Jun/2017:10:15:26 +0700] "-" 408 0
10.0.0.85 - - [30/Jun/2017:10:15:27 +0700] "-" 408 0
10.0.0.70 - - [30/Jun/2017:10:15:33 +0700] "GET /search/?phone=89085918029 HTTP/1.1" 200 1394
10.0.0.1 - - [30/Jun/2017:10:17:24 +0700] "GET /all/prodam/doma_dachi_kottedzhi/new/?action=done&id=9297 HTTP/1.0" 200 356
10.0.0.70 - - [30/Jun/2017:10:17:48 +0700] "GET /search/?phone=89148482007 HTTP/1.1" 200 1394
10.0.0.70 - - [30/Jun/2017:10:17:50 +0700] "GET /search/?phone=89148482007 HTTP/1.1" 200 1393
10.0.0.98 - - [30/Jun/2017:10:18:29 +0700] "GET / HTTP/1.1" 302 378
10.0.0.98 - - [30/Jun/2017:10:18:29 +0700] "GET /prodam/kvartiry/new/ HTTP/1.1" 200 27400
10.0.0.98 - - [30/Jun/2017:10:18:35 +0700] "GET /search/ HTTP/1.1" 200 1305
10.0.0.98 - - [30/Jun/2017:10:18:38 +0700] "GET /search/?phone=8-924-352-5881 HTTP/1.1" 200 1342
10.0.0.70 - - [30/Jun/2017:10:19:28 +0700] "GET /search/?phone=89247527668 HTTP/1.1" 200 2807
10.0.0.85 - - [30/Jun/2017:10:19:46 +0700] "GET /all/prodam/doma_dachi_kottedzhi/new/?action=done&id=1531 HTTP/1.1" 200 356
10.0.0.70 - - [30/Jun/2017:10:20:21 +0700] "GET /search/?phone=89833321343 HTTP/1.1" 200 3387
10.0.0.1 - - [30/Jun/2017:10:20:47 +0700] "POST /all/prodam/doma_dachi_kottedzhi/new/ HTTP/1.0" 200 356
10.0.0.70 - - [30/Jun/2017:10:21:41 +0700] "GET /search/?phone=89243919925 HTTP/1.1" 200 1394
10.0.0.57 - - [30/Jun/2017:10:22:04 +0700] "POST /all/prodam/doma_dachi_kottedzhi/new/ HTTP/1.1" 200 356
10.0.0.57 - - [30/Jun/2017:10:22:22 +0700] "POST /all/prodam/doma_dachi_kottedzhi/new/ HTTP/1.1" 200 356
10.0.0.57 - - [30/Jun/2017:10:22:33 +0700] "POST /all/prodam/doma_dachi_kottedzhi/new/ HTTP/1.1" 200 356
10.0.0.57 - - [30/Jun/2017:10:22:43 +0700] "POST /all/prodam/doma_dachi_kottedzhi/new/ HTTP/1.1" 200 356
10.0.0.57 - - [30/Jun/2017:10:22:48 +0700] "POST /all/prodam/doma_dachi_kottedzhi/new/ HTTP/1.1" 200 356
10.0.0.70 - - [30/Jun/2017:10:23:02 +0700] "GET /search/?phone=89834218141 HTTP/1.1" 200 2215
10.0.0.57 - - [30/Jun/2017:10:23:21 +0700] "POST /all/prodam/doma_dachi_kottedzhi/new/ HTTP/1.1" 200 356
10.0.0.57 - - [30/Jun/2017:10:23:33 +0700] "POST /all/prodam/doma_dachi_kottedzhi/new/ HTTP/1.1" 200 356
10.0.0.70 - - [30/Jun/2017:10:23:41 +0700] "GET /search/?phone=89146302668 HTTP/1.1" 200 2695
10.0.0.1 - - [30/Jun/2017:10:23:58 +0700] "GET /all/prodam/doma_dachi_kottedzhi/new/?action=done&id=9295 HTTP/1.0" 200 356
10.0.0.98 - - [30/Jun/2017:10:23:59 +0700] "GET /search/?phone=89243525881 HTTP/1.1" 200 2754
10.0.0.70 - - [30/Jun/2017:10:24:37 +0700] "GET /search/?phone=89247588359 HTTP/1.1" 200 2454
10.0.0.70 - - [30/Jun/2017:10:25:06 +0700] "GET /search/?phone=89025629558 HTTP/1.1" 200 2505
10.0.0.70 - - [30/Jun/2017:10:26:12 +0700] "GET /search/?phone=89146341810 HTTP/1.1" 200 5617
10.0.0.1 - - [30/Jun/2017:10:26:19 +0700] "POST /all/prodam/doma_dachi_kottedzhi/new/ HTTP/1.0" 200 356
10.0.0.1 - - [30/Jun/2017:10:26:26 +0700] "GET /all/prodam/doma_dachi_kottedzhi/new/?p=23 HTTP/1.0" 200 24234
10.0.0.85 - - [30/Jun/2017:10:26:40 +0700] "GET /all/prodam/doma_dachi_kottedzhi/new/?action=done&id=1536 HTTP/1.1" 200 356
10.0.0.70 - - [30/Jun/2017:10:26:41 +0700] "GET /search/?phone=89148336935 HTTP/1.1" 200 2514
10.0.0.1 - - [30/Jun/2017:10:28:40 +0700] "GET /plan/?refresh HTTP/1.0" 302 361
10.0.0.1 - - [30/Jun/2017:10:28:41 +0700] "GET /plan/ HTTP/1.0" 200 5733
10.0.0.85 - - [30/Jun/2017:10:28:42 +0700] "GET /all/prodam/doma_dachi_kottedzhi/new/?action=done&id=1535 HTTP/1.1" 200 356
10.0.0.70 - - [30/Jun/2017:10:28:57 +0700] "GET /search/?phone=89834503858 HTTP/1.1" 200 2815
10.0.0.85 - - [30/Jun/2017:10:29:06 +0700] "GET /plan/operator2/2017-06-30/ HTTP/1.1" 200 3058
10.0.0.85 - - [30/Jun/2017:10:29:07 +0700] "GET /favicon.ico HTTP/1.1" 200 13684
10.0.0.70 - - [30/Jun/2017:10:29:25 +0700] "GET /search/?phone=89644060071 HTTP/1.1" 200 3178
10.0.0.85 - - [30/Jun/2017:10:29:58 +0700] "-" 408 0
10.0.0.85 - - [30/Jun/2017:10:29:58 +0700] "-" 408 0
10.0.0.70 - - [30/Jun/2017:10:30:00 +0700] "GET /search/?phone=89644022745 HTTP/1.1" 200 2266
10.0.0.57 - - [30/Jun/2017:10:30:24 +0700] "GET /all/prodam/doma_dachi_kottedzhi/new/?action=done&id=11726 HTTP/1.1" 200 356
10.0.0.85 - - [30/Jun/2017:10:30:29 +0700] "POST /all/prodam/doma_dachi_kottedzhi/new/ HTTP/1.1" 200 356
10.0.0.85 - - [30/Jun/2017:10:30:36 +0700] "POST /all/prodam/doma_dachi_kottedzhi/new/ HTTP/1.1" 200 356
10.0.0.70 - - [30/Jun/2017:10:30:48 +0700] "GET /search/?phone=89021682055 HTTP/1.1" 200 3173
10.0.0.70 - - [30/Jun/2017:10:31:19 +0700] "GET /search/?phone=89025643661 HTTP/1.1" 200 2916
10.0.0.70 - - [30/Jun/2017:10:32:07 +0700] "GET /search/?phone=89085958261 HTTP/1.1" 200 2773
10.0.0.70 - - [30/Jun/2017:10:33:10 +0700] "GET /search/?phone=89644090008 HTTP/1.1" 200 2439
10.0.0.57 - - [30/Jun/2017:10:33:10 +0700] "GET /plan/?refresh HTTP/1.1" 302 361
10.0.0.57 - - [30/Jun/2017:10:33:11 +0700] "GET /plan/ HTTP/1.1" 200 5742
10.0.0.1 - - [30/Jun/2017:10:33:41 +0700] "POST /all/prodam/doma_dachi_kottedzhi/new/ HTTP/1.0" 200 356
10.0.0.70 - - [30/Jun/2017:10:34:00 +0700] "GET /search/?phone=89024511523 HTTP/1.1" 200 2958
10.0.0.1 - - [30/Jun/2017:10:35:33 +0700] "POST /all/prodam/doma_dachi_kottedzhi/new/ HTTP/1.0" 200 356
10.0.0.70 - - [30/Jun/2017:10:35:40 +0700] "GET /search/?phone=89243997910 HTTP/1.1" 200 4341
10.0.0.1 - - [30/Jun/2017:10:36:12 +0700] "GET /all/prodam/doma_dachi_kottedzhi/new/?action=done&id=9245 HTTP/1.0" 200 356
10.0.0.1 - - [30/Jun/2017:10:36:51 +0700] "GET /all/prodam/doma_dachi_kottedzhi/new/?action=done&id=9235 HTTP/1.0" 200 356
10.0.0.1 - - [30/Jun/2017:10:37:01 +0700] "GET /all/prodam/doma_dachi_kottedzhi/new/?action=done&id=9233 HTTP/1.0" 200 356
10.0.0.70 - - [30/Jun/2017:10:38:42 +0700] "GET /search/?phone=89676200508 HTTP/1.1" 200 2660
10.0.0.70 - - [30/Jun/2017:10:39:19 +0700] "GET /search/?phone=89146311892 HTTP/1.1" 200 1394
10.0.0.85 - - [30/Jun/2017:10:39:30 +0700] "GET /all/prodam/doma_dachi_kottedzhi/new/?action=done&id=1533 HTTP/1.1" 200 356
10.0.0.57 - - [30/Jun/2017:10:39:40 +0700] "GET /all/prodam/doma_dachi_kottedzhi/new/?action=done&id=11706 HTTP/1.1" 200 356
10.0.0.57 - - [30/Jun/2017:10:39:50 +0700] "GET /plan/?refresh HTTP/1.1" 302 361
10.0.0.57 - - [30/Jun/2017:10:39:51 +0700] "GET /plan/ HTTP/1.1" 200 5746
10.0.0.98 - - [30/Jun/2017:10:40:01 +0700] "GET /search/?phone=89247557770 HTTP/1.1" 200 2617
10.0.0.1 - - [30/Jun/2017:10:41:00 +0700] "POST /all/prodam/doma_dachi_kottedzhi/new/ HTTP/1.0" 200 356
10.0.0.98 - - [30/Jun/2017:10:41:32 +0700] "GET /prodam/kommercheskaya_nedvizhimost/ HTTP/1.1" 302 343
10.0.0.98 - - [30/Jun/2017:10:41:32 +0700] "GET /all/prodam/kommercheskaya_nedvizhimost/new/ HTTP/1.1" 200 23925
10.0.0.70 - - [30/Jun/2017:10:42:59 +0700] "GET /search/?phone=89676214821 HTTP/1.1" 200 2183
10.0.0.70 - - [30/Jun/2017:10:43:31 +0700] "GET /search/?phone=89644062865 HTTP/1.1" 200 2505
10.0.0.57 - - [30/Jun/2017:10:43:41 +0700] "GET /all/prodam/doma_dachi_kottedzhi/new/?action=done&id=11690 HTTP/1.1" 200 356
10.0.0.57 - - [30/Jun/2017:10:43:44 +0700] "GET /plan/?refresh HTTP/1.1" 302 360
10.0.0.57 - - [30/Jun/2017:10:43:44 +0700] "GET /plan/ HTTP/1.1" 200 5750
10.0.0.85 - - [30/Jun/2017:10:44:06 +0700] "POST /all/prodam/doma_dachi_kottedzhi/new/ HTTP/1.1" 200 356
10.0.0.70 - - [30/Jun/2017:10:44:10 +0700] "GET /search/?phone=89835343796 HTTP/1.1" 200 2646
10.0.0.85 - - [30/Jun/2017:10:44:15 +0700] "POST /all/prodam/doma_dachi_kottedzhi/new/ HTTP/1.1" 200 356
10.0.0.85 - - [30/Jun/2017:10:44:15 +0700] "GET /prodam/kommercheskaya_nedvizhimost/ HTTP/1.1" 302 398
10.0.0.85 - - [30/Jun/2017:10:44:15 +0700] "GET /all/prodam/kommercheskaya_nedvizhimost/new/ HTTP/1.1" 200 23980
10.0.0.70 - - [30/Jun/2017:10:44:51 +0700] "GET /search/?phone=89246506129 HTTP/1.1" 200 2605
10.0.0.70 - - [30/Jun/2017:10:44:54 +0700] "GET /search/?phone=89246506129 HTTP/1.1" 200 2604
10.0.0.85 - - [30/Jun/2017:10:45:04 +0700] "GET /all/prodam/kommercheskaya_nedvizhimost/new/?p=2 HTTP/1.1" 200 23165
10.0.0.85 - - [30/Jun/2017:10:45:08 +0700] "GET /all/prodam/kommercheskaya_nedvizhimost/new/?p=1 HTTP/1.1" 200 23980
10.0.0.1 - - [30/Jun/2017:10:49:19 +0700] "POST /all/prodam/doma_dachi_kottedzhi/new/ HTTP/1.0" 200 356
10.0.0.57 - - [30/Jun/2017:10:52:02 +0700] "GET /all/prodam/doma_dachi_kottedzhi/new/?action=done&id=11670 HTTP/1.1" 200 356
10.0.0.57 - - [30/Jun/2017:10:52:05 +0700] "GET /plan/?refresh HTTP/1.1" 302 360
10.0.0.57 - - [30/Jun/2017:10:52:06 +0700] "GET /plan/ HTTP/1.1" 200 5745
10.0.0.1 - - [30/Jun/2017:10:52:07 +0700] "GET /plan/?refresh HTTP/1.0" 302 361
10.0.0.1 - - [30/Jun/2017:10:52:08 +0700] "GET /plan/ HTTP/1.0" 200 5745
10.0.0.1 - - [30/Jun/2017:10:52:13 +0700] "GET /all/prodam/doma_dachi_kottedzhi/new/?action=done&id=9191 HTTP/1.0" 200 355
10.0.0.85 - - [30/Jun/2017:10:53:43 +0700] "POST /all/prodam/kommercheskaya_nedvizhimost/new/ HTTP/1.1" 200 356
10.0.0.98 - - [30/Jun/2017:10:53:48 +0700] "GET /plan/ HTTP/1.1" 200 5692
10.0.0.98 - - [30/Jun/2017:10:53:52 +0700] "GET /plan/operator1/?date_begin=2017-06-16&date_end=2017-06-30 HTTP/1.1" 200 4153
10.0.0.85 - - [30/Jun/2017:10:53:52 +0700] "POST /all/prodam/kommercheskaya_nedvizhimost/new/ HTTP/1.1" 200 356
10.0.0.85 - - [30/Jun/2017:10:53:55 +0700] "GET /plan/operator2/2017-06-30/ HTTP/1.1" 200 3067
10.0.0.85 - - [30/Jun/2017:10:53:56 +0700] "GET /favicon.ico HTTP/1.1" 200 13684
10.0.0.98 - - [30/Jun/2017:10:53:57 +0700] "GET /plan/operator1/?date_begin=2017-06-01&date_end=2017-06-30 HTTP/1.1" 200 4862
10.0.0.98 - - [30/Jun/2017:10:54:13 +0700] "GET /plan/operator1/?date_begin=2017-06-01&date_end=2017-06-30&daycount=21 HTTP/1.1" 200 4864
10.0.0.98 - - [30/Jun/2017:10:54:25 +0700] "GET /plan/operator1/?date_begin=2017-06-01&date_end=2017-06-29 HTTP/1.1" 200 4790
10.0.0.57 - - [30/Jun/2017:10:54:49 +0700] "GET /plan/?refresh HTTP/1.1" 302 361
10.0.0.57 - - [30/Jun/2017:10:54:49 +0700] "GET /plan/ HTTP/1.1" 200 5753
10.0.0.98 - - [30/Jun/2017:10:55:56 +0700] "GET /plan/operator1/?date_begin=2017-06-01&date_end=2017-06-29&daycount=20 HTTP/1.1" 200 4787
10.0.0.70 - - [30/Jun/2017:10:56:22 +0700] "GET /search/?phone=89025629919 HTTP/1.1" 200 2649
10.0.0.1 - - [30/Jun/2017:10:56:59 +0700] "GET /plan/?refresh HTTP/1.0" 302 361
10.0.0.1 - - [30/Jun/2017:10:56:59 +0700] "GET /plan/ HTTP/1.0" 200 5751
10.0.0.85 - - [30/Jun/2017:10:57:11 +0700] "POST /all/prodam/kommercheskaya_nedvizhimost/new/ HTTP/1.1" 200 356
10.0.0.57 - - [30/Jun/2017:10:57:14 +0700] "GET /all/prodam/doma_dachi_kottedzhi/new/?action=done&id=11660 HTTP/1.1" 200 356
10.0.0.70 - - [30/Jun/2017:10:57:16 +0700] "GET /search/?phone=89833361242 HTTP/1.1" 200 2449
10.0.0.1 - - [30/Jun/2017:10:57:43 +0700] "GET /all/prodam/doma_dachi_kottedzhi/new/?action=done&id=9152 HTTP/1.0" 200 356
10.0.0.70 - - [30/Jun/2017:10:58:05 +0700] "GET /search/?phone=89148356448 HTTP/1.1" 200 1970
10.0.0.98 - - [30/Jun/2017:10:58:24 +0700] "GET /all/prodam/kommercheskaya_nedvizhimost/new/?date_from=&date_to= HTTP/1.1" 200 23945
10.0.0.98 - - [30/Jun/2017:10:58:45 +0700] "GET /prodam/doma_dachi_kottedzhi/ HTTP/1.1" 302 336
10.0.0.98 - - [30/Jun/2017:10:58:45 +0700] "GET /all/prodam/doma_dachi_kottedzhi/new/ HTTP/1.1" 200 19911
10.0.0.98 - - [30/Jun/2017:10:59:01 +0700] "GET /prodam/kvartiry/ HTTP/1.1" 302 320
10.0.0.98 - - [30/Jun/2017:10:59:01 +0700] "GET /prodam/kvartiry/new/ HTTP/1.1" 200 27400
10.0.0.98 - - [30/Jun/2017:10:59:03 +0700] "GET /prodam/kvartiry/new/?rooms=0&site=&date_from=&date_to= HTTP/1.1" 200 27410
10.0.0.98 - - [30/Jun/2017:10:59:07 +0700] "GET /prodam/kvartiry/new/?p=2 HTTP/1.1" 200 26886
10.0.0.98 - - [30/Jun/2017:10:59:10 +0700] "GET /prodam/kvartiry/new/?p=3 HTTP/1.1" 200 23711
10.0.0.98 - - [30/Jun/2017:10:59:11 +0700] "GET /prodam/kvartiry/new/?p=4 HTTP/1.1" 200 9472
10.0.0.70 - - [30/Jun/2017:10:59:27 +0700] "GET /search/?phone=89021606470 HTTP/1.1" 200 2287
10.0.0.70 - - [30/Jun/2017:11:00:12 +0700] "GET /search/?phone=89516245479 HTTP/1.1" 200 2262
10.0.0.70 - - [30/Jun/2017:11:00:49 +0700] "GET /search/?phone=89021660652 HTTP/1.1" 200 2490
10.0.0.70 - - [30/Jun/2017:11:01:37 +0700] "GET /search/?phone=89148363565 HTTP/1.1" 200 4351
10.0.0.85 - - [30/Jun/2017:11:01:40 +0700] "GET /all/prodam/kommercheskaya_nedvizhimost/new/?action=done&id=15267 HTTP/1.1" 200 356
10.0.0.70 - - [30/Jun/2017:11:02:19 +0700] "GET /search/?phone=89503959256 HTTP/1.1" 200 3068
10.0.0.70 - - [30/Jun/2017:11:03:04 +0700] "GET /search/?phone=89025622491 HTTP/1.1" 200 2170
10.0.0.85 - - [30/Jun/2017:11:03:11 +0700] "POST /all/prodam/kommercheskaya_nedvizhimost/new/ HTTP/1.1" 200 356
10.0.0.70 - - [30/Jun/2017:11:03:40 +0700] "GET /search/?phone=89834355909 HTTP/1.1" 200 2241
10.0.0.70 - - [30/Jun/2017:11:04:16 +0700] "GET /search/?phone=89835328726 HTTP/1.1" 200 1395
10.0.0.57 - - [30/Jun/2017:11:04:24 +0700] "POST /all/prodam/doma_dachi_kottedzhi/new/ HTTP/1.1" 200 356
10.0.0.57 - - [30/Jun/2017:11:04:40 +0700] "POST /all/prodam/doma_dachi_kottedzhi/new/ HTTP/1.1" 200 356
10.0.0.57 - - [30/Jun/2017:11:05:07 +0700] "POST /all/prodam/doma_dachi_kottedzhi/new/ HTTP/1.1" 200 356
10.0.0.57 - - [30/Jun/2017:11:05:26 +0700] "POST /all/prodam/doma_dachi_kottedzhi/new/ HTTP/1.1" 200 356
10.0.0.70 - - [30/Jun/2017:11:05:28 +0700] "GET /search/?phone=89247778693 HTTP/1.1" 200 1395
10.0.0.70 - - [30/Jun/2017:11:05:30 +0700] "GET /search/?phone=89247778693 HTTP/1.1" 200 1394
10.0.0.57 - - [30/Jun/2017:11:05:35 +0700] "POST /all/prodam/doma_dachi_kottedzhi/new/ HTTP/1.1" 200 356
10.0.0.57 - - [30/Jun/2017:11:05:43 +0700] "POST /all/prodam/doma_dachi_kottedzhi/new/ HTTP/1.1" 200 356
10.0.0.70 - - [30/Jun/2017:11:06:22 +0700] "GET /search/?phone=89148490636 HTTP/1.1" 200 1394
10.0.0.70 - - [30/Jun/2017:11:07:21 +0700] "GET /search/?phone=89516219784 HTTP/1.1" 200 2709
10.0.0.85 - - [30/Jun/2017:11:08:08 +0700] "GET /all/prodam/kommercheskaya_nedvizhimost/new/?action=done&id=14906 HTTP/1.1" 200 356
10.0.0.57 - - [30/Jun/2017:11:10:19 +0700] "GET /all/prodam/doma_dachi_kottedzhi/new/?action=done&id=11634 HTTP/1.1" 200 356
10.0.0.57 - - [30/Jun/2017:11:10:21 +0700] "GET /all/prodam/doma_dachi_kottedzhi/new/?action=undo&id=11634 HTTP/1.1" 200 355
10.0.0.85 - - [30/Jun/2017:11:13:35 +0700] "GET /all/prodam/kommercheskaya_nedvizhimost/new/?action=done&id=14293 HTTP/1.1" 200 356
10.0.0.57 - - [30/Jun/2017:11:15:59 +0700] "GET /plan/?refresh HTTP/1.1" 302 361
10.0.0.57 - - [30/Jun/2017:11:16:00 +0700] "GET /plan/ HTTP/1.1" 200 5761
10.0.0.1 - - [30/Jun/2017:11:19:49 +0700] "GET /plan/?refresh HTTP/1.0" 302 361
10.0.0.1 - - [30/Jun/2017:11:19:50 +0700] "GET /plan/ HTTP/1.0" 200 5764
10.0.0.1 - - [30/Jun/2017:11:21:15 +0700] "GET /plan/ HTTP/1.0" 200 5764
10.0.0.1 - - [30/Jun/2017:11:21:17 +0700] "GET /plan/?refresh HTTP/1.0" 302 360
10.0.0.1 - - [30/Jun/2017:11:21:18 +0700] "GET /plan/ HTTP/1.0" 200 5760
10.0.0.57 - - [30/Jun/2017:11:22:06 +0700] "GET / HTTP/1.1" 302 434
10.0.0.57 - - [30/Jun/2017:11:22:06 +0700] "GET /prodam/kvartiry/new/ HTTP/1.1" 200 27455
10.0.0.57 - - [30/Jun/2017:11:22:11 +0700] "GET /plan/operator3/2017-05-29/ HTTP/1.1" 200 3158
10.0.0.57 - - [30/Jun/2017:11:22:14 +0700] "GET /plan/ HTTP/1.1" 200 5759
10.0.0.57 - - [30/Jun/2017:11:22:16 +0700] "GET /plan/?refresh HTTP/1.1" 302 360
10.0.0.57 - - [30/Jun/2017:11:22:16 +0700] "GET /plan/ HTTP/1.1" 200 5759
10.0.0.57 - - [30/Jun/2017:11:22:24 +0700] "GET /prodam/doma_dachi_kottedzhi/ HTTP/1.1" 302 392
10.0.0.57 - - [30/Jun/2017:11:22:24 +0700] "GET /all/prodam/doma_dachi_kottedzhi/new/ HTTP/1.1" 200 19966
10.0.0.57 - - [30/Jun/2017:11:22:29 +0700] "GET /all/prodam/doma_dachi_kottedzhi/new/?p=2 HTTP/1.1" 200 20394
10.0.0.57 - - [30/Jun/2017:11:22:32 +0700] "GET /all/prodam/doma_dachi_kottedzhi/new/?p=8 HTTP/1.1" 200 23837
10.0.0.57 - - [30/Jun/2017:11:22:33 +0700] "GET /all/prodam/doma_dachi_kottedzhi/new/?p=10 HTTP/1.1" 200 24713
10.0.0.57 - - [30/Jun/2017:11:22:35 +0700] "GET /all/prodam/doma_dachi_kottedzhi/new/?p=12 HTTP/1.1" 200 24546
10.0.0.57 - - [30/Jun/2017:11:22:36 +0700] "GET /all/prodam/doma_dachi_kottedzhi/new/?p=14 HTTP/1.1" 200 20779
10.0.0.70 - - [30/Jun/2017:11:24:11 +0700] "GET /search/?phone=89148450430 HTTP/1.1" 200 3554
10.0.0.98 - - [30/Jun/2017:11:24:30 +0700] "GET /plan/ HTTP/1.1" 200 5705
10.0.0.98 - - [30/Jun/2017:11:24:36 +0700] "GET /plan/operator2/?date_begin=2017-06-16&date_end=2017-06-30 HTTP/1.1" 200 3596
10.0.0.70 - - [30/Jun/2017:11:24:42 +0700] "GET /search/?phone=89834243508 HTTP/1.1" 200 2359
10.0.0.98 - - [30/Jun/2017:11:24:51 +0700] "GET /plan/?date_begin=2017-06-16&date_end=2017-06-30 HTTP/1.1" 200 5705
10.0.0.85 - - [30/Jun/2017:11:24:51 +0700] "GET /all/prodam/kommercheskaya_nedvizhimost/new/?action=done&id=14102 HTTP/1.1" 200 356
10.0.0.85 - - [30/Jun/2017:11:24:55 +0700] "GET /plan/operator2/2017-06-30/ HTTP/1.1" 200 3077
10.0.0.85 - - [30/Jun/2017:11:24:55 +0700] "GET /favicon.ico HTTP/1.1" 200 13684
10.0.0.70 - - [30/Jun/2017:11:25:09 +0700] "GET /search/?phone=89503950990 HTTP/1.1" 200 2530
10.0.0.70 - - [30/Jun/2017:11:25:40 +0700] "GET /search/?phone=89148485229 HTTP/1.1" 200 1976
10.0.0.70 - - [30/Jun/2017:11:26:22 +0700] "GET /search/?phone=89148481096 HTTP/1.1" 200 1394
10.0.0.85 - - [30/Jun/2017:11:27:25 +0700] "POST /all/prodam/kommercheskaya_nedvizhimost/new/ HTTP/1.1" 200 356
10.0.0.70 - - [30/Jun/2017:11:27:28 +0700] "GET /search/?phone=89021663390 HTTP/1.1" 200 3466
10.0.0.70 - - [30/Jun/2017:11:28:13 +0700] "GET /search/?phone=89148300243 HTTP/1.1" 200 2783
10.0.0.70 - - [30/Jun/2017:11:28:33 +0700] "GET /search/?phone=89085977454 HTTP/1.1" 200 2665
10.0.0.85 - - [30/Jun/2017:11:28:37 +0700] "POST /all/prodam/kommercheskaya_nedvizhimost/new/ HTTP/1.1" 200 356
10.0.0.70 - - [30/Jun/2017:11:28:59 +0700] "GET /search/?phone=89021665509 HTTP/1.1" 200 3198
10.0.0.85 - - [30/Jun/2017:11:29:36 +0700] "POST /all/prodam/kommercheskaya_nedvizhimost/new/ HTTP/1.1" 200 356
10.0.0.70 - - [30/Jun/2017:11:29:44 +0700] "GET /search/?phone=89025623413 HTTP/1.1" 200 2975
10.0.0.57 - - [30/Jun/2017:11:30:32 +0700] "POST /all/prodam/doma_dachi_kottedzhi/new/ HTTP/1.1" 200 356
10.0.0.70 - - [30/Jun/2017:11:30:32 +0700] "GET /search/?phone=89834355316 HTTP/1.1" 200 3806
10.0.0.57 - - [30/Jun/2017:11:30:33 +0700] "GET /plan/?refresh HTTP/1.1" 302 360
10.0.0.57 - - [30/Jun/2017:11:30:34 +0700] "GET /plan/ HTTP/1.1" 200 5775
10.0.0.70 - - [30/Jun/2017:11:32:01 +0700] "GET /search/?phone=89243957577 HTTP/1.1" 200 1395
10.0.0.70 - - [30/Jun/2017:11:33:12 +0700] "GET /search/?phone=89024548573 HTTP/1.1" 200 3094
10.0.0.70 - - [30/Jun/2017:11:33:40 +0700] "GET /search/?phone=89834203080 HTTP/1.1" 200 2232
10.0.0.70 - - [30/Jun/2017:11:34:14 +0700] "GET /search/?phone=89085926858 HTTP/1.1" 200 2465
10.0.0.70 - - [30/Jun/2017:11:34:45 +0700] "GET /search/?phone=89025640946 HTTP/1.1" 200 2940
10.0.0.70 - - [30/Jun/2017:11:36:19 +0700] "GET /search/?phone=89021604304 HTTP/1.1" 200 3003
10.0.0.85 - - [30/Jun/2017:11:36:44 +0700] "GET /all/prodam/kommercheskaya_nedvizhimost/new/?action=done&id=13734 HTTP/1.1" 200 356
10.0.0.70 - - [30/Jun/2017:11:37:17 +0700] "GET /search/?phone=89025633858 HTTP/1.1" 200 2735
10.0.0.70 - - [30/Jun/2017:11:37:47 +0700] "GET /search/?phone=89025637628 HTTP/1.1" 200 2887
10.0.0.70 - - [30/Jun/2017:11:38:13 +0700] "GET /search/?phone=89149853533 HTTP/1.1" 200 1394
10.0.0.1 - - [30/Jun/2017:11:38:36 +0700] "GET /plan/?refresh HTTP/1.0" 302 361
10.0.0.1 - - [30/Jun/2017:11:38:37 +0700] "GET /plan/ HTTP/1.0" 200 5773
10.0.0.70 - - [30/Jun/2017:11:39:07 +0700] "GET /search/?phone=89021667776 HTTP/1.1" 200 2309
10.0.0.70 - - [30/Jun/2017:11:40:39 +0700] "GET /search/?phone=89146348447 HTTP/1.1" 200 3275
10.0.0.70 - - [30/Jun/2017:11:41:28 +0700] "GET /search/?phone=89834288391 HTTP/1.1" 200 2674
10.0.0.85 - - [30/Jun/2017:11:41:40 +0700] "GET /all/prodam/kommercheskaya_nedvizhimost/new/?action=done&id=13686 HTTP/1.1" 200 356
10.0.0.70 - - [30/Jun/2017:11:41:55 +0700] "GET /search/?phone=89025643794 HTTP/1.1" 200 1395
10.0.0.1 - - [30/Jun/2017:11:42:28 +0700] "GET /plan/?refresh HTTP/1.0" 302 361
10.0.0.1 - - [30/Jun/2017:11:42:29 +0700] "GET /plan/ HTTP/1.0" 200 5782
10.0.0.1 - - [30/Jun/2017:11:42:44 +0700] "GET /plan/?refresh HTTP/1.0" 302 361
10.0.0.1 - - [30/Jun/2017:11:42:45 +0700] "GET /plan/ HTTP/1.0" 200 5781
10.0.0.85 - - [30/Jun/2017:11:43:42 +0700] "POST /all/prodam/kommercheskaya_nedvizhimost/new/ HTTP/1.1" 200 356
10.0.0.70 - - [30/Jun/2017:11:43:55 +0700] "GET /search/?phone=89021619535 HTTP/1.1" 200 3729
10.0.0.70 - - [30/Jun/2017:11:45:19 +0700] "GET /search/?phone=89025347320 HTTP/1.1" 200 2250
10.0.0.57 - - [30/Jun/2017:11:46:12 +0700] "POST /all/prodam/doma_dachi_kottedzhi/new/ HTTP/1.1" 200 356
10.0.0.70 - - [30/Jun/2017:11:46:13 +0700] "GET /search/?phone=89021617728 HTTP/1.1" 200 1394
10.0.0.57 - - [30/Jun/2017:11:46:13 +0700] "GET /plan/?refresh HTTP/1.1" 302 360
10.0.0.57 - - [30/Jun/2017:11:46:13 +0700] "GET /plan/ HTTP/1.1" 200 5778
10.0.0.1 - - [30/Jun/2017:11:46:39 +0700] "GET /plan/?refresh HTTP/1.0" 302 361
10.0.0.1 - - [30/Jun/2017:11:46:40 +0700] "GET /plan/ HTTP/1.0" 200 5787
10.0.0.70 - - [30/Jun/2017:11:47:00 +0700] "GET /search/?phone=89021682958 HTTP/1.1" 200 2931
10.0.0.70 - - [30/Jun/2017:11:47:23 +0700] "GET /search/?phone=89247566805 HTTP/1.1" 200 2884
10.0.0.70 - - [30/Jun/2017:11:47:45 +0700] "GET /search/?phone=89024523668 HTTP/1.1" 200 1395
10.0.0.70 - - [30/Jun/2017:11:48:56 +0700] "GET /search/?phone=89835379639 HTTP/1.1" 200 2467
10.0.0.70 - - [30/Jun/2017:11:49:28 +0700] "GET /search/?phone=89025633882 HTTP/1.1" 200 2075
10.0.0.70 - - [30/Jun/2017:11:50:00 +0700] "GET /search/?phone=89021691523 HTTP/1.1" 200 2894
10.0.0.57 - - [30/Jun/2017:11:50:01 +0700] "POST /all/prodam/doma_dachi_kottedzhi/new/ HTTP/1.1" 200 356
10.0.0.57 - - [30/Jun/2017:11:50:04 +0700] "POST /all/prodam/doma_dachi_kottedzhi/new/ HTTP/1.1" 200 355
10.0.0.85 - - [30/Jun/2017:11:50:05 +0700] "GET /all/prodam/kommercheskaya_nedvizhimost/new/?action=done&id=13473 HTTP/1.1" 200 356
10.0.0.70 - - [30/Jun/2017:11:50:23 +0700] "GET /search/?phone=89834239139 HTTP/1.1" 200 2143
10.0.0.85 - - [30/Jun/2017:11:50:37 +0700] "GET /search/?phone=89140560071 HTTP/1.1" 200 2495
10.0.0.70 - - [30/Jun/2017:11:51:13 +0700] "GET /search/?phone=89836309829 HTTP/1.1" 200 1394
10.0.0.70 - - [30/Jun/2017:11:51:58 +0700] "GET /search/?phone=89024520273 HTTP/1.1" 200 2199
10.0.0.70 - - [30/Jun/2017:11:52:27 +0700] "GET /search/?phone=89503903118 HTTP/1.1" 200 3188
10.0.0.70 - - [30/Jun/2017:11:53:05 +0700] "GET /search/?phone=89516307110 HTTP/1.1" 200 2829
10.0.0.70 - - [30/Jun/2017:11:53:32 +0700] "GET /search/?phone=89243557569 HTTP/1.1" 200 2870
10.0.0.70 - - [30/Jun/2017:11:54:13 +0700] "GET /search/?phone=89243540020 HTTP/1.1" 200 3151
10.0.0.70 - - [30/Jun/2017:11:54:44 +0700] "GET /search/?phone=89025635035 HTTP/1.1" 200 1395
10.0.0.70 - - [30/Jun/2017:11:55:43 +0700] "GET /search/?phone=89834239800 HTTP/1.1" 200 3400
10.0.0.70 - - [30/Jun/2017:11:57:02 +0700] "GET /search/?phone=89834206461 HTTP/1.1" 200 1394
10.0.0.70 - - [30/Jun/2017:11:57:16 +0700] "GET /search/?phone=89833309501 HTTP/1.1" 200 2993
10.0.0.85 - - [30/Jun/2017:11:57:31 +0700] "GET /all/prodam/kommercheskaya_nedvizhimost/new/?action=done&id=15262 HTTP/1.1" 200 356
10.0.0.1 - - [30/Jun/2017:11:58:18 +0700] "GET /plan/?refresh HTTP/1.0" 302 361
10.0.0.1 - - [30/Jun/2017:11:58:19 +0700] "GET /plan/ HTTP/1.0" 200 5794
10.0.0.57 - - [30/Jun/2017:11:58:25 +0700] "POST /all/prodam/doma_dachi_kottedzhi/new/ HTTP/1.1" 200 356
10.0.0.57 - - [30/Jun/2017:11:58:26 +0700] "POST /all/prodam/doma_dachi_kottedzhi/new/ HTTP/1.1" 200 355
10.0.0.57 - - [30/Jun/2017:11:58:27 +0700] "POST /all/prodam/doma_dachi_kottedzhi/new/ HTTP/1.1" 200 355
10.0.0.70 - - [30/Jun/2017:11:59:36 +0700] "GET /search/?phone=89243966335 HTTP/1.1" 200 2971
10.0.0.1 - - [30/Jun/2017:12:00:19 +0700] "GET /plan/?refresh HTTP/1.0" 302 361
10.0.0.1 - - [30/Jun/2017:12:00:20 +0700] "GET /plan/ HTTP/1.0" 200 5802
10.0.0.85 - - [30/Jun/2017:12:01:19 +0700] "GET /all/prodam/kommercheskaya_nedvizhimost/new/?action=done&id=13356 HTTP/1.1" 200 356
10.0.0.70 - - [30/Jun/2017:12:01:22 +0700] "GET /search/?phone=89146391948 HTTP/1.1" 200 2564
10.0.0.70 - - [30/Jun/2017:12:01:56 +0700] "GET /search/?phone=89503968305 HTTP/1.1" 200 1395
10.0.0.70 - - [30/Jun/2017:12:02:39 +0700] "GET /search/?phone=89024576044 HTTP/1.1" 200 2702
10.0.0.70 - - [30/Jun/2017:12:03:35 +0700] "GET /search/?phone=89149830256 HTTP/1.1" 200 3705
10.0.0.70 - - [30/Jun/2017:12:04:14 +0700] "GET /search/?phone=89021663816 HTTP/1.1" 200 3731
10.0.0.85 - - [30/Jun/2017:12:04:47 +0700] "POST /all/prodam/kommercheskaya_nedvizhimost/new/ HTTP/1.1" 200 356
10.0.0.85 - - [30/Jun/2017:12:04:50 +0700] "POST /all/prodam/kommercheskaya_nedvizhimost/new/ HTTP/1.1" 200 356
10.0.0.70 - - [30/Jun/2017:12:04:56 +0700] "GET /search/?phone=89148457092 HTTP/1.1" 200 2547
10.0.0.70 - - [30/Jun/2017:12:05:15 +0700] "GET /search/?phone=89085977623 HTTP/1.1" 200 2165
10.0.0.57 - - [30/Jun/2017:12:06:11 +0700] "POST /all/prodam/doma_dachi_kottedzhi/new/ HTTP/1.1" 200 356
10.0.0.57 - - [30/Jun/2017:12:06:13 +0700] "GET /plan/?refresh HTTP/1.1" 302 360
10.0.0.57 - - [30/Jun/2017:12:06:14 +0700] "GET /plan/ HTTP/1.1" 200 5787
10.0.0.57 - - [30/Jun/2017:12:06:20 +0700] "POST /all/prodam/doma_dachi_kottedzhi/new/ HTTP/1.1" 200 356
10.0.0.57 - - [30/Jun/2017:12:06:28 +0700] "POST /all/prodam/doma_dachi_kottedzhi/new/ HTTP/1.1" 200 356
10.0.0.70 - - [30/Jun/2017:12:07:36 +0700] "GET /search/?phone=89147078654 HTTP/1.1" 200 2247
10.0.0.70 - - [30/Jun/2017:12:08:09 +0700] "GET /search/?phone=89140580618 HTTP/1.1" 200 1394
10.0.0.70 - - [30/Jun/2017:12:08:56 +0700] "GET /search/?phone=89021678787 HTTP/1.1" 200 3594
10.0.0.70 - - [30/Jun/2017:12:09:19 +0700] "GET /search/?phone=89246566971 HTTP/1.1" 200 2554
10.0.0.70 - - [30/Jun/2017:12:09:53 +0700] "GET /search/?phone=89149810589 HTTP/1.1" 200 3525
10.0.0.70 - - [30/Jun/2017:12:10:44 +0700] "GET /search/?phone=89140542725 HTTP/1.1" 200 2948
10.0.0.70 - - [30/Jun/2017:12:11:17 +0700] "GET /search/?phone=89021660723 HTTP/1.1" 200 1395
10.0.0.70 - - [30/Jun/2017:12:11:59 +0700] "GET /search/?phone=89503984108 HTTP/1.1" 200 1394
10.0.0.70 - - [30/Jun/2017:12:12:41 +0700] "GET /search/?phone=89644049009 HTTP/1.1" 200 2144
10.0.0.70 - - [30/Jun/2017:12:13:05 +0700] "GET /search/?phone=89835303840 HTTP/1.1" 200 3035
10.0.0.70 - - [30/Jun/2017:12:13:40 +0700] "GET /search/?phone=89834380605 HTTP/1.1" 200 1394
10.0.0.70 - - [30/Jun/2017:12:14:20 +0700] "GET /search/?phone=89148438448 HTTP/1.1" 200 3329
10.0.0.70 - - [30/Jun/2017:12:14:45 +0700] "GET /search/?phone=89021669516 HTTP/1.1" 200 2178
10.0.0.85 - - [30/Jun/2017:12:14:47 +0700] "GET /all/prodam/kommercheskaya_nedvizhimost/new/?action=done&id=13119 HTTP/1.1" 200 356
10.0.0.1 - - [30/Jun/2017:12:16:13 +0700] "GET /plan/?refresh HTTP/1.0" 302 361
10.0.0.1 - - [30/Jun/2017:12:16:14 +0700] "GET /plan/ HTTP/1.0" 200 5788
10.0.0.85 - - [30/Jun/2017:12:19:27 +0700] "GET /plan/operator2/2017-06-30/ HTTP/1.1" 200 3104
10.0.0.1 - - [30/Jun/2017:12:25:12 +0700] "GET /plan/?refresh HTTP/1.0" 302 361
10.0.0.1 - - [30/Jun/2017:12:25:13 +0700] "GET /plan/ HTTP/1.0" 200 5792
10.0.0.1 - - [30/Jun/2017:12:25:33 +0700] "GET /plan/?refresh HTTP/1.0" 302 361
10.0.0.1 - - [30/Jun/2017:12:25:34 +0700] "GET /plan/ HTTP/1.0" 200 5792
10.0.0.85 - - [30/Jun/2017:12:25:45 +0700] "GET /all/prodam/kommercheskaya_nedvizhimost/new/?action=done&id=12887 HTTP/1.1" 200 356
10.0.0.85 - - [30/Jun/2017:12:26:35 +0700] "POST /all/prodam/kommercheskaya_nedvizhimost/new/ HTTP/1.1" 200 356
10.0.0.85 - - [30/Jun/2017:12:27:58 +0700] "POST /all/prodam/kommercheskaya_nedvizhimost/new/ HTTP/1.1" 200 356
10.0.0.57 - - [30/Jun/2017:12:30:43 +0700] "POST /all/prodam/doma_dachi_kottedzhi/new/ HTTP/1.1" 200 356
10.0.0.57 - - [30/Jun/2017:12:30:44 +0700] "GET /plan/?refresh HTTP/1.1" 302 360
10.0.0.57 - - [30/Jun/2017:12:30:45 +0700] "GET /plan/ HTTP/1.1" 200 5793
10.0.0.57 - - [30/Jun/2017:12:30:47 +0700] "GET /plan/?refresh HTTP/1.1" 302 360
10.0.0.57 - - [30/Jun/2017:12:30:47 +0700] "GET /plan/ HTTP/1.1" 200 5793
10.0.0.57 - - [30/Jun/2017:12:30:56 +0700] "POST /all/prodam/doma_dachi_kottedzhi/new/ HTTP/1.1" 200 356
10.0.0.85 - - [30/Jun/2017:12:31:21 +0700] "POST /all/prodam/kommercheskaya_nedvizhimost/new/ HTTP/1.1" 200 356
10.0.0.85 - - [30/Jun/2017:12:33:05 +0700] "POST /all/prodam/kommercheskaya_nedvizhimost/new/ HTTP/1.1" 200 356
10.0.0.85 - - [30/Jun/2017:12:33:19 +0700] "GET /search/?phone=89834208623 HTTP/1.1" 200 1394
10.0.0.57 - - [30/Jun/2017:12:34:20 +0700] "POST /all/prodam/doma_dachi_kottedzhi/new/ HTTP/1.1" 200 356
10.0.0.85 - - [30/Jun/2017:12:34:45 +0700] "POST /all/prodam/kommercheskaya_nedvizhimost/new/ HTTP/1.1" 200 356
10.0.0.85 - - [30/Jun/2017:12:35:00 +0700] "POST /all/prodam/kommercheskaya_nedvizhimost/new/ HTTP/1.1" 200 356
10.0.0.85 - - [30/Jun/2017:12:35:02 +0700] "GET /plan/operator2/2017-06-30/ HTTP/1.1" 200 3097
10.0.0.85 - - [30/Jun/2017:12:35:03 +0700] "GET /favicon.ico HTTP/1.1" 200 13684
10.0.0.85 - - [30/Jun/2017:12:35:07 +0700] "GET /all/prodam/kommercheskaya_nedvizhimost/new/?p=1 HTTP/1.1" 200 23998
10.0.0.85 - - [30/Jun/2017:12:35:08 +0700] "GET /favicon.ico HTTP/1.1" 200 13684
10.0.0.85 - - [30/Jun/2017:12:36:09 +0700] "GET /prodam/kommercheskaya_nedvizhimost/ HTTP/1.1" 302 399
10.0.0.85 - - [30/Jun/2017:12:36:09 +0700] "GET /all/prodam/kommercheskaya_nedvizhimost/new/ HTTP/1.1" 200 23998
10.0.0.85 - - [30/Jun/2017:12:36:14 +0700] "GET /search/ HTTP/1.1" 200 1360
10.0.0.85 - - [30/Jun/2017:12:36:34 +0700] "GET /search/?phone=89834208623 HTTP/1.1" 200 1394
10.0.0.85 - - [30/Jun/2017:12:36:54 +0700] "GET /search/?phone=89836345594 HTTP/1.1" 200 2017
10.0.0.85 - - [30/Jun/2017:12:37:28 +0700] "GET /search/?phone=89021653004 HTTP/1.1" 200 1394
10.0.0.85 - - [30/Jun/2017:12:38:18 +0700] "GET /search/?phone=93111180734 HTTP/1.1" 200 1392
10.0.0.1 - - [30/Jun/2017:12:41:08 +0700] "GET /plan/?refresh HTTP/1.0" 302 361
10.0.0.1 - - [30/Jun/2017:12:41:09 +0700] "GET /plan/ HTTP/1.0" 200 5797
10.0.0.57 - - [30/Jun/2017:12:41:10 +0700] "POST /all/prodam/doma_dachi_kottedzhi/new/ HTTP/1.1" 200 356
10.0.0.57 - - [30/Jun/2017:12:41:11 +0700] "GET /plan/?refresh HTTP/1.1" 302 360
10.0.0.57 - - [30/Jun/2017:12:41:11 +0700] "GET /plan/ HTTP/1.1" 200 5798
10.0.0.57 - - [30/Jun/2017:12:41:23 +0700] "POST /all/prodam/doma_dachi_kottedzhi/new/ HTTP/1.1" 200 356
10.0.0.1 - - [30/Jun/2017:12:44:15 +0700] "GET /plan/?refresh HTTP/1.0" 302 361
10.0.0.1 - - [30/Jun/2017:12:44:15 +0700] "GET /plan/ HTTP/1.0" 200 5790
10.0.0.85 - - [30/Jun/2017:12:46:07 +0700] "GET /all/prodam/kommercheskaya_nedvizhimost/new/?action=done&id=12525 HTTP/1.1" 200 356
10.0.0.85 - - [30/Jun/2017:12:47:00 +0700] "GET /search/?phone=89021653004 HTTP/1.1" 200 1394
10.0.0.85 - - [30/Jun/2017:12:47:25 +0700] "GET /search/?phone=89834208623 HTTP/1.1" 200 1394
10.0.0.85 - - [30/Jun/2017:12:47:27 +0700] "GET /search/?phone=89834208623 HTTP/1.1" 200 1393
10.0.0.85 - - [30/Jun/2017:12:54:50 +0700] "GET /plan/operator2/2017-06-30/ HTTP/1.1" 200 3099
10.0.0.1 - - [30/Jun/2017:13:00:41 +0700] "GET /plan/?refresh HTTP/1.0" 302 361
10.0.0.1 - - [30/Jun/2017:13:00:42 +0700] "GET /plan/ HTTP/1.0" 200 5791
10.0.0.57 - - [30/Jun/2017:13:02:25 +0700] "POST /all/prodam/doma_dachi_kottedzhi/new/ HTTP/1.1" 200 356
10.0.0.57 - - [30/Jun/2017:13:02:27 +0700] "GET /plan/?refresh HTTP/1.1" 302 360
10.0.0.57 - - [30/Jun/2017:13:02:27 +0700] "GET /plan/ HTTP/1.1" 200 5794
10.0.0.57 - - [30/Jun/2017:13:02:38 +0700] "POST /all/prodam/doma_dachi_kottedzhi/new/ HTTP/1.1" 200 356
10.0.0.98 - - [30/Jun/2017:13:06:49 +0700] "GET /plan/ HTTP/1.1" 200 5740
10.0.0.98 - - [30/Jun/2017:13:07:02 +0700] "GET /plan/operator2/?date_begin=2017-06-16&date_end=2017-06-30 HTTP/1.1" 200 3602
10.0.0.57 - - [30/Jun/2017:13:09:10 +0700] "POST /all/prodam/doma_dachi_kottedzhi/new/ HTTP/1.1" 200 356
10.0.0.57 - - [30/Jun/2017:13:09:14 +0700] "GET /plan/?refresh HTTP/1.1" 302 361
10.0.0.57 - - [30/Jun/2017:13:09:15 +0700] "GET /plan/ HTTP/1.1" 200 5790
10.0.0.57 - - [30/Jun/2017:13:09:21 +0700] "POST /all/prodam/doma_dachi_kottedzhi/new/ HTTP/1.1" 200 356
10.0.0.57 - - [30/Jun/2017:13:09:22 +0700] "POST /all/prodam/doma_dachi_kottedzhi/new/ HTTP/1.1" 200 355
10.0.0.85 - - [30/Jun/2017:13:10:03 +0700] "GET /all/prodam/kommercheskaya_nedvizhimost/new/?action=done&id=13117 HTTP/1.1" 200 356
10.0.0.85 - - [30/Jun/2017:13:17:39 +0700] "GET /plan/operator2/2017-06-30/ HTTP/1.1" 200 3106
10.0.0.85 - - [30/Jun/2017:13:17:39 +0700] "GET /favicon.ico HTTP/1.1" 200 13684
10.0.0.1 - - [30/Jun/2017:13:27:26 +0700] "GET /plan/?refresh HTTP/1.0" 302 361
10.0.0.1 - - [30/Jun/2017:13:27:26 +0700] "GET /plan/ HTTP/1.0" 200 5802
10.0.0.1 - - [30/Jun/2017:13:27:35 +0700] "GET /plan/?refresh HTTP/1.0" 302 361
10.0.0.1 - - [30/Jun/2017:13:27:36 +0700] "GET /plan/ HTTP/1.0" 200 5802
10.0.0.57 - - [30/Jun/2017:13:27:45 +0700] "GET /plan/?refresh HTTP/1.1" 302 361
10.0.0.57 - - [30/Jun/2017:13:27:46 +0700] "GET /plan/ HTTP/1.1" 200 5801
10.0.0.85 - - [30/Jun/2017:13:36:50 +0700] "GET /plan/operator2/2017-06-30/ HTTP/1.1" 200 3122
10.0.0.85 - - [30/Jun/2017:13:36:50 +0700] "GET /favicon.ico HTTP/1.1" 200 13684
10.0.0.57 - - [30/Jun/2017:13:37:01 +0700] "GET /plan/?refresh HTTP/1.1" 302 361
10.0.0.57 - - [30/Jun/2017:13:37:02 +0700] "GET /plan/ HTTP/1.1" 200 5810
10.0.0.1 - - [30/Jun/2017:13:37:56 +0700] "GET /plan/?refresh HTTP/1.0" 302 361
10.0.0.1 - - [30/Jun/2017:13:37:56 +0700] "GET /plan/ HTTP/1.0" 200 5806
10.0.0.85 - - [30/Jun/2017:13:55:53 +0700] "GET /all/prodam/kommercheskaya_nedvizhimost/new/?action=done&id=12460 HTTP/1.1" 200 356
10.0.0.85 - - [30/Jun/2017:13:56:41 +0700] "POST /all/prodam/kommercheskaya_nedvizhimost/new/ HTTP/1.1" 200 356
10.0.0.1 - - [30/Jun/2017:13:57:34 +0700] "GET /plan/?refresh HTTP/1.0" 302 361
10.0.0.1 - - [30/Jun/2017:13:57:35 +0700] "GET /plan/ HTTP/1.0" 200 5798
10.0.0.85 - - [30/Jun/2017:14:01:45 +0700] "POST /all/prodam/kommercheskaya_nedvizhimost/new/ HTTP/1.1" 200 356
10.0.0.57 - - [30/Jun/2017:14:04:09 +0700] "GET /plan/?refresh HTTP/1.1" 302 361
10.0.0.57 - - [30/Jun/2017:14:04:10 +0700] "GET /plan/ HTTP/1.1" 200 5808
10.0.0.70 - - [30/Jun/2017:14:08:16 +0700] "GET /search/?phone=89021663390 HTTP/1.1" 200 3466
10.0.0.85 - - [30/Jun/2017:14:10:23 +0700] "GET /all/prodam/kommercheskaya_nedvizhimost/new/?action=done&id=11684 HTTP/1.1" 200 356
10.0.0.85 - - [30/Jun/2017:14:11:44 +0700] "POST /all/prodam/kommercheskaya_nedvizhimost/new/ HTTP/1.1" 200 356
10.0.0.1 - - [30/Jun/2017:14:12:59 +0700] "GET /plan/?refresh HTTP/1.0" 302 361
10.0.0.1 - - [30/Jun/2017:14:13:00 +0700] "GET /plan/ HTTP/1.0" 200 5792
10.0.0.1 - - [30/Jun/2017:14:13:15 +0700] "GET /all/prodam/doma_dachi_kottedzhi/new/?p=25 HTTP/1.0" 200 25166
10.0.0.1 - - [30/Jun/2017:14:13:18 +0700] "GET /all/prodam/doma_dachi_kottedzhi/new/?p=60 HTTP/1.0" 200 28958
10.0.0.1 - - [30/Jun/2017:14:15:04 +0700] "GET /plan/?refresh HTTP/1.0" 302 361
10.0.0.1 - - [30/Jun/2017:14:15:05 +0700] "GET /plan/ HTTP/1.0" 200 5790
10.0.0.1 - - [30/Jun/2017:14:16:11 +0700] "POST /all/prodam/doma_dachi_kottedzhi/new/ HTTP/1.0" 200 356
10.0.0.1 - - [30/Jun/2017:14:16:27 +0700] "GET /all/prodam/doma_dachi_kottedzhi/new/?action=done&id=2181 HTTP/1.0" 200 356
10.0.0.85 - - [30/Jun/2017:14:19:04 +0700] "GET /all/prodam/kommercheskaya_nedvizhimost/new/?action=done&id=11347 HTTP/1.1" 200 356
10.0.0.57 - - [30/Jun/2017:14:19:28 +0700] "GET /plan/?refresh HTTP/1.1" 302 361
10.0.0.57 - - [30/Jun/2017:14:19:29 +0700] "GET /plan/ HTTP/1.1" 200 5791
10.0.0.1 - - [30/Jun/2017:14:20:33 +0700] "GET /all/prodam/doma_dachi_kottedzhi/new/?action=done&id=1689 HTTP/1.0" 200 356
10.0.0.1 - - [30/Jun/2017:14:22:57 +0700] "GET /plan/?refresh HTTP/1.0" 302 361
10.0.0.1 - - [30/Jun/2017:14:22:58 +0700] "GET /plan/ HTTP/1.0" 200 5790
10.0.0.1 - - [30/Jun/2017:14:23:47 +0700] "GET /all/prodam/doma_dachi_kottedzhi/new/?action=done&id=1688 HTTP/1.0" 200 356
10.0.0.1 - - [30/Jun/2017:14:23:55 +0700] "GET /all/prodam/doma_dachi_kottedzhi/new/?action=done&id=1686 HTTP/1.0" 200 356
10.0.0.1 - - [30/Jun/2017:14:27:04 +0700] "GET /all/prodam/doma_dachi_kottedzhi/new/?action=done&id=1680 HTTP/1.0" 200 356
10.0.0.1 - - [30/Jun/2017:14:33:34 +0700] "POST /all/prodam/doma_dachi_kottedzhi/new/ HTTP/1.0" 200 356
10.0.0.1 - - [30/Jun/2017:14:33:52 +0700] "GET /plan/?refresh HTTP/1.0" 302 361
10.0.0.1 - - [30/Jun/2017:14:33:53 +0700] "GET /plan/ HTTP/1.0" 200 5793
10.0.0.98 - - [30/Jun/2017:14:35:01 +0700] "GET /plan/ HTTP/1.1" 200 5739
10.0.0.98 - - [30/Jun/2017:14:35:37 +0700] "GET /plan/operator3/?date_begin=2017-06-16&date_end=2017-06-30 HTTP/1.1" 200 4049
10.0.0.1 - - [30/Jun/2017:14:36:04 +0700] "POST /all/prodam/doma_dachi_kottedzhi/new/ HTTP/1.0" 200 356
10.0.0.98 - - [30/Jun/2017:14:36:15 +0700] "GET /plan/operator3/?date_begin=2017-06-26&date_end=2017-06-30 HTTP/1.1" 200 3704
10.0.0.1 - - [30/Jun/2017:14:36:17 +0700] "POST /all/prodam/doma_dachi_kottedzhi/new/ HTTP/1.0" 200 356
10.0.0.1 - - [30/Jun/2017:14:37:47 +0700] "GET /plan/?refresh HTTP/1.0" 302 361
10.0.0.1 - - [30/Jun/2017:14:37:48 +0700] "GET /plan/ HTTP/1.0" 200 5804
10.0.0.85 - - [30/Jun/2017:14:38:14 +0700] "GET /all/prodam/kommercheskaya_nedvizhimost/new/?action=done&id=11094 HTTP/1.1" 200 356
10.0.0.57 - - [30/Jun/2017:14:38:40 +0700] "GET /plan/ HTTP/1.1" 200 5805
10.0.0.57 - - [30/Jun/2017:14:38:45 +0700] "GET /plan/?refresh HTTP/1.1" 302 361
10.0.0.57 - - [30/Jun/2017:14:38:46 +0700] "GET /plan/ HTTP/1.1" 200 5798
10.0.0.57 - - [30/Jun/2017:14:38:47 +0700] "GET /plan/?refresh HTTP/1.1" 302 360
10.0.0.57 - - [30/Jun/2017:14:38:48 +0700] "GET /plan/ HTTP/1.1" 200 5799
10.0.0.57 - - [30/Jun/2017:14:38:48 +0700] "GET /plan/?refresh HTTP/1.1" 302 360
10.0.0.57 - - [30/Jun/2017:14:38:49 +0700] "GET /plan/ HTTP/1.1" 200 5795
10.0.0.1 - - [30/Jun/2017:14:39:18 +0700] "GET /all/prodam/doma_dachi_kottedzhi/new/?action=done&id=1672 HTTP/1.0" 200 356
10.0.0.1 - - [30/Jun/2017:14:41:19 +0700] "POST /all/prodam/doma_dachi_kottedzhi/new/ HTTP/1.0" 200 356
10.0.0.1 - - [30/Jun/2017:14:41:55 +0700] "GET /all/prodam/doma_dachi_kottedzhi/new/?action=done&id=1663 HTTP/1.0" 200 356
10.0.0.98 - - [30/Jun/2017:14:43:34 +0700] "GET /plan/operator3/?refresh HTTP/1.1" 302 305
10.0.0.98 - - [30/Jun/2017:14:43:35 +0700] "GET /plan/ HTTP/1.1" 200 5739
10.0.0.1 - - [30/Jun/2017:14:44:44 +0700] "GET /all/prodam/doma_dachi_kottedzhi/new/?action=done&id=1658 HTTP/1.0" 200 356
10.0.0.98 - - [30/Jun/2017:14:44:54 +0700] "GET /plan/operator4/?date_begin=2017-06-16&date_end=2017-06-30 HTTP/1.1" 200 4046
10.0.0.85 - - [30/Jun/2017:14:45:38 +0700] "GET /all/prodam/kommercheskaya_nedvizhimost/new/?action=done&id=10748 HTTP/1.1" 200 356
10.0.0.98 - - [30/Jun/2017:14:47:23 +0700] "GET /plan/operator1/?date_begin=2017-06-16&date_end=2017-06-30 HTTP/1.1" 200 4167
10.0.0.98 - - [30/Jun/2017:14:47:26 +0700] "GET /plan/operator1/?date_begin=2017-06-01&date_end=2017-06-30 HTTP/1.1" 200 4874
10.0.0.1 - - [30/Jun/2017:14:47:38 +0700] "GET /plan/?refresh HTTP/1.0" 302 361
10.0.0.1 - - [30/Jun/2017:14:47:39 +0700] "GET /plan/ HTTP/1.0" 200 5787
10.0.0.1 - - [30/Jun/2017:14:48:56 +0700] "GET /all/prodam/doma_dachi_kottedzhi/new/?action=done&id=1654 HTTP/1.0" 200 356
10.0.0.1 - - [30/Jun/2017:14:49:11 +0700] "GET /all/prodam/doma_dachi_kottedzhi/new/?action=done&id=1651 HTTP/1.0" 200 356
10.0.0.1 - - [30/Jun/2017:14:49:43 +0700] "GET /all/prodam/doma_dachi_kottedzhi/new/?action=done&id=1647 HTTP/1.0" 200 356
10.0.0.85 - - [30/Jun/2017:14:50:08 +0700] "GET /all/prodam/kommercheskaya_nedvizhimost/new/?action=done&id=10500 HTTP/1.1" 200 356
10.0.0.1 - - [30/Jun/2017:14:52:37 +0700] "GET /all/prodam/doma_dachi_kottedzhi/new/?action=done&id=1642 HTTP/1.0" 200 356
10.0.0.1 - - [30/Jun/2017:14:52:43 +0700] "GET /plan/?refresh HTTP/1.0" 302 361
10.0.0.1 - - [30/Jun/2017:14:52:44 +0700] "GET /plan/ HTTP/1.0" 200 5779
10.0.0.1 - - [30/Jun/2017:14:53:11 +0700] "GET /all/prodam/doma_dachi_kottedzhi/new/?action=done&id=1641 HTTP/1.0" 200 356
10.0.0.85 - - [30/Jun/2017:14:54:17 +0700] "GET /all/prodam/kommercheskaya_nedvizhimost/new/?action=done&id=10494 HTTP/1.1" 200 356
10.0.0.85 - - [30/Jun/2017:14:54:23 +0700] "GET /all/prodam/kommercheskaya_nedvizhimost/new/?action=done&id=10491 HTTP/1.1" 200 356
10.0.0.85 - - [30/Jun/2017:14:54:28 +0700] "GET /all/prodam/kommercheskaya_nedvizhimost/new/?p=1 HTTP/1.1" 200 22579
10.0.0.85 - - [30/Jun/2017:14:54:29 +0700] "GET /favicon.ico HTTP/1.1" 200 13684
10.0.0.57 - - [30/Jun/2017:14:54:32 +0700] "GET /plan/?refresh HTTP/1.1" 302 361
10.0.0.57 - - [30/Jun/2017:14:54:33 +0700] "GET /plan/ HTTP/1.1" 200 5795
10.0.0.85 - - [30/Jun/2017:14:54:48 +0700] "GET /all/prodam/kommercheskaya_nedvizhimost/new/?p=2 HTTP/1.1" 200 17498
10.0.0.85 - - [30/Jun/2017:14:55:39 +0700] "POST /all/prodam/kommercheskaya_nedvizhimost/new/ HTTP/1.1" 200 356
10.0.0.1 - - [30/Jun/2017:14:55:39 +0700] "GET /plan/?refresh HTTP/1.0" 302 361
10.0.0.1 - - [30/Jun/2017:14:55:39 +0700] "GET /plan/ HTTP/1.0" 200 5789
10.0.0.1 - - [30/Jun/2017:14:56:17 +0700] "POST /all/prodam/doma_dachi_kottedzhi/new/ HTTP/1.0" 200 356
10.0.0.1 - - [30/Jun/2017:14:58:17 +0700] "POST /all/prodam/doma_dachi_kottedzhi/new/ HTTP/1.0" 200 356
10.0.0.85 - - [30/Jun/2017:14:58:50 +0700] "GET /all/prodam/kommercheskaya_nedvizhimost/new/?action=done&id=2160 HTTP/1.1" 200 356
10.0.0.85 - - [30/Jun/2017:15:00:25 +0700] "POST /all/prodam/kommercheskaya_nedvizhimost/new/ HTTP/1.1" 200 356
10.0.0.85 - - [30/Jun/2017:15:02:15 +0700] "GET /all/prodam/kommercheskaya_nedvizhimost/new/?action=done&id=2174 HTTP/1.1" 200 356
10.0.0.57 - - [30/Jun/2017:15:02:22 +0700] "GET /plan/?refresh HTTP/1.1" 302 361
10.0.0.57 - - [30/Jun/2017:15:02:23 +0700] "GET /plan/ HTTP/1.1" 200 5787
10.0.0.85 - - [30/Jun/2017:15:02:26 +0700] "GET /all/prodam/kommercheskaya_nedvizhimost/new/?action=done&id=2182 HTTP/1.1" 200 356
10.0.0.1 - - [30/Jun/2017:15:03:20 +0700] "GET /all/prodam/doma_dachi_kottedzhi/new/?action=done&id=1631 HTTP/1.0" 200 356
10.0.0.1 - - [30/Jun/2017:15:03:23 +0700] "GET /plan/?refresh HTTP/1.0" 302 360
10.0.0.1 - - [30/Jun/2017:15:03:24 +0700] "GET /plan/ HTTP/1.0" 200 5784
10.0.0.1 - - [30/Jun/2017:15:03:39 +0700] "GET /all/prodam/doma_dachi_kottedzhi/new/?action=done&id=1630 HTTP/1.0" 200 356
10.0.0.1 - - [30/Jun/2017:15:03:41 +0700] "GET /all/prodam/doma_dachi_kottedzhi/new/?p=59 HTTP/1.0" 200 27496
10.0.0.85 - - [30/Jun/2017:15:07:21 +0700] "GET /all/prodam/kommercheskaya_nedvizhimost/new/?action=done&id=2189 HTTP/1.1" 200 356
10.0.0.1 - - [30/Jun/2017:15:08:27 +0700] "GET /all/prodam/doma_dachi_kottedzhi/new/?action=done&id=2399 HTTP/1.0" 200 356
10.0.0.57 - - [30/Jun/2017:15:10:12 +0700] "GET /plan/?refresh HTTP/1.1" 302 361
10.0.0.57 - - [30/Jun/2017:15:10:12 +0700] "GET /plan/ HTTP/1.1" 200 5797
10.0.0.57 - - [30/Jun/2017:15:10:13 +0700] "GET /plan/?refresh HTTP/1.1" 302 360
10.0.0.57 - - [30/Jun/2017:15:10:14 +0700] "GET /plan/ HTTP/1.1" 200 5797
10.0.0.85 - - [30/Jun/2017:15:11:09 +0700] "GET /all/prodam/kommercheskaya_nedvizhimost/new/?action=done&id=2196 HTTP/1.1" 200 356
10.0.0.57 - - [30/Jun/2017:15:11:11 +0700] "GET /plan/?refresh HTTP/1.1" 302 361
10.0.0.57 - - [30/Jun/2017:15:11:12 +0700] "GET /plan/ HTTP/1.1" 200 5805
10.0.0.85 - - [30/Jun/2017:15:11:57 +0700] "POST /all/prodam/kommercheskaya_nedvizhimost/new/ HTTP/1.1" 200 356
