10.0.0.1 - - [27/Jun/2017:15:53:14 +0700] "GET /js/jquery.min.js HTTP/1.0" 200 33578
10.0.0.1 - - [27/Jun/2017:15:53:15 +0700] "GET /js/datetimepicker/jquery.datetimepicker.css HTTP/1.0" 200 3525
10.0.0.1 - - [27/Jun/2017:15:53:15 +0700] "GET /css/styles.css HTTP/1.0" 200 2541
10.0.0.1 - - [27/Jun/2017:15:53:17 +0700] "GET /plan/ HTTP/1.0" 200 4879
10.0.0.70 - - [27/Jun/2017:15:53:55 +0700] "POST /prodam/kvartiry/new/ HTTP/1.1" 200 356
10.0.0.70 - - [27/Jun/2017:15:55:53 +0700] "POST /prodam/kvartiry/new/ HTTP/1.1" 200 356
10.0.0.70 - - [27/Jun/2017:15:56:07 +0700] "GET /prodam/kvartiry/new/?action=done&id=7221-20 HTTP/1.1" 200 356
10.0.0.57 - - [27/Jun/2017:15:57:27 +0700] "POST /all/prodam/zemelnye_uchastki/new/ HTTP/1.1" 200 356
10.0.0.1 - - [27/Jun/2017:15:57:32 +0700] "GET /all/prodam/doma_dachi_kottedzhi/new/?p=61 HTTP/1.0" 200 27862
10.0.0.1 - - [27/Jun/2017:15:58:02 +0700] "GET /all/prodam/doma_dachi_kottedzhi/new/?p=63 HTTP/1.0" 200 29029
10.0.0.1 - - [27/Jun/2017:15:58:37 +0700] "GET /all/prodam/doma_dachi_kottedzhi/new/?action=done&id=1625 HTTP/1.0" 200 356
10.0.0.70 - - [27/Jun/2017:15:58:45 +0700] "POST /prodam/kvartiry/new/ HTTP/1.1" 200 356
10.0.0.70 - - [27/Jun/2017:15:58:46 +0700] "GET /prodam/kvartiry/new/?action=done&id=14964-14 HTTP/1.1" 200 355
10.0.0.70 - - [27/Jun/2017:15:59:40 +0700] "POST /prodam/kvartiry/new/ HTTP/1.1" 200 356
10.0.0.1 - - [27/Jun/2017:16:00:00 +0700] "POST /all/prodam/doma_dachi_kottedzhi/new/ HTTP/1.0" 200 356
10.0.0.57 - - [27/Jun/2017:16:00:14 +0700] "GET /all/prodam/zemelnye_uchastki/new/?action=done&id=8451 HTTP/1.1" 200 356
10.0.0.57 - - [27/Jun/2017:16:00:19 +0700] "GET /plan/?refresh HTTP/1.1" 302 360
10.0.0.57 - - [27/Jun/2017:16:00:20 +0700] "GET /plan/ HTTP/1.1" 200 4879
10.0.0.70 - - [27/Jun/2017:16:01:15 +0700] "GET /prodam/kvartiry/new/?action=done&id=15017-23 HTTP/1.1" 200 356
10.0.0.57 - - [27/Jun/2017:16:01:27 +0700] "GET /all/prodam/zemelnye_uchastki/new/?action=done&id=8443 HTTP/1.1" 200 356
10.0.0.70 - - [27/Jun/2017:16:01:46 +0700] "POST /prodam/kvartiry/new/ HTTP/1.1" 200 356
10.0.0.1 - - [27/Jun/2017:16:01:56 +0700] "GET /all/prodam/zemelnye_uchastki/new/?action=done&id=14984 HTTP/1.0" 200 356
10.0.0.1 - - [27/Jun/2017:16:02:11 +0700] "GET /plan/?refresh HTTP/1.0" 302 361
10.0.0.1 - - [27/Jun/2017:16:02:11 +0700] "GET /plan/ HTTP/1.0" 200 4886
10.0.0.70 - - [27/Jun/2017:16:03:18 +0700] "POST /prodam/kvartiry/new/ HTTP/1.1" 200 356
10.0.0.70 - - [27/Jun/2017:16:03:21 +0700] "POST /prodam/kvartiry/new/ HTTP/1.1" 200 355
10.0.0.1 - - [27/Jun/2017:16:03:40 +0700] "POST /all/prodam/doma_dachi_kottedzhi/new/ HTTP/1.0" 200 356
10.0.0.85 - - [27/Jun/2017:16:04:31 +0700] "GET /all/prodam/doma_dachi_kottedzhi/new/?action=done&id=14413 HTTP/1.1" 200 356
10.0.0.57 - - [27/Jun/2017:16:05:58 +0700] "GET /all/prodam/zemelnye_uchastki/new/?action=done&id=8394 HTTP/1.1" 200 356
10.0.0.57 - - [27/Jun/2017:16:06:00 +0700] "GET /plan/?refresh HTTP/1.1" 302 360
10.0.0.57 - - [27/Jun/2017:16:06:00 +0700] "GET /plan/ HTTP/1.1" 200 4880
10.0.0.70 - - [27/Jun/2017:16:06:43 +0700] "GET /prodam/kvartiry/new/?action=done&id=15006-22 HTTP/1.1" 200 356
10.0.0.1 - - [27/Jun/2017:16:06:51 +0700] "POST /all/prodam/doma_dachi_kottedzhi/new/ HTTP/1.0" 200 356
10.0.0.57 - - [27/Jun/2017:16:07:58 +0700] "GET /all/prodam/zemelnye_uchastki/new/?action=done&id=8379 HTTP/1.1" 200 356
10.0.0.57 - - [27/Jun/2017:16:07:59 +0700] "GET /all/prodam/zemelnye_uchastki/new/?p=18 HTTP/1.1" 200 16260
10.0.0.1 - - [27/Jun/2017:16:09:19 +0700] "GET /all/prodam/doma_dachi_kottedzhi/new/?action=done&id=1597 HTTP/1.0" 200 356
10.0.0.85 - - [27/Jun/2017:16:09:27 +0700] "POST /all/prodam/doma_dachi_kottedzhi/new/ HTTP/1.1" 200 356
10.0.0.57 - - [27/Jun/2017:16:09:38 +0700] "GET /all/prodam/zemelnye_uchastki/new/?action=done&id=8356 HTTP/1.1" 200 356
10.0.0.57 - - [27/Jun/2017:16:12:26 +0700] "GET /all/prodam/zemelnye_uchastki/new/?action=done&id=8267 HTTP/1.1" 200 356
10.0.0.1 - - [27/Jun/2017:16:12:27 +0700] "POST /all/prodam/doma_dachi_kottedzhi/new/ HTTP/1.0" 200 356
10.0.0.1 - - [27/Jun/2017:16:12:46 +0700] "GET /all/prodam/doma_dachi_kottedzhi/new/?p=1 HTTP/1.0" 200 26106
10.0.0.1 - - [27/Jun/2017:16:12:55 +0700] "GET /all/prodam/doma_dachi_kottedzhi/new/?p=7 HTTP/1.0" 200 23966
10.0.0.85 - - [27/Jun/2017:16:13:26 +0700] "POST /all/prodam/doma_dachi_kottedzhi/new/ HTTP/1.1" 200 356
10.0.0.85 - - [27/Jun/2017:16:13:26 +0700] "GET /all/prodam/doma_dachi_kottedzhi/new/?action=done&id=14411 HTTP/1.1" 200 356
10.0.0.1 - - [27/Jun/2017:16:13:56 +0700] "GET /all/prodam/zemelnye_uchastki/new/?action=done&id=14981 HTTP/1.0" 200 356
10.0.0.57 - - [27/Jun/2017:16:13:58 +0700] "GET /all/prodam/zemelnye_uchastki/new/?action=done&id=8265 HTTP/1.1" 200 356
10.0.0.57 - - [27/Jun/2017:16:14:00 +0700] "GET /plan/?refresh HTTP/1.1" 302 360
10.0.0.57 - - [27/Jun/2017:16:14:01 +0700] "GET /plan/ HTTP/1.1" 200 4887
10.0.0.57 - - [27/Jun/2017:16:14:01 +0700] "GET /plan/?refresh HTTP/1.1" 302 360
10.0.0.57 - - [27/Jun/2017:16:14:02 +0700] "GET /plan/ HTTP/1.1" 200 4887
10.0.0.1 - - [27/Jun/2017:16:14:02 +0700] "GET /plan/?refresh HTTP/1.0" 302 361
10.0.0.1 - - [27/Jun/2017:16:14:03 +0700] "GET /plan/ HTTP/1.0" 200 4887
10.0.0.57 - - [27/Jun/2017:16:14:03 +0700] "GET /plan/?refresh HTTP/1.1" 302 360
10.0.0.57 - - [27/Jun/2017:16:14:03 +0700] "GET /plan/ HTTP/1.1" 200 4887
10.0.0.57 - - [27/Jun/2017:16:14:06 +0700] "GET /plan/?refresh HTTP/1.1" 302 360
10.0.0.57 - - [27/Jun/2017:16:14:06 +0700] "GET /plan/ HTTP/1.1" 200 4887
10.0.0.1 - - [27/Jun/2017:16:14:10 +0700] "GET /plan/?refresh HTTP/1.0" 302 361
10.0.0.1 - - [27/Jun/2017:16:14:10 +0700] "GET /plan/ HTTP/1.0" 200 4888
10.0.0.1 - - [27/Jun/2017:16:14:13 +0700] "GET /plan/?refresh HTTP/1.0" 302 360
10.0.0.1 - - [27/Jun/2017:16:14:14 +0700] "GET /plan/ HTTP/1.0" 200 4887
10.0.0.1 - - [27/Jun/2017:16:14:17 +0700] "POST /all/prodam/doma_dachi_kottedzhi/new/ HTTP/1.0" 200 356
10.0.0.70 - - [27/Jun/2017:16:14:34 +0700] "POST /prodam/kvartiry/new/ HTTP/1.1" 200 356
10.0.0.70 - - [27/Jun/2017:16:14:37 +0700] "GET /prodam/kvartiry/new/?action=done&id=14937-21 HTTP/1.1" 200 355
10.0.0.1 - - [27/Jun/2017:16:16:50 +0700] "GET /all/prodam/doma_dachi_kottedzhi/new/?action=done&id=12535 HTTP/1.0" 200 356
10.0.0.85 - - [27/Jun/2017:16:16:55 +0700] "GET /all/prodam/doma_dachi_kottedzhi/new/?action=done&id=14408 HTTP/1.1" 200 356
10.0.0.1 - - [27/Jun/2017:16:16:55 +0700] "GET /plan/?refresh HTTP/1.0" 302 360
10.0.0.1 - - [27/Jun/2017:16:16:56 +0700] "GET /plan/ HTTP/1.0" 200 4884
10.0.0.85 - - [27/Jun/2017:16:17:04 +0700] "GET /plan/operator2/2017-06-27/ HTTP/1.1" 200 3180
10.0.0.85 - - [27/Jun/2017:16:17:05 +0700] "GET /favicon.ico HTTP/1.1" 200 13684
10.0.0.57 - - [27/Jun/2017:16:17:25 +0700] "GET /all/prodam/zemelnye_uchastki/new/?action=done&id=8144 HTTP/1.1" 200 356
10.0.0.70 - - [27/Jun/2017:16:17:27 +0700] "POST /prodam/kvartiry/new/ HTTP/1.1" 200 356
10.0.0.70 - - [27/Jun/2017:16:17:27 +0700] "GET /prodam/kvartiry/new/?action=done&id=903-20 HTTP/1.1" 200 355
10.0.0.57 - - [27/Jun/2017:16:17:35 +0700] "GET /plan/?refresh HTTP/1.1" 302 361
10.0.0.57 - - [27/Jun/2017:16:17:35 +0700] "GET /plan/ HTTP/1.1" 200 4890
10.0.0.85 - - [27/Jun/2017:16:17:55 +0700] "-" 408 0
10.0.0.70 - - [27/Jun/2017:16:18:30 +0700] "POST /prodam/kvartiry/new/ HTTP/1.1" 200 356
10.0.0.1 - - [27/Jun/2017:16:18:32 +0700] "POST /all/prodam/doma_dachi_kottedzhi/new/ HTTP/1.0" 200 356
10.0.0.57 - - [27/Jun/2017:16:19:32 +0700] "GET /all/prodam/zemelnye_uchastki/new/?action=done&id=8010 HTTP/1.1" 200 356
10.0.0.70 - - [27/Jun/2017:16:19:55 +0700] "POST /prodam/kvartiry/new/ HTTP/1.1" 200 356
10.0.0.70 - - [27/Jun/2017:16:19:57 +0700] "GET /prodam/kvartiry/new/?action=done&id=14921-20 HTTP/1.1" 200 355
10.0.0.1 - - [27/Jun/2017:16:20:36 +0700] "GET /all/prodam/doma_dachi_kottedzhi/new/?action=done&id=12533 HTTP/1.0" 200 356
10.0.0.85 - - [27/Jun/2017:16:21:48 +0700] "GET /all/prodam/doma_dachi_kottedzhi/new/?action=done&id=14403 HTTP/1.1" 200 356
10.0.0.57 - - [27/Jun/2017:16:22:58 +0700] "GET /all/prodam/zemelnye_uchastki/new/?p=19 HTTP/1.1" 200 16336
10.0.0.1 - - [27/Jun/2017:16:23:39 +0700] "POST /all/prodam/doma_dachi_kottedzhi/new/ HTTP/1.0" 200 356
10.0.0.1 - - [27/Jun/2017:16:24:02 +0700] "GET /all/prodam/zemelnye_uchastki/new/?action=done&id=14979 HTTP/1.0" 200 356
10.0.0.57 - - [27/Jun/2017:16:24:54 +0700] "GET /all/prodam/zemelnye_uchastki/new/?action=done&id=7785 HTTP/1.1" 200 356
10.0.0.85 - - [27/Jun/2017:16:25:40 +0700] "GET /all/prodam/doma_dachi_kottedzhi/new/?action=done&id=14402 HTTP/1.1" 200 356
10.0.0.57 - - [27/Jun/2017:16:25:49 +0700] "GET /all/prodam/zemelnye_uchastki/new/?action=done&id=7773 HTTP/1.1" 200 356
10.0.0.57 - - [27/Jun/2017:16:26:40 +0700] "GET /plan/?refresh HTTP/1.1" 302 361
10.0.0.57 - - [27/Jun/2017:16:26:41 +0700] "GET /plan/ HTTP/1.1" 200 4878
10.0.0.57 - - [27/Jun/2017:16:28:18 +0700] "GET /all/prodam/zemelnye_uchastki/new/?action=done&id=7759 HTTP/1.1" 200 356
10.0.0.57 - - [27/Jun/2017:16:28:21 +0700] "GET /plan/?refresh HTTP/1.1" 302 360
10.0.0.57 - - [27/Jun/2017:16:28:22 +0700] "GET /plan/ HTTP/1.1" 200 4888
10.0.0.1 - - [27/Jun/2017:16:28:49 +0700] "GET /all/prodam/doma_dachi_kottedzhi/new/?action=done&id=12520 HTTP/1.0" 200 356
10.0.0.57 - - [27/Jun/2017:16:30:28 +0700] "GET /all/prodam/zemelnye_uchastki/new/?action=done&id=7752 HTTP/1.1" 200 356
10.0.0.57 - - [27/Jun/2017:16:31:08 +0700] "GET /all/prodam/zemelnye_uchastki/new/?action=done&id=7748 HTTP/1.1" 200 356
10.0.0.57 - - [27/Jun/2017:16:32:01 +0700] "GET /plan/?refresh HTTP/1.1" 302 361
10.0.0.57 - - [27/Jun/2017:16:32:02 +0700] "GET /plan/ HTTP/1.1" 200 4893
10.0.0.1 - - [27/Jun/2017:16:32:15 +0700] "POST /all/prodam/doma_dachi_kottedzhi/new/ HTTP/1.0" 200 356
10.0.0.85 - - [27/Jun/2017:16:33:36 +0700] "GET /all/prodam/doma_dachi_kottedzhi/new/?action=done&id=14382 HTTP/1.1" 200 356
10.0.0.85 - - [27/Jun/2017:16:34:47 +0700] "GET /plan/operator2/2017-06-27/ HTTP/1.1" 200 3172
10.0.0.85 - - [27/Jun/2017:16:34:47 +0700] "GET /favicon.ico HTTP/1.1" 200 13684
10.0.0.85 - - [27/Jun/2017:16:35:25 +0700] "POST /all/prodam/doma_dachi_kottedzhi/new/ HTTP/1.1" 200 356
10.0.0.1 - - [27/Jun/2017:16:35:38 +0700] "GET /all/prodam/doma_dachi_kottedzhi/new/?action=done&id=12447 HTTP/1.0" 200 356
10.0.0.85 - - [27/Jun/2017:16:37:20 +0700] "POST /all/prodam/doma_dachi_kottedzhi/new/ HTTP/1.1" 200 356
10.0.0.85 - - [27/Jun/2017:16:37:39 +0700] "POST /all/prodam/doma_dachi_kottedzhi/new/ HTTP/1.1" 200 356
10.0.0.1 - - [27/Jun/2017:16:38:30 +0700] "POST /all/prodam/doma_dachi_kottedzhi/new/ HTTP/1.0" 200 356
10.0.0.85 - - [27/Jun/2017:16:39:03 +0700] "POST /all/prodam/doma_dachi_kottedzhi/new/ HTTP/1.1" 200 356
10.0.0.70 - - [27/Jun/2017:16:39:50 +0700] "POST /prodam/kvartiry/new/ HTTP/1.1" 200 356
10.0.0.70 - - [27/Jun/2017:16:39:51 +0700] "GET /prodam/kvartiry/new/?action=done&id=14851-18 HTTP/1.1" 200 355
10.0.0.1 - - [27/Jun/2017:16:39:54 +0700] "GET /all/prodam/doma_dachi_kottedzhi/new/?action=done&id=12250 HTTP/1.0" 200 356
10.0.0.70 - - [27/Jun/2017:16:40:42 +0700] "POST /prodam/kvartiry/new/ HTTP/1.1" 200 356
10.0.0.70 - - [27/Jun/2017:16:41:07 +0700] "POST /prodam/kvartiry/new/ HTTP/1.1" 200 356
10.0.0.1 - - [27/Jun/2017:16:41:37 +0700] "GET /all/prodam/zemelnye_uchastki/new/?action=done&id=14977 HTTP/1.0" 200 356
10.0.0.1 - - [27/Jun/2017:16:41:45 +0700] "GET /plan/?refresh HTTP/1.0" 302 361
10.0.0.1 - - [27/Jun/2017:16:41:46 +0700] "GET /plan/ HTTP/1.0" 200 4879
10.0.0.1 - - [27/Jun/2017:16:41:52 +0700] "POST /all/prodam/doma_dachi_kottedzhi/new/ HTTP/1.0" 200 356
10.0.0.1 - - [27/Jun/2017:16:41:51 +0700] "GET /plan/?refresh HTTP/1.0" 302 361
10.0.0.1 - - [27/Jun/2017:16:41:52 +0700] "GET /plan/ HTTP/1.0" 200 4877
10.0.0.70 - - [27/Jun/2017:16:42:34 +0700] "POST /prodam/kvartiry/new/ HTTP/1.1" 200 356
10.0.0.70 - - [27/Jun/2017:16:42:36 +0700] "GET /prodam/kvartiry/new/?action=done&id=14886-19 HTTP/1.1" 200 355
10.0.0.1 - - [27/Jun/2017:16:43:52 +0700] "POST /all/prodam/doma_dachi_kottedzhi/new/ HTTP/1.0" 200 356
10.0.0.1 - - [27/Jun/2017:16:45:29 +0700] "GET /all/prodam/doma_dachi_kottedzhi/new/?action=done&id=12234 HTTP/1.0" 200 356
10.0.0.1 - - [27/Jun/2017:16:45:38 +0700] "GET /all/prodam/doma_dachi_kottedzhi/new/?p=9 HTTP/1.0" 200 22420
10.0.0.70 - - [27/Jun/2017:16:46:55 +0700] "POST /prodam/kvartiry/new/ HTTP/1.1" 200 356
10.0.0.70 - - [27/Jun/2017:16:46:57 +0700] "GET /prodam/kvartiry/new/?action=done&id=14884-17 HTTP/1.1" 200 355
10.0.0.1 - - [27/Jun/2017:16:47:17 +0700] "POST /all/prodam/zemelnye_uchastki/new/ HTTP/1.0" 200 356
10.0.0.70 - - [27/Jun/2017:16:48:01 +0700] "POST /prodam/kvartiry/new/ HTTP/1.1" 200 356
10.0.0.70 - - [27/Jun/2017:16:48:28 +0700] "POST /prodam/kvartiry/new/ HTTP/1.1" 200 356
10.0.0.1 - - [27/Jun/2017:16:48:36 +0700] "GET /all/prodam/doma_dachi_kottedzhi/new/?action=done&id=12078 HTTP/1.0" 200 356
10.0.0.85 - - [27/Jun/2017:16:48:36 +0700] "GET /all/prodam/doma_dachi_kottedzhi/new/?action=done&id=14333 HTTP/1.1" 200 356
10.0.0.85 - - [27/Jun/2017:16:48:41 +0700] "GET /all/prodam/doma_dachi_kottedzhi/new/?action=done&id=14329 HTTP/1.1" 200 355
10.0.0.85 - - [27/Jun/2017:16:50:59 +0700] "POST /all/prodam/doma_dachi_kottedzhi/new/ HTTP/1.1" 200 356
10.0.0.57 - - [27/Jun/2017:16:51:08 +0700] "GET /all/prodam/zemelnye_uchastki/new/?action=done&id=7560 HTTP/1.1" 200 356
10.0.0.70 - - [27/Jun/2017:16:51:11 +0700] "POST /prodam/kvartiry/new/ HTTP/1.1" 200 356
10.0.0.57 - - [27/Jun/2017:16:51:14 +0700] "GET /all/prodam/zemelnye_uchastki/new/?p=20 HTTP/1.1" 200 17888
10.0.0.70 - - [27/Jun/2017:16:51:55 +0700] "POST /prodam/kvartiry/new/ HTTP/1.1" 200 356
10.0.0.70 - - [27/Jun/2017:16:52:13 +0700] "GET /prodam/kvartiry/new/ HTTP/1.1" 200 23986
10.0.0.70 - - [27/Jun/2017:16:52:27 +0700] "GET /prodam/kvartiry/new/?action=done&id=1046-18 HTTP/1.1" 200 356
10.0.0.85 - - [27/Jun/2017:16:52:38 +0700] "POST /all/prodam/doma_dachi_kottedzhi/new/ HTTP/1.1" 200 356
10.0.0.57 - - [27/Jun/2017:16:53:32 +0700] "GET /plan/?refresh HTTP/1.1" 302 361
10.0.0.57 - - [27/Jun/2017:16:53:33 +0700] "GET /plan/ HTTP/1.1" 200 4889
10.0.0.85 - - [27/Jun/2017:16:53:57 +0700] "POST /all/prodam/doma_dachi_kottedzhi/new/ HTTP/1.1" 200 356
10.0.0.57 - - [27/Jun/2017:16:56:27 +0700] "GET /all/prodam/zemelnye_uchastki/new/?action=done&id=7350 HTTP/1.1" 200 356
10.0.0.85 - - [27/Jun/2017:16:57:59 +0700] "POST /all/prodam/doma_dachi_kottedzhi/new/ HTTP/1.1" 200 356
10.0.0.85 - - [27/Jun/2017:16:58:04 +0700] "POST /all/prodam/doma_dachi_kottedzhi/new/ HTTP/1.1" 200 356
10.0.0.85 - - [27/Jun/2017:16:58:12 +0700] "POST /all/prodam/doma_dachi_kottedzhi/new/ HTTP/1.1" 200 356
10.0.0.1 - - [27/Jun/2017:16:58:15 +0700] "POST /all/prodam/doma_dachi_kottedzhi/new/ HTTP/1.0" 200 356
10.0.0.53 - - [27/Jun/2017:16:58:19 +0700] "GET /plan/ HTTP/1.1" 200 4950
10.0.0.53 - - [27/Jun/2017:16:58:19 +0700] "GET /js/common.js HTTP/1.1" 200 2430
10.0.0.53 - - [27/Jun/2017:16:58:19 +0700] "GET /js/datetimepicker/jquery.datetimepicker.css HTTP/1.1" 200 3526
10.0.0.53 - - [27/Jun/2017:16:58:19 +0700] "GET /js/jquery.min.js HTTP/1.1" 200 33578
10.0.0.53 - - [27/Jun/2017:16:58:19 +0700] "GET /js/datetimepicker/jquery.datetimepicker.js HTTP/1.1" 200 16414
10.0.0.53 - - [27/Jun/2017:16:58:19 +0700] "GET /css/styles.css HTTP/1.1" 200 2542
10.0.0.53 - - [27/Jun/2017:16:58:19 +0700] "GET /favicon.ico HTTP/1.1" 200 13684
10.0.0.57 - - [27/Jun/2017:16:58:24 +0700] "GET /all/prodam/zemelnye_uchastki/new/?action=done&id=7341 HTTP/1.1" 200 356
10.0.0.57 - - [27/Jun/2017:16:59:35 +0700] "GET /all/prodam/zemelnye_uchastki/new/?action=done&id=7290 HTTP/1.1" 200 356
10.0.0.85 - - [27/Jun/2017:16:59:41 +0700] "POST /all/prodam/doma_dachi_kottedzhi/new/ HTTP/1.1" 200 356
10.0.0.1 - - [27/Jun/2017:16:59:49 +0700] "GET /all/prodam/zemelnye_uchastki/new/?action=done&id=14971 HTTP/1.0" 200 356
10.0.0.85 - - [27/Jun/2017:16:59:52 +0700] "POST /all/prodam/doma_dachi_kottedzhi/new/ HTTP/1.1" 200 356
10.0.0.1 - - [27/Jun/2017:16:59:55 +0700] "GET /plan/?refresh HTTP/1.0" 302 361
10.0.0.1 - - [27/Jun/2017:16:59:55 +0700] "GET /plan/ HTTP/1.0" 200 4878
10.0.0.1 - - [27/Jun/2017:17:00:01 +0700] "GET /plan/?refresh HTTP/1.0" 302 361
10.0.0.1 - - [27/Jun/2017:17:00:02 +0700] "GET /plan/ HTTP/1.0" 200 4876
10.0.0.1 - - [27/Jun/2017:17:00:13 +0700] "GET /plan/?refresh HTTP/1.0" 302 361
10.0.0.1 - - [27/Jun/2017:17:00:14 +0700] "GET /plan/ HTTP/1.0" 200 4876
10.0.0.1 - - [27/Jun/2017:17:00:18 +0700] "GET /plan/ HTTP/1.0" 200 4876
10.0.0.1 - - [27/Jun/2017:17:00:19 +0700] "GET /favicon.ico HTTP/1.0" 200 13684
10.0.0.1 - - [27/Jun/2017:17:00:25 +0700] "POST /all/prodam/doma_dachi_kottedzhi/new/ HTTP/1.0" 200 356
10.0.0.98 - - [27/Jun/2017:17:02:10 +0700] "GET /plan/ HTTP/1.1" 200 4881
10.0.0.98 - - [27/Jun/2017:17:02:10 +0700] "GET /js/datetimepicker/jquery.datetimepicker.css HTTP/1.1" 200 3470
10.0.0.98 - - [27/Jun/2017:17:02:10 +0700] "GET /js/jquery.min.js HTTP/1.1" 200 33523
10.0.0.98 - - [27/Jun/2017:17:02:10 +0700] "GET /js/common.js HTTP/1.1" 200 2374
10.0.0.98 - - [27/Jun/2017:17:02:10 +0700] "GET /css/styles.css HTTP/1.1" 200 2486
10.0.0.98 - - [27/Jun/2017:17:02:10 +0700] "GET /js/datetimepicker/jquery.datetimepicker.js HTTP/1.1" 200 16358
10.0.0.98 - - [27/Jun/2017:17:02:15 +0700] "GET /plan/?refresh HTTP/1.1" 302 305
10.0.0.98 - - [27/Jun/2017:17:02:16 +0700] "GET /plan/ HTTP/1.1" 200 4822
10.0.0.57 - - [27/Jun/2017:17:05:31 +0700] "GET /all/prodam/zemelnye_uchastki/new/?action=done&id=7215 HTTP/1.1" 200 356
10.0.0.57 - - [27/Jun/2017:17:05:33 +0700] "GET /plan/?refresh HTTP/1.1" 302 360
10.0.0.57 - - [27/Jun/2017:17:05:34 +0700] "GET /plan/ HTTP/1.1" 200 4878
10.0.0.1 - - [27/Jun/2017:17:07:01 +0700] "GET /all/prodam/doma_dachi_kottedzhi/new/?action=done&id=11988 HTTP/1.0" 200 356
10.0.0.1 - - [27/Jun/2017:17:07:05 +0700] "GET /plan/?refresh HTTP/1.0" 302 360
10.0.0.1 - - [27/Jun/2017:17:07:06 +0700] "GET /plan/ HTTP/1.0" 200 4884
10.0.0.57 - - [27/Jun/2017:17:07:44 +0700] "POST /all/prodam/zemelnye_uchastki/new/ HTTP/1.1" 200 356
10.0.0.57 - - [27/Jun/2017:17:09:18 +0700] "GET /all/prodam/zemelnye_uchastki/new/?p=21 HTTP/1.1" 200 15687
10.0.0.57 - - [27/Jun/2017:17:10:27 +0700] "GET /plan/?refresh HTTP/1.1" 302 361
10.0.0.57 - - [27/Jun/2017:17:10:27 +0700] "GET /plan/ HTTP/1.1" 200 4884
10.0.0.1 - - [27/Jun/2017:17:11:39 +0700] "GET /plan/?refresh HTTP/1.0" 302 361
10.0.0.1 - - [27/Jun/2017:17:11:39 +0700] "GET /plan/ HTTP/1.0" 200 4884
10.0.0.57 - - [27/Jun/2017:17:11:40 +0700] "POST /all/prodam/zemelnye_uchastki/new/ HTTP/1.1" 200 356
10.0.0.1 - - [27/Jun/2017:17:12:05 +0700] "GET /all/prodam/doma_dachi_kottedzhi/new/?p=11 HTTP/1.0" 200 20206
10.0.0.1 - - [27/Jun/2017:17:12:26 +0700] "GET /all/prodam/doma_dachi_kottedzhi/new/?p=13 HTTP/1.0" 200 20981
10.0.0.1 - - [27/Jun/2017:17:12:35 +0700] "GET /all/prodam/doma_dachi_kottedzhi/new/?action=done&id=11100 HTTP/1.0" 200 356
10.0.0.57 - - [27/Jun/2017:17:12:43 +0700] "GET /all/prodam/zemelnye_uchastki/new/?action=done&id=7058 HTTP/1.1" 200 356
10.0.0.1 - - [27/Jun/2017:17:13:12 +0700] "GET /all/prodam/doma_dachi_kottedzhi/new/?p=14 HTTP/1.0" 200 20968
10.0.0.1 - - [27/Jun/2017:17:13:15 +0700] "GET /all/prodam/doma_dachi_kottedzhi/new/?p=16 HTTP/1.0" 200 23493
10.0.0.1 - - [27/Jun/2017:17:13:17 +0700] "GET /all/prodam/doma_dachi_kottedzhi/new/?p=18 HTTP/1.0" 200 25420
10.0.0.1 - - [27/Jun/2017:17:13:18 +0700] "GET /all/prodam/doma_dachi_kottedzhi/new/?p=20 HTTP/1.0" 200 27038
10.0.0.85 - - [27/Jun/2017:17:13:43 +0700] "GET /all/prodam/doma_dachi_kottedzhi/new/?action=done&id=14310 HTTP/1.1" 200 356
10.0.0.85 - - [27/Jun/2017:17:13:46 +0700] "GET /all/prodam/doma_dachi_kottedzhi/new/?p=3 HTTP/1.1" 200 22059
10.0.0.57 - - [27/Jun/2017:17:14:42 +0700] "GET /all/prodam/zemelnye_uchastki/new/?action=done&id=7054 HTTP/1.1" 200 356
10.0.0.85 - - [27/Jun/2017:17:14:43 +0700] "POST /all/prodam/doma_dachi_kottedzhi/new/ HTTP/1.1" 200 356
10.0.0.57 - - [27/Jun/2017:17:14:45 +0700] "GET /plan/?refresh HTTP/1.1" 302 360
10.0.0.57 - - [27/Jun/2017:17:14:46 +0700] "GET /plan/ HTTP/1.1" 200 4888
10.0.0.1 - - [27/Jun/2017:17:15:41 +0700] "POST /all/prodam/doma_dachi_kottedzhi/new/ HTTP/1.0" 200 356
10.0.0.57 - - [27/Jun/2017:17:16:26 +0700] "GET /all/prodam/zemelnye_uchastki/new/?action=done&id=6996 HTTP/1.1" 200 356
10.0.0.85 - - [27/Jun/2017:17:17:39 +0700] "POST /all/prodam/doma_dachi_kottedzhi/new/ HTTP/1.1" 200 356
10.0.0.85 - - [27/Jun/2017:17:17:39 +0700] "GET /all/prodam/doma_dachi_kottedzhi/new/?action=done&id=14301 HTTP/1.1" 200 355
10.0.0.57 - - [27/Jun/2017:17:17:45 +0700] "GET /all/prodam/zemelnye_uchastki/new/?action=done&id=6912 HTTP/1.1" 200 356
10.0.0.85 - - [27/Jun/2017:17:17:47 +0700] "GET /all/prodam/doma_dachi_kottedzhi/new/?action=done&id=14298 HTTP/1.1" 200 356
10.0.0.85 - - [27/Jun/2017:17:17:50 +0700] "GET /plan/operator2/2017-06-27/ HTTP/1.1" 200 3185
10.0.0.85 - - [27/Jun/2017:17:17:50 +0700] "GET /favicon.ico HTTP/1.1" 200 13684
10.0.0.57 - - [27/Jun/2017:17:19:09 +0700] "POST /all/prodam/zemelnye_uchastki/new/ HTTP/1.1" 200 356
10.0.0.1 - - [27/Jun/2017:17:20:13 +0700] "GET /all/prodam/doma_dachi_kottedzhi/new/?action=done&id=9613 HTTP/1.0" 200 356
10.0.0.1 - - [27/Jun/2017:17:20:15 +0700] "GET /plan/?refresh HTTP/1.0" 302 360
10.0.0.1 - - [27/Jun/2017:17:20:16 +0700] "GET /plan/ HTTP/1.0" 200 4874
10.0.0.1 - - [27/Jun/2017:17:20:26 +0700] "GET /all/prodam/zemelnye_uchastki/new/?action=done&id=14965 HTTP/1.0" 200 356
10.0.0.57 - - [27/Jun/2017:17:21:13 +0700] "GET /all/prodam/zemelnye_uchastki/new/?action=done&id=6900 HTTP/1.1" 200 356
10.0.0.1 - - [27/Jun/2017:17:21:30 +0700] "GET /all/prodam/zemelnye_uchastki/new/?action=done&id=14950 HTTP/1.0" 200 356
10.0.0.85 - - [27/Jun/2017:17:22:05 +0700] "GET /all/prodam/doma_dachi_kottedzhi/new/?action=done&id=14295 HTTP/1.1" 200 356
10.0.0.85 - - [27/Jun/2017:17:22:10 +0700] "GET /all/prodam/doma_dachi_kottedzhi/new/?action=done&id=14285 HTTP/1.1" 200 355
10.0.0.1 - - [27/Jun/2017:17:22:31 +0700] "POST /all/prodam/doma_dachi_kottedzhi/new/ HTTP/1.0" 200 356
10.0.0.57 - - [27/Jun/2017:17:22:39 +0700] "GET /all/prodam/zemelnye_uchastki/new/?action=done&id=6887 HTTP/1.1" 200 356
10.0.0.57 - - [27/Jun/2017:17:22:42 +0700] "GET /plan/?refresh HTTP/1.1" 302 360
10.0.0.57 - - [27/Jun/2017:17:22:42 +0700] "GET /plan/ HTTP/1.1" 200 4877
10.0.0.57 - - [27/Jun/2017:17:24:43 +0700] "GET /all/prodam/zemelnye_uchastki/new/?action=done&id=6752 HTTP/1.1" 200 356
10.0.0.1 - - [27/Jun/2017:17:24:59 +0700] "POST /all/prodam/doma_dachi_kottedzhi/new/ HTTP/1.0" 200 356
10.0.0.1 - - [27/Jun/2017:17:25:02 +0700] "GET /prodam/kvartiry/ HTTP/1.0" 302 375
10.0.0.1 - - [27/Jun/2017:17:25:02 +0700] "GET /prodam/kvartiry/new/ HTTP/1.0" 200 23744
10.0.0.1 - - [27/Jun/2017:17:25:07 +0700] "GET /prodam/kvartiry/new/?rooms=0-1&site=&date_from=&date_to= HTTP/1.0" 200 22374
10.0.0.57 - - [27/Jun/2017:17:26:32 +0700] "GET /plan/?refresh HTTP/1.1" 302 361
10.0.0.57 - - [27/Jun/2017:17:26:32 +0700] "GET /plan/ HTTP/1.1" 200 4883
10.0.0.57 - - [27/Jun/2017:17:27:06 +0700] "GET /plan/operator3/2017-05-29/ HTTP/1.1" 200 3157
10.0.0.57 - - [27/Jun/2017:17:27:08 +0700] "GET /plan/ HTTP/1.1" 200 4882
10.0.0.57 - - [27/Jun/2017:17:27:14 +0700] "GET /plan/?refresh HTTP/1.1" 302 361
10.0.0.57 - - [27/Jun/2017:17:27:14 +0700] "GET /plan/ HTTP/1.1" 200 4878
10.0.0.1 - - [27/Jun/2017:17:27:47 +0700] "POST /all/prodam/doma_dachi_kottedzhi/new/ HTTP/1.0" 200 356
10.0.0.1 - - [27/Jun/2017:17:30:18 +0700] "GET /all/prodam/doma_dachi_kottedzhi/new/?action=done&id=9623 HTTP/1.0" 200 356
10.0.0.1 - - [27/Jun/2017:17:30:23 +0700] "GET /plan/?refresh HTTP/1.0" 302 360
10.0.0.1 - - [27/Jun/2017:17:30:23 +0700] "GET /plan/ HTTP/1.0" 200 4883
10.0.0.85 - - [27/Jun/2017:17:30:30 +0700] "GET /search/?phone=89833318447 HTTP/1.1" 200 2494
10.0.0.85 - - [27/Jun/2017:17:30:46 +0700] "GET /all/prodam/doma_dachi_kottedzhi/new/?p=2 HTTP/1.1" 200 25557
10.0.0.1 - - [27/Jun/2017:17:31:06 +0700] "GET /all/prodam/zemelnye_uchastki/new/?action=done&id=14934 HTTP/1.0" 200 356
10.0.0.1 - - [27/Jun/2017:17:31:15 +0700] "GET /plan/ HTTP/1.0" 200 4884
10.0.0.1 - - [27/Jun/2017:17:31:16 +0700] "GET /favicon.ico HTTP/1.0" 200 13684
10.0.0.1 - - [27/Jun/2017:17:31:53 +0700] "GET /all/prodam/doma_dachi_kottedzhi/new/?action=done&id=9498 HTTP/1.0" 200 356
10.0.0.85 - - [27/Jun/2017:17:34:16 +0700] "GET /plan/operator2/2017-06-27/ HTTP/1.1" 200 3189
10.0.0.85 - - [27/Jun/2017:17:34:16 +0700] "GET /favicon.ico HTTP/1.1" 200 13684
10.0.0.1 - - [27/Jun/2017:17:36:33 +0700] "POST /all/prodam/doma_dachi_kottedzhi/new/ HTTP/1.0" 200 356
10.0.0.1 - - [27/Jun/2017:17:36:41 +0700] "GET /all/prodam/doma_dachi_kottedzhi/new/?p=22 HTTP/1.0" 200 25845
10.0.0.1 - - [27/Jun/2017:17:38:33 +0700] "POST /all/prodam/doma_dachi_kottedzhi/new/ HTTP/1.0" 200 356
10.0.0.1 - - [27/Jun/2017:17:40:10 +0700] "POST /all/prodam/doma_dachi_kottedzhi/new/ HTTP/1.0" 200 356
10.0.0.1 - - [27/Jun/2017:17:40:37 +0700] "GET /plan/ HTTP/1.0" 200 4885
10.0.0.1 - - [27/Jun/2017:17:40:37 +0700] "GET /favicon.ico HTTP/1.0" 200 13684
10.0.0.1 - - [27/Jun/2017:17:40:45 +0700] "GET /plan/ HTTP/1.0" 200 4885
10.0.0.1 - - [27/Jun/2017:17:40:45 +0700] "GET /favicon.ico HTTP/1.0" 200 13684
10.0.0.1 - - [27/Jun/2017:17:40:55 +0700] "GET /all/prodam/zemelnye_uchastki/new/?action=done&id=14930 HTTP/1.0" 200 356
10.0.0.1 - - [27/Jun/2017:17:41:05 +0700] "GET /plan/ HTTP/1.0" 200 4885
10.0.0.1 - - [27/Jun/2017:17:41:05 +0700] "GET /favicon.ico HTTP/1.0" 200 13684
10.0.0.1 - - [27/Jun/2017:17:41:18 +0700] "GET /plan/ HTTP/1.0" 200 4885
10.0.0.1 - - [27/Jun/2017:17:41:18 +0700] "GET /favicon.ico HTTP/1.0" 200 13684
10.0.0.1 - - [27/Jun/2017:17:41:42 +0700] "POST /all/prodam/doma_dachi_kottedzhi/new/ HTTP/1.0" 200 356
10.0.0.85 - - [27/Jun/2017:17:42:11 +0700] "GET /all/prodam/doma_dachi_kottedzhi/new/?action=done&id=14328 HTTP/1.1" 200 356
10.0.0.85 - - [27/Jun/2017:17:42:14 +0700] "GET /plan/operator2/2017-06-27/ HTTP/1.1" 200 3187
10.0.0.85 - - [27/Jun/2017:17:42:15 +0700] "GET /favicon.ico HTTP/1.1" 200 13684
10.0.0.85 - - [27/Jun/2017:17:42:38 +0700] "GET /search/?phone=89085907172 HTTP/1.1" 200 1394
10.0.0.85 - - [27/Jun/2017:17:43:21 +0700] "GET /search/?phone=89085907172 HTTP/1.1" 200 1394
10.0.0.85 - - [27/Jun/2017:17:43:26 +0700] "GET /search/?phone= HTTP/1.1" 200 1361
10.0.0.85 - - [27/Jun/2017:17:43:31 +0700] "GET /plan/operator2/2017-06-27/ HTTP/1.1" 200 3189
10.0.0.85 - - [27/Jun/2017:17:43:31 +0700] "GET /favicon.ico HTTP/1.1" 200 13684
10.0.0.85 - - [27/Jun/2017:17:43:42 +0700] "GET /all/prodam/doma_dachi_kottedzhi/new/?p=3 HTTP/1.1" 200 23538
10.0.0.85 - - [27/Jun/2017:17:44:08 +0700] "GET /all/prodam/doma_dachi_kottedzhi/new/?action=done&id=14303 HTTP/1.1" 200 356
10.0.0.1 - - [27/Jun/2017:17:46:43 +0700] "GET /all/prodam/doma_dachi_kottedzhi/new/?action=done&id=9208 HTTP/1.0" 200 356
10.0.0.1 - - [27/Jun/2017:17:46:46 +0700] "GET /plan/?refresh HTTP/1.0" 302 360
10.0.0.1 - - [27/Jun/2017:17:46:47 +0700] "GET /plan/ HTTP/1.0" 200 4883
10.0.0.1 - - [27/Jun/2017:17:47:07 +0700] "GET /all/prodam/doma_dachi_kottedzhi/new/?action=done&id=9195 HTTP/1.0" 200 356
10.0.0.85 - - [27/Jun/2017:17:48:48 +0700] "GET /plan/operator2/2017-06-27/ HTTP/1.1" 200 3180
10.0.0.85 - - [27/Jun/2017:17:48:49 +0700] "GET /favicon.ico HTTP/1.1" 200 13684
10.0.0.1 - - [27/Jun/2017:17:49:37 +0700] "POST /all/prodam/doma_dachi_kottedzhi/new/ HTTP/1.0" 200 356
10.0.0.1 - - [27/Jun/2017:17:49:37 +0700] "GET /all/prodam/doma_dachi_kottedzhi/new/?p=23 HTTP/1.0" 200 24456
10.0.0.85 - - [27/Jun/2017:17:53:20 +0700] "GET /all/prodam/doma_dachi_kottedzhi/new/?action=done&id=14280 HTTP/1.1" 200 356
10.0.0.1 - - [27/Jun/2017:17:53:37 +0700] "GET /all/prodam/doma_dachi_kottedzhi/new/?action=done&id=9131 HTTP/1.0" 200 356
10.0.0.1 - - [27/Jun/2017:17:55:56 +0700] "GET /all/prodam/doma_dachi_kottedzhi/new/?action=done&id=9140 HTTP/1.0" 200 356
10.0.0.85 - - [27/Jun/2017:18:00:26 +0700] "GET /all/prodam/doma_dachi_kottedzhi/new/?action=done&id=14279 HTTP/1.1" 200 356
10.0.0.85 - - [27/Jun/2017:18:00:40 +0700] "GET /plan/operator2/2017-06-27/ HTTP/1.1" 200 3181
10.0.0.85 - - [27/Jun/2017:18:00:40 +0700] "GET /favicon.ico HTTP/1.1" 200 13684
10.0.0.85 - - [27/Jun/2017:18:00:43 +0700] "GET /plan/operator2/2017-06-27/ HTTP/1.1" 200 3180
10.0.0.85 - - [27/Jun/2017:18:00:53 +0700] "GET /all/prodam/doma_dachi_kottedzhi/new/?p=3 HTTP/1.1" 200 23594
10.0.0.85 - - [27/Jun/2017:18:00:54 +0700] "GET /favicon.ico HTTP/1.1" 200 13684
10.0.0.85 - - [27/Jun/2017:18:01:01 +0700] "GET /plan/operator2/2017-06-27/ HTTP/1.1" 200 3181
10.0.0.70 - - [28/Jun/2017:08:06:59 +0700] "GET /prodam/kvartiry/new/ HTTP/1.1" 200 24190
10.0.0.70 - - [28/Jun/2017:08:07:28 +0700] "GET /prodam/kvartiry/new/?rooms=2&site=&date_from=&date_to= HTTP/1.1" 200 27631
10.0.0.57 - - [28/Jun/2017:08:25:03 +0700] "GET /plan/operator3/2017-05-29/ HTTP/1.1" 200 3215
10.0.0.57 - - [28/Jun/2017:08:25:06 +0700] "GET / HTTP/1.1" 302 376
10.0.0.57 - - [28/Jun/2017:08:25:06 +0700] "GET /prodam/kvartiry/new/ HTTP/1.1" 200 23645
10.0.0.57 - - [28/Jun/2017:08:25:15 +0700] "GET /plan/ HTTP/1.1" 200 4887
10.0.0.57 - - [28/Jun/2017:08:25:17 +0700] "GET /plan/?refresh HTTP/1.1" 302 360
10.0.0.57 - - [28/Jun/2017:08:25:17 +0700] "GET /plan/ HTTP/1.1" 200 4886
10.0.0.57 - - [28/Jun/2017:08:25:23 +0700] "GET /plan/?refresh HTTP/1.1" 302 361
10.0.0.57 - - [28/Jun/2017:08:25:23 +0700] "GET /plan/ HTTP/1.1" 200 4886
10.0.0.57 - - [28/Jun/2017:08:25:25 +0700] "GET /plan/?refresh HTTP/1.1" 302 361
10.0.0.57 - - [28/Jun/2017:08:25:25 +0700] "GET /plan/ HTTP/1.1" 200 4885
10.0.0.57 - - [28/Jun/2017:08:25:26 +0700] "GET /plan/?refresh HTTP/1.1" 302 360
10.0.0.57 - - [28/Jun/2017:08:25:26 +0700] "GET /plan/ HTTP/1.1" 200 4886
10.0.0.57 - - [28/Jun/2017:08:25:26 +0700] "GET /plan/?refresh HTTP/1.1" 302 360
10.0.0.57 - - [28/Jun/2017:08:25:26 +0700] "GET /plan/ HTTP/1.1" 200 4886
10.0.0.57 - - [28/Jun/2017:08:25:32 +0700] "GET /prodam/kvartiry/new/?rooms=3-10&site=&date_from=&date_to= HTTP/1.1" 200 25875
10.0.0.57 - - [28/Jun/2017:08:25:52 +0700] "GET /plan/?refresh HTTP/1.1" 302 361
10.0.0.57 - - [28/Jun/2017:08:25:53 +0700] "GET /plan/ HTTP/1.1" 200 4886
10.0.0.70 - - [28/Jun/2017:08:29:03 +0700] "GET /prodam/kvartiry/new/ HTTP/1.1" 200 23704
10.0.0.70 - - [28/Jun/2017:08:29:03 +0700] "GET /js/jquery.min.js HTTP/1.1" 200 33578
10.0.0.70 - - [28/Jun/2017:08:29:03 +0700] "GET /js/datetimepicker/jquery.datetimepicker.js HTTP/1.1" 200 16414
10.0.0.70 - - [28/Jun/2017:08:29:03 +0700] "GET /js/common.js HTTP/1.1" 200 2430
10.0.0.70 - - [28/Jun/2017:08:29:03 +0700] "GET /css/styles.css HTTP/1.1" 200 2542
10.0.0.70 - - [28/Jun/2017:08:29:03 +0700] "GET /js/datetimepicker/jquery.datetimepicker.css HTTP/1.1" 200 3526
10.0.0.70 - - [28/Jun/2017:08:29:08 +0700] "GET /prodam/kvartiry/new/?rooms=2&site=&date_from=&date_to= HTTP/1.1" 200 27612
10.0.0.57 - - [28/Jun/2017:08:30:17 +0700] "GET /prodam/kvartiry/new/?action=done&id=15296-21 HTTP/1.1" 200 356
10.0.0.57 - - [28/Jun/2017:08:30:20 +0700] "GET /plan/?refresh HTTP/1.1" 302 361
10.0.0.57 - - [28/Jun/2017:08:30:20 +0700] "GET /plan/ HTTP/1.1" 200 4944
10.0.0.57 - - [28/Jun/2017:08:32:27 +0700] "POST /prodam/kvartiry/new/ HTTP/1.1" 200 356
10.0.0.57 - - [28/Jun/2017:08:32:36 +0700] "POST /prodam/kvartiry/new/ HTTP/1.1" 200 356
10.0.0.57 - - [28/Jun/2017:08:33:53 +0700] "POST /prodam/kvartiry/new/ HTTP/1.1" 200 356
10.0.0.57 - - [28/Jun/2017:08:34:14 +0700] "POST /prodam/kvartiry/new/ HTTP/1.1" 200 356
10.0.0.57 - - [28/Jun/2017:08:34:29 +0700] "POST /prodam/kvartiry/new/ HTTP/1.1" 200 356
10.0.0.57 - - [28/Jun/2017:08:37:11 +0700] "GET /plan/?refresh HTTP/1.1" 302 361
10.0.0.57 - - [28/Jun/2017:08:37:11 +0700] "GET /plan/ HTTP/1.1" 200 4953
10.0.0.70 - - [28/Jun/2017:08:47:23 +0700] "GET /prodam/kvartiry/new/?action=done&id=15289-20 HTTP/1.1" 200 356
10.0.0.70 - - [28/Jun/2017:08:48:42 +0700] "POST /prodam/kvartiry/new/ HTTP/1.1" 200 356
10.0.0.70 - - [28/Jun/2017:08:52:53 +0700] "POST /prodam/kvartiry/new/ HTTP/1.1" 200 356
10.0.0.70 - - [28/Jun/2017:08:52:54 +0700] "GET /prodam/kvartiry/new/?action=done&id=183-20 HTTP/1.1" 200 355
10.0.0.57 - - [28/Jun/2017:08:53:33 +0700] "POST /prodam/kvartiry/new/ HTTP/1.1" 200 356
10.0.0.57 - - [28/Jun/2017:08:53:37 +0700] "POST /prodam/kvartiry/new/ HTTP/1.1" 200 355
10.0.0.70 - - [28/Jun/2017:08:54:23 +0700] "GET /prodam/kvartiry/new/?action=done&id=15233-19 HTTP/1.1" 200 356
10.0.0.57 - - [28/Jun/2017:08:54:40 +0700] "POST /prodam/kvartiry/new/ HTTP/1.1" 200 356
10.0.0.57 - - [28/Jun/2017:08:56:27 +0700] "POST /prodam/kvartiry/new/ HTTP/1.1" 200 356
10.0.0.70 - - [28/Jun/2017:08:56:39 +0700] "GET /prodam/kvartiry/new/?action=done&id=15205-20 HTTP/1.1" 200 356
10.0.0.57 - - [28/Jun/2017:08:57:01 +0700] "POST /prodam/kvartiry/new/ HTTP/1.1" 200 356
10.0.0.70 - - [28/Jun/2017:08:58:16 +0700] "GET /prodam/kvartiry/new/?action=done&id=15206-20 HTTP/1.1" 200 356
10.0.0.57 - - [28/Jun/2017:08:58:38 +0700] "POST /prodam/kvartiry/new/ HTTP/1.1" 200 356
10.0.0.57 - - [28/Jun/2017:08:59:37 +0700] "POST /prodam/kvartiry/new/ HTTP/1.1" 200 356
10.0.0.57 - - [28/Jun/2017:09:00:11 +0700] "POST /prodam/kvartiry/new/ HTTP/1.1" 200 356
10.0.0.57 - - [28/Jun/2017:09:00:13 +0700] "GET /plan/?refresh HTTP/1.1" 302 360
10.0.0.57 - - [28/Jun/2017:09:00:13 +0700] "GET /plan/ HTTP/1.1" 200 4975
10.0.0.57 - - [28/Jun/2017:09:00:20 +0700] "POST /prodam/kvartiry/new/ HTTP/1.1" 200 356
10.0.0.57 - - [28/Jun/2017:09:00:41 +0700] "POST /prodam/kvartiry/new/ HTTP/1.1" 200 356
10.0.0.70 - - [28/Jun/2017:09:00:41 +0700] "POST /prodam/kvartiry/new/ HTTP/1.1" 200 356
10.0.0.1 - - [28/Jun/2017:09:01:22 +0700] "GET / HTTP/1.0" 302 434
10.0.0.1 - - [28/Jun/2017:09:01:22 +0700] "GET /prodam/kvartiry/new/ HTTP/1.0" 200 23459
10.0.0.70 - - [28/Jun/2017:09:02:17 +0700] "POST /prodam/kvartiry/new/ HTTP/1.1" 200 356
10.0.0.1 - - [28/Jun/2017:09:02:26 +0700] "GET /prodam/kvartiry/new/?rooms=0-1&site=&date_from=&date_to= HTTP/1.0" 200 20864
10.0.0.57 - - [28/Jun/2017:09:02:46 +0700] "GET /prodam/kvartiry/new/?action=done&id=14450-22 HTTP/1.1" 200 356
10.0.0.1 - - [28/Jun/2017:09:02:49 +0700] "GET /prodam/kvartiry/new/?rooms=0-1&site=&date_from=&date_to= HTTP/1.0" 200 20864
10.0.0.57 - - [28/Jun/2017:09:02:49 +0700] "GET /plan/?refresh HTTP/1.1" 302 360
10.0.0.57 - - [28/Jun/2017:09:02:50 +0700] "GET /plan/ HTTP/1.1" 200 4977
10.0.0.70 - - [28/Jun/2017:09:03:09 +0700] "POST /prodam/kvartiry/new/ HTTP/1.1" 200 356
10.0.0.70 - - [28/Jun/2017:09:03:57 +0700] "GET /prodam/kvartiry/new/?action=agency&id=15167-22 HTTP/1.1" 200 364
10.0.0.70 - - [28/Jun/2017:09:04:49 +0700] "POST /prodam/kvartiry/new/ HTTP/1.1" 200 356
10.0.0.70 - - [28/Jun/2017:09:04:52 +0700] "GET /prodam/kvartiry/new/?action=agency&id=15091-21 HTTP/1.1" 200 352
10.0.0.1 - - [28/Jun/2017:09:05:53 +0700] "GET /prodam/kvartiry/new/?action=done&id=15207-18 HTTP/1.0" 200 356
10.0.0.57 - - [28/Jun/2017:09:06:12 +0700] "POST /prodam/kvartiry/new/ HTTP/1.1" 200 356
10.0.0.70 - - [28/Jun/2017:09:06:34 +0700] "POST /prodam/kvartiry/new/ HTTP/1.1" 200 356
10.0.0.57 - - [28/Jun/2017:09:06:41 +0700] "POST /prodam/kvartiry/new/ HTTP/1.1" 200 356
10.0.0.57 - - [28/Jun/2017:09:06:43 +0700] "GET /plan/?refresh HTTP/1.1" 302 360
10.0.0.57 - - [28/Jun/2017:09:06:43 +0700] "GET /plan/ HTTP/1.1" 200 5029
10.0.0.57 - - [28/Jun/2017:09:06:57 +0700] "POST /prodam/kvartiry/new/ HTTP/1.1" 200 356
10.0.0.57 - - [28/Jun/2017:09:06:57 +0700] "GET /prodam/zemelnye_uchastki/ HTTP/1.1" 302 388
10.0.0.57 - - [28/Jun/2017:09:06:57 +0700] "GET /all/prodam/zemelnye_uchastki/new/ HTTP/1.1" 200 16599
10.0.0.1 - - [28/Jun/2017:09:07:50 +0700] "POST /prodam/kvartiry/new/ HTTP/1.0" 200 356
10.0.0.57 - - [28/Jun/2017:09:08:20 +0700] "GET /prodam/kvartiry/ HTTP/1.1" 302 376
10.0.0.57 - - [28/Jun/2017:09:08:20 +0700] "GET /prodam/kvartiry/new/ HTTP/1.1" 200 23609
10.0.0.57 - - [28/Jun/2017:09:08:27 +0700] "GET /prodam/kvartiry/new/?rooms=3-10&site=&date_from=&date_to= HTTP/1.1" 200 25756
10.0.0.57 - - [28/Jun/2017:09:08:28 +0700] "GET /prodam/kvartiry/new/?p=2&rooms=3-10 HTTP/1.1" 200 12750
10.0.0.70 - - [28/Jun/2017:09:08:33 +0700] "POST /prodam/kvartiry/new/ HTTP/1.1" 200 356
10.0.0.57 - - [28/Jun/2017:09:08:38 +0700] "GET /prodam/kvartiry/new/?p=1&rooms=3-10 HTTP/1.1" 200 25756
10.0.0.70 - - [28/Jun/2017:09:09:16 +0700] "POST /prodam/kvartiry/new/ HTTP/1.1" 200 356
10.0.0.1 - - [28/Jun/2017:09:09:50 +0700] "GET /prodam/kvartiry/new/?action=done&id=15230-18 HTTP/1.0" 200 356
10.0.0.70 - - [28/Jun/2017:09:10:39 +0700] "POST /prodam/kvartiry/new/ HTTP/1.1" 200 356
10.0.0.57 - - [28/Jun/2017:09:10:51 +0700] "POST /prodam/kvartiry/new/ HTTP/1.1" 200 356
10.0.0.1 - - [28/Jun/2017:09:11:18 +0700] "POST /prodam/kvartiry/new/ HTTP/1.0" 200 356
10.0.0.70 - - [28/Jun/2017:09:11:58 +0700] "POST /prodam/kvartiry/new/ HTTP/1.1" 200 356
10.0.0.57 - - [28/Jun/2017:09:12:38 +0700] "POST /prodam/kvartiry/new/ HTTP/1.1" 200 356
10.0.0.70 - - [28/Jun/2017:09:13:04 +0700] "POST /prodam/kvartiry/new/ HTTP/1.1" 200 356
10.0.0.1 - - [28/Jun/2017:09:13:11 +0700] "POST /prodam/kvartiry/new/ HTTP/1.0" 200 356
10.0.0.57 - - [28/Jun/2017:09:13:34 +0700] "POST /prodam/kvartiry/new/ HTTP/1.1" 200 356
10.0.0.70 - - [28/Jun/2017:09:15:14 +0700] "POST /prodam/kvartiry/new/ HTTP/1.1" 200 356
10.0.0.70 - - [28/Jun/2017:09:15:15 +0700] "GET /prodam/kvartiry/new/?action=done&id=14530-21 HTTP/1.1" 200 355
10.0.0.1 - - [28/Jun/2017:09:15:17 +0700] "GET /prodam/kvartiry/new/?action=done&id=15291-18 HTTP/1.0" 200 356
10.0.0.70 - - [28/Jun/2017:09:15:34 +0700] "POST /prodam/kvartiry/new/ HTTP/1.1" 200 356
10.0.0.1 - - [28/Jun/2017:09:15:47 +0700] "POST /prodam/kvartiry/new/ HTTP/1.0" 200 356
10.0.0.57 - - [28/Jun/2017:09:15:49 +0700] "GET /prodam/kvartiry/new/?action=done&id=13884-22 HTTP/1.1" 200 356
10.0.0.1 - - [28/Jun/2017:09:15:53 +0700] "POST /prodam/kvartiry/new/ HTTP/1.0" 200 356
10.0.0.57 - - [28/Jun/2017:09:15:59 +0700] "POST /prodam/kvartiry/new/ HTTP/1.1" 200 356
10.0.0.1 - - [28/Jun/2017:09:15:59 +0700] "POST /prodam/kvartiry/new/ HTTP/1.0" 200 356
10.0.0.1 - - [28/Jun/2017:09:16:05 +0700] "POST /prodam/kvartiry/new/ HTTP/1.0" 200 356
10.0.0.70 - - [28/Jun/2017:09:16:27 +0700] "POST /prodam/kvartiry/new/ HTTP/1.1" 200 356
10.0.0.57 - - [28/Jun/2017:09:16:28 +0700] "POST /prodam/kvartiry/new/ HTTP/1.1" 200 356
10.0.0.57 - - [28/Jun/2017:09:17:16 +0700] "POST /prodam/kvartiry/new/ HTTP/1.1" 200 356
10.0.0.1 - - [28/Jun/2017:09:17:18 +0700] "POST /prodam/kvartiry/new/ HTTP/1.0" 200 356
10.0.0.1 - - [28/Jun/2017:09:17:22 +0700] "POST /prodam/kvartiry/new/ HTTP/1.0" 200 356
10.0.0.70 - - [28/Jun/2017:09:17:43 +0700] "POST /prodam/kvartiry/new/ HTTP/1.1" 200 356
10.0.0.57 - - [28/Jun/2017:09:18:11 +0700] "POST /prodam/kvartiry/new/ HTTP/1.1" 200 356
10.0.0.57 - - [28/Jun/2017:09:18:19 +0700] "GET /plan/?refresh HTTP/1.1" 302 361
10.0.0.57 - - [28/Jun/2017:09:18:20 +0700] "GET /plan/ HTTP/1.1" 200 4998
10.0.0.1 - - [28/Jun/2017:09:18:27 +0700] "POST /prodam/kvartiry/new/ HTTP/1.0" 200 356
10.0.0.1 - - [28/Jun/2017:09:18:28 +0700] "POST /prodam/kvartiry/new/ HTTP/1.0" 200 356
10.0.0.70 - - [28/Jun/2017:09:18:37 +0700] "POST /prodam/kvartiry/new/ HTTP/1.1" 200 356
10.0.0.1 - - [28/Jun/2017:09:19:03 +0700] "POST /prodam/kvartiry/new/ HTTP/1.0" 200 356
10.0.0.70 - - [28/Jun/2017:09:19:05 +0700] "POST /prodam/kvartiry/new/ HTTP/1.1" 200 356
10.0.0.57 - - [28/Jun/2017:09:19:09 +0700] "POST /prodam/kvartiry/new/ HTTP/1.1" 200 356
10.0.0.57 - - [28/Jun/2017:09:20:19 +0700] "POST /prodam/kvartiry/new/ HTTP/1.1" 200 356
10.0.0.1 - - [28/Jun/2017:09:21:18 +0700] "GET /prodam/kvartiry/new/?action=done&id=15268-16 HTTP/1.0" 200 356
10.0.0.57 - - [28/Jun/2017:09:21:27 +0700] "POST /prodam/kvartiry/new/ HTTP/1.1" 200 356
10.0.0.70 - - [28/Jun/2017:09:21:29 +0700] "POST /prodam/kvartiry/new/ HTTP/1.1" 200 356
10.0.0.70 - - [28/Jun/2017:09:21:30 +0700] "GET /prodam/kvartiry/new/?action=done&id=14305-20 HTTP/1.1" 200 355
10.0.0.57 - - [28/Jun/2017:09:22:29 +0700] "POST /prodam/kvartiry/new/ HTTP/1.1" 200 356
10.0.0.70 - - [28/Jun/2017:09:22:35 +0700] "POST /prodam/kvartiry/new/ HTTP/1.1" 200 356
10.0.0.57 - - [28/Jun/2017:09:22:56 +0700] "POST /prodam/kvartiry/new/ HTTP/1.1" 200 356
10.0.0.70 - - [28/Jun/2017:09:24:03 +0700] "POST /prodam/kvartiry/new/ HTTP/1.1" 200 356
10.0.0.57 - - [28/Jun/2017:09:24:20 +0700] "POST /prodam/kvartiry/new/ HTTP/1.1" 200 356
10.0.0.57 - - [28/Jun/2017:09:24:58 +0700] "POST /prodam/kvartiry/new/ HTTP/1.1" 200 356
10.0.0.57 - - [28/Jun/2017:09:25:18 +0700] "POST /prodam/kvartiry/new/ HTTP/1.1" 200 356
10.0.0.1 - - [28/Jun/2017:09:25:37 +0700] "POST /prodam/kvartiry/new/ HTTP/1.0" 200 356
10.0.0.1 - - [28/Jun/2017:09:25:39 +0700] "GET /prodam/kvartiry/new/?rooms=0-1&site=&date_from=&date_to= HTTP/1.0" 200 21163
10.0.0.1 - - [28/Jun/2017:09:25:39 +0700] "GET /js/jquery.min.js HTTP/1.0" 200 33578
10.0.0.1 - - [28/Jun/2017:09:25:39 +0700] "GET /js/datetimepicker/jquery.datetimepicker.js HTTP/1.0" 200 16413
10.0.0.1 - - [28/Jun/2017:09:25:39 +0700] "GET /js/common.js HTTP/1.0" 200 2430
10.0.0.1 - - [28/Jun/2017:09:25:39 +0700] "GET /css/styles.css HTTP/1.0" 200 2542
10.0.0.1 - - [28/Jun/2017:09:25:39 +0700] "GET /js/datetimepicker/jquery.datetimepicker.css HTTP/1.0" 200 3525
10.0.0.1 - - [28/Jun/2017:09:25:40 +0700] "GET /favicon.ico HTTP/1.0" 200 13684
10.0.0.57 - - [28/Jun/2017:09:26:01 +0700] "POST /prodam/kvartiry/new/ HTTP/1.1" 200 356
10.0.0.57 - - [28/Jun/2017:09:26:01 +0700] "GET /prodam/kvartiry/new/?rooms=3-10&site=&date_from=&date_to= HTTP/1.1" 200 25927
10.0.0.1 - - [28/Jun/2017:09:26:04 +0700] "GET /prodam/kvartiry/new/?action=done&id=15175-16 HTTP/1.0" 200 356
10.0.0.57 - - [28/Jun/2017:09:26:04 +0700] "GET /prodam/kvartiry/new/?rooms=3-10&site=&date_from=&date_to= HTTP/1.1" 200 25927
10.0.0.70 - - [28/Jun/2017:09:26:32 +0700] "GET /prodam/kvartiry/new/?action=done&id=365-20 HTTP/1.1" 200 356
10.0.0.57 - - [28/Jun/2017:09:26:47 +0700] "GET /plan/?refresh HTTP/1.1" 302 361
10.0.0.57 - - [28/Jun/2017:09:26:47 +0700] "GET /plan/ HTTP/1.1" 200 5030
10.0.0.70 - - [28/Jun/2017:09:27:38 +0700] "POST /prodam/kvartiry/new/ HTTP/1.1" 200 356
10.0.0.1 - - [28/Jun/2017:09:27:49 +0700] "POST /prodam/kvartiry/new/ HTTP/1.0" 200 356
10.0.0.1 - - [28/Jun/2017:09:27:52 +0700] "POST /prodam/kvartiry/new/ HTTP/1.0" 200 356
10.0.0.70 - - [28/Jun/2017:09:27:55 +0700] "POST /prodam/kvartiry/new/ HTTP/1.1" 200 356
10.0.0.1 - - [28/Jun/2017:09:28:26 +0700] "POST /prodam/kvartiry/new/ HTTP/1.0" 200 356
10.0.0.1 - - [28/Jun/2017:09:28:28 +0700] "POST /prodam/kvartiry/new/ HTTP/1.0" 200 356
10.0.0.70 - - [28/Jun/2017:09:28:48 +0700] "POST /prodam/kvartiry/new/ HTTP/1.1" 200 356
10.0.0.70 - - [28/Jun/2017:09:29:18 +0700] "POST /prodam/kvartiry/new/ HTTP/1.1" 200 356
10.0.0.57 - - [28/Jun/2017:09:29:49 +0700] "GET /prodam/kvartiry/new/?action=done&id=14120-21 HTTP/1.1" 200 356
10.0.0.70 - - [28/Jun/2017:09:30:21 +0700] "POST /prodam/kvartiry/new/ HTTP/1.1" 200 356
10.0.0.57 - - [28/Jun/2017:09:30:31 +0700] "GET /plan/?refresh HTTP/1.1" 302 361
10.0.0.57 - - [28/Jun/2017:09:30:31 +0700] "GET /plan/ HTTP/1.1" 200 5015
10.0.0.70 - - [28/Jun/2017:09:30:57 +0700] "POST /prodam/kvartiry/new/ HTTP/1.1" 200 356
10.0.0.57 - - [28/Jun/2017:09:31:26 +0700] "GET /prodam/kvartiry/new/?rooms=3-10&site=&date_from=&date_to= HTTP/1.1" 200 26211
10.0.0.57 - - [28/Jun/2017:09:31:27 +0700] "GET /favicon.ico HTTP/1.1" 200 13684
10.0.0.70 - - [28/Jun/2017:09:32:26 +0700] "POST /prodam/kvartiry/new/ HTTP/1.1" 200 356
10.0.0.1 - - [28/Jun/2017:09:32:50 +0700] "GET /prodam/kvartiry/new/?action=done&id=15238-19 HTTP/1.0" 200 356
10.0.0.70 - - [28/Jun/2017:09:33:17 +0700] "POST /prodam/kvartiry/new/ HTTP/1.1" 200 356
10.0.0.1 - - [28/Jun/2017:09:33:31 +0700] "GET /prodam/kvartiry/checked/ HTTP/1.0" 200 28447
10.0.0.1 - - [28/Jun/2017:09:33:43 +0700] "GET /prodam/kvartiry/new/ HTTP/1.0" 200 23724
10.0.0.70 - - [28/Jun/2017:09:34:19 +0700] "POST /prodam/kvartiry/new/ HTTP/1.1" 200 356
10.0.0.57 - - [28/Jun/2017:09:34:26 +0700] "GET /prodam/kvartiry/new/?action=done&id=13915-23 HTTP/1.1" 200 356
10.0.0.57 - - [28/Jun/2017:09:34:34 +0700] "GET /plan/?refresh HTTP/1.1" 302 361
10.0.0.57 - - [28/Jun/2017:09:34:34 +0700] "GET /plan/ HTTP/1.1" 200 5025
10.0.0.70 - - [28/Jun/2017:09:35:38 +0700] "POST /prodam/kvartiry/new/ HTTP/1.1" 200 356
10.0.0.70 - - [28/Jun/2017:09:36:00 +0700] "POST /prodam/kvartiry/new/ HTTP/1.1" 200 356
10.0.0.57 - - [28/Jun/2017:09:36:10 +0700] "POST /prodam/kvartiry/new/ HTTP/1.1" 200 356
10.0.0.57 - - [28/Jun/2017:09:36:11 +0700] "GET /prodam/doma_dachi_kottedzhi/ HTTP/1.1" 302 391
10.0.0.57 - - [28/Jun/2017:09:36:11 +0700] "GET /all/prodam/doma_dachi_kottedzhi/new/ HTTP/1.1" 200 21458
10.0.0.57 - - [28/Jun/2017:09:36:15 +0700] "GET /prodam/zemelnye_uchastki/ HTTP/1.1" 302 389
10.0.0.57 - - [28/Jun/2017:09:36:15 +0700] "GET /all/prodam/zemelnye_uchastki/new/ HTTP/1.1" 200 16599
10.0.0.57 - - [28/Jun/2017:09:36:18 +0700] "GET /prodam/doma_dachi_kottedzhi/ HTTP/1.1" 302 391
10.0.0.57 - - [28/Jun/2017:09:36:18 +0700] "GET /all/prodam/doma_dachi_kottedzhi/new/ HTTP/1.1" 200 21458
10.0.0.57 - - [28/Jun/2017:09:36:19 +0700] "GET /prodam/zemelnye_uchastki/ HTTP/1.1" 302 388
10.0.0.57 - - [28/Jun/2017:09:36:19 +0700] "GET /all/prodam/zemelnye_uchastki/new/ HTTP/1.1" 200 16599
10.0.0.57 - - [28/Jun/2017:09:36:22 +0700] "GET /prodam/doma_dachi_kottedzhi/ HTTP/1.1" 302 391
10.0.0.57 - - [28/Jun/2017:09:36:22 +0700] "GET /all/prodam/doma_dachi_kottedzhi/new/ HTTP/1.1" 200 21458
10.0.0.57 - - [28/Jun/2017:09:36:24 +0700] "GET /prodam/kommercheskaya_nedvizhimost/ HTTP/1.1" 302 398
10.0.0.57 - - [28/Jun/2017:09:36:24 +0700] "GET /all/prodam/kommercheskaya_nedvizhimost/new/ HTTP/1.1" 200 24446
10.0.0.57 - - [28/Jun/2017:09:36:51 +0700] "GET /prodam/zemelnye_uchastki/ HTTP/1.1" 302 389
10.0.0.57 - - [28/Jun/2017:09:36:51 +0700] "GET /all/prodam/zemelnye_uchastki/new/ HTTP/1.1" 200 16599
10.0.0.57 - - [28/Jun/2017:09:36:54 +0700] "GET /prodam/kvartiry/ HTTP/1.1" 302 375
10.0.0.57 - - [28/Jun/2017:09:36:54 +0700] "GET /prodam/kvartiry/new/ HTTP/1.1" 200 23723
10.0.0.57 - - [28/Jun/2017:09:36:58 +0700] "GET /prodam/kvartiry/new/?rooms=3-10&site=&date_from=&date_to= HTTP/1.1" 200 26400
10.0.0.70 - - [28/Jun/2017:09:37:06 +0700] "POST /prodam/kvartiry/new/ HTTP/1.1" 200 356
10.0.0.57 - - [28/Jun/2017:09:37:28 +0700] "GET /prodam/kvartiry/new/?rooms=2&site=&date_from=&date_to= HTTP/1.1" 200 27693
10.0.0.57 - - [28/Jun/2017:09:37:34 +0700] "GET /prodam/kvartiry/new/?rooms=0-1&site=&date_from=&date_to= HTTP/1.1" 200 21227
10.0.0.57 - - [28/Jun/2017:09:37:59 +0700] "GET /prodam/kvartiry/new/?rooms=3-10&site=&date_from=&date_to= HTTP/1.1" 200 26400
10.0.0.70 - - [28/Jun/2017:09:38:04 +0700] "POST /prodam/kvartiry/new/ HTTP/1.1" 200 356
10.0.0.70 - - [28/Jun/2017:09:38:55 +0700] "POST /prodam/kvartiry/new/ HTTP/1.1" 200 356
10.0.0.70 - - [28/Jun/2017:09:38:59 +0700] "GET /prodam/kvartiry/new/?action=done&id=10720-19 HTTP/1.1" 200 355
10.0.0.70 - - [28/Jun/2017:09:39:36 +0700] "POST /prodam/kvartiry/new/ HTTP/1.1" 200 356
10.0.0.70 - - [28/Jun/2017:09:40:37 +0700] "POST /prodam/kvartiry/new/ HTTP/1.1" 200 356
10.0.0.57 - - [28/Jun/2017:09:40:57 +0700] "GET /prodam/kvartiry/new/?action=done&id=142-22 HTTP/1.1" 200 356
10.0.0.57 - - [28/Jun/2017:09:41:05 +0700] "GET /plan/?refresh HTTP/1.1" 302 361
10.0.0.57 - - [28/Jun/2017:09:41:05 +0700] "GET /plan/ HTTP/1.1" 200 5030
10.0.0.70 - - [28/Jun/2017:09:41:30 +0700] "POST /prodam/kvartiry/new/ HTTP/1.1" 200 356
10.0.0.57 - - [28/Jun/2017:09:41:49 +0700] "GET /prodam/kvartiry/new/?p=2&rooms=3-10 HTTP/1.1" 200 10571
10.0.0.70 - - [28/Jun/2017:09:42:19 +0700] "POST /prodam/kvartiry/new/ HTTP/1.1" 200 356
10.0.0.70 - - [28/Jun/2017:09:42:20 +0700] "POST /prodam/kvartiry/new/ HTTP/1.1" 200 355
10.0.0.70 - - [28/Jun/2017:09:42:25 +0700] "POST /prodam/kvartiry/new/ HTTP/1.1" 200 355
10.0.0.70 - - [28/Jun/2017:09:42:26 +0700] "GET /prodam/kvartiry/new/?p=2&rooms=2 HTTP/1.1" 200 10134
10.0.0.57 - - [28/Jun/2017:09:43:34 +0700] "GET /prodam/kvartiry/new/?p=1&rooms=3-10 HTTP/1.1" 200 26342
10.0.0.1 - - [28/Jun/2017:09:43:37 +0700] "GET /prodam/kvartiry/new/ HTTP/1.0" 200 23507
10.0.0.1 - - [28/Jun/2017:09:43:38 +0700] "GET /js/jquery.min.js HTTP/1.0" 200 33578
10.0.0.1 - - [28/Jun/2017:09:43:38 +0700] "GET /js/datetimepicker/jquery.datetimepicker.js HTTP/1.0" 200 16413
10.0.0.1 - - [28/Jun/2017:09:43:38 +0700] "GET /js/common.js HTTP/1.0" 200 2430
10.0.0.1 - - [28/Jun/2017:09:43:38 +0700] "GET /js/datetimepicker/jquery.datetimepicker.css HTTP/1.0" 200 3526
10.0.0.1 - - [28/Jun/2017:09:43:38 +0700] "GET /css/styles.css HTTP/1.0" 200 2542
10.0.0.1 - - [28/Jun/2017:09:43:38 +0700] "GET /favicon.ico HTTP/1.0" 200 13684
10.0.0.1 - - [28/Jun/2017:09:43:56 +0700] "GET /prodam/kvartiry/new/?rooms=0-1&site=&date_from=&date_to= HTTP/1.0" 200 21227
10.0.0.1 - - [28/Jun/2017:09:44:02 +0700] "GET /prodam/kvartiry/new/?p=2&rooms=0-1 HTTP/1.0" 200 23631
10.0.0.70 - - [28/Jun/2017:09:44:02 +0700] "GET /prodam/kvartiry/new/?action=done&id=3835-20 HTTP/1.1" 200 356
10.0.0.57 - - [28/Jun/2017:09:44:09 +0700] "GET /prodam/zemelnye_uchastki/ HTTP/1.1" 302 389
10.0.0.57 - - [28/Jun/2017:09:44:09 +0700] "GET /all/prodam/zemelnye_uchastki/new/ HTTP/1.1" 200 16599
10.0.0.57 - - [28/Jun/2017:09:44:13 +0700] "GET /prodam/zemelnye_uchastki/ HTTP/1.1" 302 388
10.0.0.57 - - [28/Jun/2017:09:44:13 +0700] "GET /all/prodam/zemelnye_uchastki/new/ HTTP/1.1" 200 16599
10.0.0.1 - - [28/Jun/2017:09:44:39 +0700] "GET /prodam/doma_dachi_kottedzhi/ HTTP/1.0" 302 392
10.0.0.1 - - [28/Jun/2017:09:44:39 +0700] "GET /all/prodam/doma_dachi_kottedzhi/new/ HTTP/1.0" 200 21458
10.0.0.1 - - [28/Jun/2017:09:45:13 +0700] "GET /all/prodam/doma_dachi_kottedzhi/new/?p=8 HTTP/1.0" 200 25718
10.0.0.70 - - [28/Jun/2017:09:45:31 +0700] "POST /prodam/kvartiry/new/ HTTP/1.1" 200 356
10.0.0.70 - - [28/Jun/2017:09:45:33 +0700] "GET /prodam/kvartiry/new/?action=done&id=428-20 HTTP/1.1" 200 355
