10.0.0.57 - - [26/Jun/2017:09:38:26 +0700] "GET /prodam/kvartiry/new/?action=done&id=14395-21 HTTP/1.1" 200 356
10.0.0.70 - - [26/Jun/2017:09:38:47 +0700] "POST /prodam/kvartiry/new/ HTTP/1.1" 200 356
10.0.0.1 - - [26/Jun/2017:09:40:18 +0700] "GET /prodam/kvartiry/new/?action=done&id=14451-18 HTTP/1.0" 200 356
10.0.0.57 - - [26/Jun/2017:09:41:00 +0700] "GET /prodam/kvartiry/new/?action=done&id=14341-22 HTTP/1.1" 200 356
10.0.0.70 - - [26/Jun/2017:09:41:20 +0700] "GET /prodam/kvartiry/new/?action=done&id=14334-20 HTTP/1.1" 200 356
10.0.0.57 - - [26/Jun/2017:09:43:56 +0700] "POST /prodam/kvartiry/new/ HTTP/1.1" 200 356
10.0.0.70 - - [26/Jun/2017:09:44:07 +0700] "GET /prodam/kvartiry/new/?action=done&id=14325-21 HTTP/1.1" 200 356
10.0.0.57 - - [26/Jun/2017:09:44:17 +0700] "POST /prodam/kvartiry/new/ HTTP/1.1" 200 356
10.0.0.85 - - [26/Jun/2017:09:44:20 +0700] "GET /prodam/kvartiry/new/?rooms=0&site=&date_from=&date_to= HTTP/1.1" 200 23565
10.0.0.57 - - [26/Jun/2017:09:44:32 +0700] "POST /prodam/kvartiry/new/ HTTP/1.1" 200 356
10.0.0.57 - - [26/Jun/2017:09:44:43 +0700] "POST /prodam/kvartiry/new/ HTTP/1.1" 200 356
10.0.0.85 - - [26/Jun/2017:09:44:47 +0700] "GET /prodam/doma_dachi_kottedzhi/ HTTP/1.1" 302 392
10.0.0.85 - - [26/Jun/2017:09:44:47 +0700] "GET /all/prodam/doma_dachi_kottedzhi/new/ HTTP/1.1" 200 21360
10.0.0.85 - - [26/Jun/2017:09:45:11 +0700] "GET /prodam/zemelnye_uchastki/ HTTP/1.1" 302 389
10.0.0.85 - - [26/Jun/2017:09:45:11 +0700] "GET /all/prodam/zemelnye_uchastki/new/ HTTP/1.1" 200 15652
10.0.0.85 - - [26/Jun/2017:09:45:13 +0700] "GET /prodam/doma_dachi_kottedzhi/ HTTP/1.1" 302 391
10.0.0.85 - - [26/Jun/2017:09:45:13 +0700] "GET /all/prodam/doma_dachi_kottedzhi/new/ HTTP/1.1" 200 21360
10.0.0.70 - - [26/Jun/2017:09:45:26 +0700] "POST /prodam/kvartiry/new/ HTTP/1.1" 200 356
10.0.0.1 - - [26/Jun/2017:09:45:40 +0700] "POST /prodam/kvartiry/new/ HTTP/1.0" 200 356
10.0.0.57 - - [26/Jun/2017:09:46:02 +0700] "POST /prodam/kvartiry/new/ HTTP/1.1" 200 356
10.0.0.70 - - [26/Jun/2017:09:46:28 +0700] "POST /prodam/kvartiry/new/ HTTP/1.1" 200 356
10.0.0.57 - - [26/Jun/2017:09:46:53 +0700] "POST /prodam/kvartiry/new/ HTTP/1.1" 200 356
10.0.0.70 - - [26/Jun/2017:09:47:03 +0700] "POST /prodam/kvartiry/new/ HTTP/1.1" 200 356
10.0.0.70 - - [26/Jun/2017:09:47:45 +0700] "POST /prodam/kvartiry/new/ HTTP/1.1" 200 356
10.0.0.1 - - [26/Jun/2017:09:48:16 +0700] "GET /prodam/kvartiry/new/?action=done&id=14444-18 HTTP/1.0" 200 356
10.0.0.70 - - [26/Jun/2017:09:48:24 +0700] "POST /prodam/kvartiry/new/ HTTP/1.1" 200 356
10.0.0.70 - - [26/Jun/2017:09:48:43 +0700] "POST /prodam/kvartiry/new/ HTTP/1.1" 200 356
10.0.0.70 - - [26/Jun/2017:09:48:44 +0700] "GET /prodam/kvartiry/new/?action=done&id=5451-21 HTTP/1.1" 200 355
10.0.0.57 - - [26/Jun/2017:09:48:52 +0700] "GET /prodam/kvartiry/new/?action=done&id=14231-21 HTTP/1.1" 200 356
10.0.0.57 - - [26/Jun/2017:09:49:31 +0700] "POST /prodam/kvartiry/new/ HTTP/1.1" 200 356
10.0.0.57 - - [26/Jun/2017:09:51:07 +0700] "GET /prodam/kvartiry/new/?action=done&id=14139-21 HTTP/1.1" 200 356
10.0.0.57 - - [26/Jun/2017:09:51:13 +0700] "GET /plan/?refresh HTTP/1.1" 302 361
10.0.0.57 - - [26/Jun/2017:09:51:13 +0700] "GET /plan/ HTTP/1.1" 200 4428
10.0.0.57 - - [26/Jun/2017:09:51:13 +0700] "GET /css/styles.css HTTP/1.1" 200 2541
10.0.0.1 - - [26/Jun/2017:09:51:15 +0700] "GET /prodam/kvartiry/new/?action=done&id=14439-15 HTTP/1.0" 200 356
10.0.0.1 - - [26/Jun/2017:09:51:19 +0700] "GET /plan/?refresh HTTP/1.0" 302 360
10.0.0.1 - - [26/Jun/2017:09:51:20 +0700] "GET /plan/ HTTP/1.0" 200 4428
10.0.0.70 - - [26/Jun/2017:09:51:34 +0700] "POST /prodam/kvartiry/new/ HTTP/1.1" 200 356
10.0.0.70 - - [26/Jun/2017:09:51:36 +0700] "POST /prodam/kvartiry/new/ HTTP/1.1" 200 355
10.0.0.70 - - [26/Jun/2017:09:51:36 +0700] "GET /prodam/kvartiry/new/?action=done&id=14146-21 HTTP/1.1" 200 355
10.0.0.57 - - [26/Jun/2017:09:52:39 +0700] "POST /prodam/kvartiry/new/ HTTP/1.1" 200 356
10.0.0.57 - - [26/Jun/2017:09:53:51 +0700] "POST /prodam/kvartiry/new/ HTTP/1.1" 200 356
10.0.0.1 - - [26/Jun/2017:09:53:55 +0700] "POST /prodam/kvartiry/new/ HTTP/1.0" 200 356
10.0.0.70 - - [26/Jun/2017:09:53:58 +0700] "GET /prodam/kvartiry/new/?action=done&id=14154-22 HTTP/1.1" 200 356
10.0.0.57 - - [26/Jun/2017:09:54:46 +0700] "POST /prodam/kvartiry/new/ HTTP/1.1" 200 356
10.0.0.1 - - [26/Jun/2017:09:55:48 +0700] "GET /prodam/kvartiry/new/?action=done&id=14500-18 HTTP/1.0" 200 356
10.0.0.57 - - [26/Jun/2017:09:56:19 +0700] "GET /prodam/kvartiry/new/?action=done&id=13784-22 HTTP/1.1" 200 356
10.0.0.57 - - [26/Jun/2017:09:56:22 +0700] "GET /plan/?refresh HTTP/1.1" 302 361
10.0.0.57 - - [26/Jun/2017:09:56:23 +0700] "GET /plan/ HTTP/1.1" 200 4405
10.0.0.70 - - [26/Jun/2017:09:57:12 +0700] "POST /prodam/kvartiry/new/ HTTP/1.1" 200 356
10.0.0.70 - - [26/Jun/2017:09:57:13 +0700] "GET /prodam/kvartiry/new/?action=done&id=14004-20 HTTP/1.1" 200 355
10.0.0.57 - - [26/Jun/2017:09:58:10 +0700] "GET /prodam/kvartiry/new/?action=done&id=13783-21 HTTP/1.1" 200 356
10.0.0.70 - - [26/Jun/2017:09:59:15 +0700] "POST /prodam/kvartiry/new/ HTTP/1.1" 200 356
10.0.0.70 - - [26/Jun/2017:09:59:16 +0700] "GET /prodam/kvartiry/new/?action=done&id=13892-19 HTTP/1.1" 200 355
10.0.0.1 - - [26/Jun/2017:10:01:15 +0700] "POST /prodam/kvartiry/new/ HTTP/1.0" 200 356
10.0.0.57 - - [26/Jun/2017:10:02:51 +0700] "GET /prodam/kvartiry/new/?action=done&id=13653-22 HTTP/1.1" 200 356
10.0.0.57 - - [26/Jun/2017:10:02:55 +0700] "GET /plan/?refresh HTTP/1.1" 302 360
10.0.0.57 - - [26/Jun/2017:10:02:55 +0700] "GET /plan/ HTTP/1.1" 200 4419
10.0.0.70 - - [26/Jun/2017:10:03:03 +0700] "POST /prodam/kvartiry/new/ HTTP/1.1" 200 356
10.0.0.70 - - [26/Jun/2017:10:03:04 +0700] "GET /prodam/kvartiry/new/?action=done&id=13921-20 HTTP/1.1" 200 355
10.0.0.70 - - [26/Jun/2017:10:03:33 +0700] "POST /prodam/kvartiry/new/ HTTP/1.1" 200 356
10.0.0.1 - - [26/Jun/2017:10:04:26 +0700] "GET /prodam/kvartiry/new/?action=done&id=328-15 HTTP/1.0" 200 356
10.0.0.70 - - [26/Jun/2017:10:06:51 +0700] "POST /prodam/kvartiry/new/ HTTP/1.1" 200 356
10.0.0.70 - - [26/Jun/2017:10:07:08 +0700] "POST /prodam/kvartiry/new/ HTTP/1.1" 200 356
10.0.0.1 - - [26/Jun/2017:10:07:50 +0700] "POST /prodam/kvartiry/new/ HTTP/1.0" 200 356
10.0.0.70 - - [26/Jun/2017:10:09:02 +0700] "POST /prodam/kvartiry/new/ HTTP/1.1" 200 356
10.0.0.70 - - [26/Jun/2017:10:09:04 +0700] "GET /prodam/kvartiry/new/?action=done&id=13745-20 HTTP/1.1" 200 355
10.0.0.85 - - [26/Jun/2017:10:10:52 +0700] "GET /all/prodam/doma_dachi_kottedzhi/new/?action=done&id=14753 HTTP/1.1" 200 356
10.0.0.1 - - [26/Jun/2017:10:12:08 +0700] "GET /prodam/kvartiry/new/?action=done&id=14615-17 HTTP/1.0" 200 356
10.0.0.1 - - [26/Jun/2017:10:15:54 +0700] "POST /prodam/kvartiry/new/ HTTP/1.0" 200 356
10.0.0.70 - - [26/Jun/2017:10:17:16 +0700] "POST /prodam/kvartiry/new/ HTTP/1.1" 200 356
10.0.0.70 - - [26/Jun/2017:10:18:08 +0700] "POST /prodam/kvartiry/new/ HTTP/1.1" 200 356
10.0.0.57 - - [26/Jun/2017:10:18:23 +0700] "POST /prodam/kvartiry/new/ HTTP/1.1" 200 356
10.0.0.57 - - [26/Jun/2017:10:18:25 +0700] "GET /plan/?refresh HTTP/1.1" 302 360
10.0.0.57 - - [26/Jun/2017:10:18:26 +0700] "GET /plan/ HTTP/1.1" 200 4471
10.0.0.57 - - [26/Jun/2017:10:18:40 +0700] "POST /prodam/kvartiry/new/ HTTP/1.1" 200 356
10.0.0.70 - - [26/Jun/2017:10:18:55 +0700] "POST /prodam/kvartiry/new/ HTTP/1.1" 200 356
10.0.0.57 - - [26/Jun/2017:10:22:05 +0700] "POST /prodam/kvartiry/new/ HTTP/1.1" 200 356
10.0.0.57 - - [26/Jun/2017:10:22:05 +0700] "GET /prodam/kvartiry/new/?action=done&id=13588-22 HTTP/1.1" 200 355
10.0.0.57 - - [26/Jun/2017:10:24:40 +0700] "POST /prodam/kvartiry/new/ HTTP/1.1" 200 356
10.0.0.57 - - [26/Jun/2017:10:24:53 +0700] "POST /prodam/kvartiry/new/ HTTP/1.1" 200 356
10.0.0.1 - - [26/Jun/2017:10:25:17 +0700] "GET /prodam/kvartiry/new/?action=done&id=14409-15 HTTP/1.0" 200 356
10.0.0.1 - - [26/Jun/2017:10:25:19 +0700] "GET /plan/?refresh HTTP/1.0" 302 360
10.0.0.1 - - [26/Jun/2017:10:25:19 +0700] "GET /plan/ HTTP/1.0" 200 4475
10.0.0.57 - - [26/Jun/2017:10:25:37 +0700] "POST /prodam/kvartiry/new/ HTTP/1.1" 200 356
10.0.0.57 - - [26/Jun/2017:10:25:41 +0700] "POST /prodam/kvartiry/new/ HTTP/1.1" 200 356
10.0.0.70 - - [26/Jun/2017:10:25:50 +0700] "POST /prodam/kvartiry/new/ HTTP/1.1" 200 356
10.0.0.70 - - [26/Jun/2017:10:26:35 +0700] "POST /prodam/kvartiry/new/ HTTP/1.1" 200 356
10.0.0.57 - - [26/Jun/2017:10:26:42 +0700] "POST /prodam/kvartiry/new/ HTTP/1.1" 200 356
10.0.0.70 - - [26/Jun/2017:10:27:00 +0700] "POST /prodam/kvartiry/new/ HTTP/1.1" 200 356
10.0.0.70 - - [26/Jun/2017:10:27:00 +0700] "GET /prodam/kvartiry/new/?rooms=2&site=&date_from=&date_to= HTTP/1.1" 200 26484
10.0.0.70 - - [26/Jun/2017:10:27:31 +0700] "POST /prodam/kvartiry/new/ HTTP/1.1" 200 356
10.0.0.85 - - [26/Jun/2017:10:28:01 +0700] "GET /all/prodam/doma_dachi_kottedzhi/new/?action=done&id=14752 HTTP/1.1" 200 356
10.0.0.57 - - [26/Jun/2017:10:28:43 +0700] "POST /prodam/kvartiry/new/ HTTP/1.1" 200 356
10.0.0.57 - - [26/Jun/2017:10:29:01 +0700] "POST /prodam/kvartiry/new/ HTTP/1.1" 200 356
10.0.0.70 - - [26/Jun/2017:10:29:56 +0700] "GET /prodam/kvartiry/new/?action=done&id=14736-21 HTTP/1.1" 200 356
10.0.0.70 - - [26/Jun/2017:10:30:20 +0700] "POST /prodam/kvartiry/new/ HTTP/1.1" 200 356
10.0.0.85 - - [26/Jun/2017:10:30:50 +0700] "POST /all/prodam/doma_dachi_kottedzhi/new/ HTTP/1.1" 200 356
10.0.0.70 - - [26/Jun/2017:10:30:52 +0700] "POST /prodam/kvartiry/new/ HTTP/1.1" 200 356
10.0.0.57 - - [26/Jun/2017:10:31:08 +0700] "GET /prodam/kvartiry/new/?action=done&id=13081-22 HTTP/1.1" 200 356
10.0.0.85 - - [26/Jun/2017:10:31:33 +0700] "POST /all/prodam/doma_dachi_kottedzhi/new/ HTTP/1.1" 200 356
10.0.0.85 - - [26/Jun/2017:10:31:44 +0700] "POST /all/prodam/doma_dachi_kottedzhi/new/ HTTP/1.1" 200 356
10.0.0.85 - - [26/Jun/2017:10:32:26 +0700] "POST /all/prodam/doma_dachi_kottedzhi/new/ HTTP/1.1" 200 356
10.0.0.57 - - [26/Jun/2017:10:33:19 +0700] "POST /prodam/kvartiry/new/ HTTP/1.1" 200 356
10.0.0.57 - - [26/Jun/2017:10:33:24 +0700] "POST /prodam/kvartiry/new/ HTTP/1.1" 200 356
10.0.0.57 - - [26/Jun/2017:10:33:24 +0700] "GET /prodam/kvartiry/new/?p=2&rooms=3-10 HTTP/1.1" 200 12305
10.0.0.1 - - [26/Jun/2017:10:33:32 +0700] "POST /prodam/kvartiry/new/ HTTP/1.0" 200 356
10.0.0.70 - - [26/Jun/2017:10:34:30 +0700] "GET /prodam/kvartiry/new/?action=agency&id=14735-21 HTTP/1.1" 200 458
10.0.0.57 - - [26/Jun/2017:10:34:30 +0700] "POST /prodam/kvartiry/new/ HTTP/1.1" 200 356
10.0.0.57 - - [26/Jun/2017:10:35:32 +0700] "POST /prodam/kvartiry/new/ HTTP/1.1" 200 356
10.0.0.57 - - [26/Jun/2017:10:35:35 +0700] "POST /prodam/kvartiry/new/ HTTP/1.1" 200 356
10.0.0.1 - - [26/Jun/2017:10:35:59 +0700] "POST /prodam/kvartiry/new/ HTTP/1.0" 200 356
10.0.0.57 - - [26/Jun/2017:10:36:30 +0700] "POST /prodam/kvartiry/new/ HTTP/1.1" 200 356
10.0.0.57 - - [26/Jun/2017:10:37:35 +0700] "POST /prodam/kvartiry/new/ HTTP/1.1" 200 356
10.0.0.57 - - [26/Jun/2017:10:37:39 +0700] "POST /prodam/kvartiry/new/ HTTP/1.1" 200 355
10.0.0.1 - - [26/Jun/2017:10:38:18 +0700] "POST /prodam/kvartiry/new/ HTTP/1.0" 200 356
10.0.0.57 - - [26/Jun/2017:10:38:58 +0700] "POST /prodam/kvartiry/new/ HTTP/1.1" 200 356
10.0.0.57 - - [26/Jun/2017:10:39:33 +0700] "POST /prodam/kvartiry/new/ HTTP/1.1" 200 356
10.0.0.57 - - [26/Jun/2017:10:40:08 +0700] "POST /prodam/kvartiry/new/ HTTP/1.1" 200 356
10.0.0.1 - - [26/Jun/2017:10:40:42 +0700] "GET /prodam/kvartiry/new/?action=done&id=14689-17 HTTP/1.0" 200 356
10.0.0.1 - - [26/Jun/2017:10:40:47 +0700] "GET /prodam/kvartiry/new/?rooms=0-1&site=&date_from=&date_to= HTTP/1.0" 200 21869
10.0.0.1 - - [26/Jun/2017:10:40:47 +0700] "GET /js/common.js HTTP/1.0" 200 2430
10.0.0.1 - - [26/Jun/2017:10:40:47 +0700] "GET /js/datetimepicker/jquery.datetimepicker.js HTTP/1.0" 200 16414
10.0.0.1 - - [26/Jun/2017:10:40:47 +0700] "GET /js/jquery.min.js HTTP/1.0" 200 33578
10.0.0.1 - - [26/Jun/2017:10:40:47 +0700] "GET /js/datetimepicker/jquery.datetimepicker.css HTTP/1.0" 200 3525
10.0.0.1 - - [26/Jun/2017:10:40:48 +0700] "GET /css/styles.css HTTP/1.0" 200 2541
10.0.0.1 - - [26/Jun/2017:10:40:48 +0700] "GET /favicon.ico HTTP/1.0" 200 13684
10.0.0.57 - - [26/Jun/2017:10:41:02 +0700] "POST /prodam/kvartiry/new/ HTTP/1.1" 200 356
10.0.0.57 - - [26/Jun/2017:10:41:23 +0700] "POST /prodam/kvartiry/new/ HTTP/1.1" 200 356
10.0.0.57 - - [26/Jun/2017:10:41:30 +0700] "POST /prodam/kvartiry/new/ HTTP/1.1" 200 356
10.0.0.57 - - [26/Jun/2017:10:42:15 +0700] "POST /prodam/kvartiry/new/ HTTP/1.1" 200 356
10.0.0.1 - - [26/Jun/2017:10:42:18 +0700] "GET /prodam/kvartiry/new/?action=done&id=13046-18 HTTP/1.0" 200 356
10.0.0.1 - - [26/Jun/2017:10:42:31 +0700] "GET /prodam/kvartiry/new/?p=3&rooms=0-1 HTTP/1.0" 200 16518
10.0.0.57 - - [26/Jun/2017:10:42:41 +0700] "POST /prodam/kvartiry/new/ HTTP/1.1" 200 356
10.0.0.57 - - [26/Jun/2017:10:42:58 +0700] "POST /prodam/kvartiry/new/ HTTP/1.1" 200 356
10.0.0.57 - - [26/Jun/2017:10:43:07 +0700] "POST /prodam/kvartiry/new/ HTTP/1.1" 200 356
10.0.0.57 - - [26/Jun/2017:10:43:35 +0700] "POST /prodam/kvartiry/new/ HTTP/1.1" 200 356
10.0.0.85 - - [26/Jun/2017:10:43:45 +0700] "GET /all/prodam/doma_dachi_kottedzhi/new/?action=done&id=14750 HTTP/1.1" 200 356
10.0.0.1 - - [26/Jun/2017:10:43:54 +0700] "POST /prodam/kvartiry/new/ HTTP/1.0" 200 356
10.0.0.57 - - [26/Jun/2017:10:44:01 +0700] "POST /prodam/kvartiry/new/ HTTP/1.1" 200 356
10.0.0.57 - - [26/Jun/2017:10:44:06 +0700] "POST /prodam/kvartiry/new/ HTTP/1.1" 200 356
10.0.0.57 - - [26/Jun/2017:10:44:19 +0700] "POST /prodam/kvartiry/new/ HTTP/1.1" 200 356
10.0.0.57 - - [26/Jun/2017:10:44:24 +0700] "POST /prodam/kvartiry/new/ HTTP/1.1" 200 356
10.0.0.57 - - [26/Jun/2017:10:44:32 +0700] "POST /prodam/kvartiry/new/ HTTP/1.1" 200 356
10.0.0.57 - - [26/Jun/2017:10:44:32 +0700] "GET /prodam/kvartiry/new/?rooms=3-10&site=&date_from=&date_to= HTTP/1.1" 200 25768
10.0.0.57 - - [26/Jun/2017:10:45:16 +0700] "POST /prodam/kvartiry/new/ HTTP/1.1" 200 356
10.0.0.1 - - [26/Jun/2017:10:45:59 +0700] "GET /prodam/kvartiry/new/?action=done&id=13811-18 HTTP/1.0" 200 356
10.0.0.1 - - [26/Jun/2017:10:46:07 +0700] "GET /plan/?refresh HTTP/1.0" 302 361
10.0.0.1 - - [26/Jun/2017:10:46:08 +0700] "GET /plan/ HTTP/1.0" 200 4484
10.0.0.57 - - [26/Jun/2017:10:46:14 +0700] "GET /prodam/kvartiry/new/?rooms=3-10&site=&date_from=&date_to= HTTP/1.1" 200 25767
10.0.0.57 - - [26/Jun/2017:10:46:15 +0700] "GET /favicon.ico HTTP/1.1" 200 13684
10.0.0.57 - - [26/Jun/2017:10:47:07 +0700] "GET /plan/operator3/2017-05-29/ HTTP/1.1" 200 3216
10.0.0.57 - - [26/Jun/2017:10:47:13 +0700] "GET /plan/ HTTP/1.1" 200 4485
10.0.0.57 - - [26/Jun/2017:10:47:14 +0700] "GET /plan/?refresh HTTP/1.1" 302 360
10.0.0.57 - - [26/Jun/2017:10:47:15 +0700] "GET /plan/ HTTP/1.1" 200 4484
10.0.0.57 - - [26/Jun/2017:10:47:27 +0700] "GET /plan/?refresh HTTP/1.1" 302 361
10.0.0.57 - - [26/Jun/2017:10:47:28 +0700] "GET /plan/ HTTP/1.1" 200 4489
10.0.0.57 - - [26/Jun/2017:10:47:32 +0700] "GET / HTTP/1.1" 302 375
10.0.0.57 - - [26/Jun/2017:10:47:32 +0700] "GET /prodam/kvartiry/new/ HTTP/1.1" 200 24437
10.0.0.1 - - [26/Jun/2017:10:47:36 +0700] "GET /prodam/kvartiry/new/?action=done&id=13867-18 HTTP/1.0" 200 356
10.0.0.57 - - [26/Jun/2017:10:47:53 +0700] "GET /prodam/kvartiry/new/?rooms=3-10&site=&date_from=&date_to= HTTP/1.1" 200 25767
10.0.0.57 - - [26/Jun/2017:10:47:59 +0700] "GET /prodam/kvartiry/new/?rooms=2&site=&date_from=&date_to= HTTP/1.1" 200 27821
10.0.0.1 - - [26/Jun/2017:10:48:48 +0700] "POST /prodam/kvartiry/new/ HTTP/1.0" 200 356
10.0.0.1 - - [26/Jun/2017:10:50:35 +0700] "GET /prodam/kvartiry/new/?action=done&id=13886-19 HTTP/1.0" 200 356
10.0.0.1 - - [26/Jun/2017:10:50:42 +0700] "GET /plan/?refresh HTTP/1.0" 302 361
10.0.0.1 - - [26/Jun/2017:10:50:43 +0700] "GET /plan/ HTTP/1.0" 200 4486
10.0.0.85 - - [26/Jun/2017:10:51:13 +0700] "POST /all/prodam/doma_dachi_kottedzhi/new/ HTTP/1.1" 200 356
10.0.0.85 - - [26/Jun/2017:10:51:56 +0700] "POST /all/prodam/doma_dachi_kottedzhi/new/ HTTP/1.1" 200 356
10.0.0.1 - - [26/Jun/2017:10:52:58 +0700] "GET /prodam/kvartiry/new/?action=done&id=13887-18 HTTP/1.0" 200 356
10.0.0.85 - - [26/Jun/2017:10:55:54 +0700] "POST /all/prodam/doma_dachi_kottedzhi/new/ HTTP/1.1" 200 356
10.0.0.85 - - [26/Jun/2017:10:56:31 +0700] "GET /all/prodam/doma_dachi_kottedzhi/new/?action=done&id=14747 HTTP/1.1" 200 356
10.0.0.57 - - [26/Jun/2017:10:58:37 +0700] "GET /prodam/kvartiry/new/?rooms=2&site=&date_from=&date_to= HTTP/1.1" 200 27821
10.0.0.57 - - [26/Jun/2017:10:58:42 +0700] "GET /prodam/kvartiry/new/?rooms=3-10&site=&date_from=&date_to= HTTP/1.1" 200 25767
10.0.0.57 - - [26/Jun/2017:10:59:11 +0700] "GET /plan/?refresh HTTP/1.1" 302 361
10.0.0.57 - - [26/Jun/2017:10:59:12 +0700] "GET /plan/ HTTP/1.1" 200 4485
10.0.0.57 - - [26/Jun/2017:10:59:44 +0700] "GET /prodam/kvartiry/new/?rooms=3-10&site=&date_from=&date_to= HTTP/1.1" 200 25767
10.0.0.57 - - [26/Jun/2017:10:59:47 +0700] "GET /prodam/kvartiry/new/?rooms=3-10&site=&date_from=&date_to= HTTP/1.1" 200 25766
10.0.0.57 - - [26/Jun/2017:10:59:47 +0700] "GET /favicon.ico HTTP/1.1" 200 13684
10.0.0.57 - - [26/Jun/2017:11:00:18 +0700] "GET /prodam/kvartiry/new/?p=2&rooms=3-10 HTTP/1.1" 200 12305
10.0.0.57 - - [26/Jun/2017:11:00:31 +0700] "GET /prodam/kvartiry/new/?p=1&rooms=3-10 HTTP/1.1" 200 25767
10.0.0.57 - - [26/Jun/2017:11:00:59 +0700] "POST /prodam/kvartiry/new/ HTTP/1.1" 200 356
10.0.0.57 - - [26/Jun/2017:11:01:03 +0700] "GET /plan/?refresh HTTP/1.1" 302 361
10.0.0.57 - - [26/Jun/2017:11:01:04 +0700] "GET /plan/ HTTP/1.1" 200 4485
10.0.0.85 - - [26/Jun/2017:11:01:05 +0700] "POST /all/prodam/doma_dachi_kottedzhi/new/ HTTP/1.1" 200 356
10.0.0.57 - - [26/Jun/2017:11:01:06 +0700] "POST /prodam/kvartiry/new/ HTTP/1.1" 200 355
10.0.0.85 - - [26/Jun/2017:11:01:12 +0700] "POST /all/prodam/doma_dachi_kottedzhi/new/ HTTP/1.1" 200 356
10.0.0.1 - - [26/Jun/2017:11:03:00 +0700] "GET /prodam/kvartiry/new/?action=done&id=13889-18 HTTP/1.0" 200 356
10.0.0.57 - - [26/Jun/2017:11:03:56 +0700] "POST /prodam/kvartiry/new/ HTTP/1.1" 200 356
10.0.0.57 - - [26/Jun/2017:11:03:58 +0700] "GET /plan/?refresh HTTP/1.1" 302 360
10.0.0.57 - - [26/Jun/2017:11:03:59 +0700] "GET /plan/ HTTP/1.1" 200 4497
10.0.0.57 - - [26/Jun/2017:11:04:55 +0700] "POST /prodam/kvartiry/new/ HTTP/1.1" 200 356
10.0.0.57 - - [26/Jun/2017:11:05:00 +0700] "GET /prodam/kvartiry/new/?rooms=0-1&site=&date_from=&date_to= HTTP/1.1" 200 21773
10.0.0.57 - - [26/Jun/2017:11:05:03 +0700] "GET /prodam/kvartiry/new/?p=3&rooms=0-1 HTTP/1.1" 200 14514
10.0.0.1 - - [26/Jun/2017:11:05:53 +0700] "POST /prodam/kvartiry/new/ HTTP/1.0" 200 356
10.0.0.57 - - [26/Jun/2017:11:06:14 +0700] "POST /prodam/kvartiry/new/ HTTP/1.1" 200 356
10.0.0.57 - - [26/Jun/2017:11:08:17 +0700] "POST /prodam/kvartiry/new/ HTTP/1.1" 200 356
10.0.0.57 - - [26/Jun/2017:11:08:17 +0700] "GET /prodam/kvartiry/new/?action=done&id=277-19 HTTP/1.1" 200 355
10.0.0.1 - - [26/Jun/2017:11:08:35 +0700] "POST /prodam/kvartiry/new/ HTTP/1.0" 200 356
10.0.0.57 - - [26/Jun/2017:11:09:03 +0700] "POST /prodam/kvartiry/new/ HTTP/1.1" 200 356
10.0.0.57 - - [26/Jun/2017:11:09:17 +0700] "POST /prodam/kvartiry/new/ HTTP/1.1" 200 356
10.0.0.57 - - [26/Jun/2017:11:10:14 +0700] "POST /prodam/kvartiry/new/ HTTP/1.1" 200 356
10.0.0.57 - - [26/Jun/2017:11:10:34 +0700] "POST /prodam/kvartiry/new/ HTTP/1.1" 200 356
10.0.0.57 - - [26/Jun/2017:11:10:40 +0700] "POST /prodam/kvartiry/new/ HTTP/1.1" 200 356
10.0.0.57 - - [26/Jun/2017:11:10:51 +0700] "POST /prodam/kvartiry/new/ HTTP/1.1" 200 356
10.0.0.1 - - [26/Jun/2017:11:10:54 +0700] "POST /prodam/kvartiry/new/ HTTP/1.0" 200 356
10.0.0.57 - - [26/Jun/2017:11:10:55 +0700] "POST /prodam/kvartiry/new/ HTTP/1.1" 200 356
10.0.0.57 - - [26/Jun/2017:11:12:58 +0700] "GET /prodam/kvartiry/new/?action=agency&id=352-18 HTTP/1.1" 200 362
10.0.0.57 - - [26/Jun/2017:11:14:11 +0700] "POST /prodam/kvartiry/new/ HTTP/1.1" 200 356
10.0.0.85 - - [26/Jun/2017:11:14:16 +0700] "GET /all/prodam/doma_dachi_kottedzhi/new/?action=done&id=14745 HTTP/1.1" 200 356
10.0.0.85 - - [26/Jun/2017:11:14:22 +0700] "GET /plan/ HTTP/1.1" 200 4498
10.0.0.85 - - [26/Jun/2017:11:14:22 +0700] "GET /favicon.ico HTTP/1.1" 200 13684
10.0.0.70 - - [26/Jun/2017:11:14:48 +0700] "GET /prodam/doma_dachi_kottedzhi/ HTTP/1.1" 302 392
10.0.0.70 - - [26/Jun/2017:11:14:48 +0700] "GET /all/prodam/doma_dachi_kottedzhi/new/ HTTP/1.1" 200 21248
10.0.0.1 - - [26/Jun/2017:11:14:52 +0700] "GET /prodam/kvartiry/new/?action=done&id=14106-18 HTTP/1.0" 200 356
10.0.0.57 - - [26/Jun/2017:11:15:11 +0700] "POST /prodam/kvartiry/new/ HTTP/1.1" 200 356
10.0.0.1 - - [26/Jun/2017:11:15:23 +0700] "GET /prodam/kvartiry/new/?rooms=0-1&site=&date_from=&date_to= HTTP/1.0" 200 21901
10.0.0.1 - - [26/Jun/2017:11:15:24 +0700] "GET /js/jquery.min.js HTTP/1.0" 200 33578
10.0.0.1 - - [26/Jun/2017:11:15:24 +0700] "GET /js/common.js HTTP/1.0" 200 2430
10.0.0.1 - - [26/Jun/2017:11:15:24 +0700] "GET /js/datetimepicker/jquery.datetimepicker.css HTTP/1.0" 200 3526
10.0.0.1 - - [26/Jun/2017:11:15:24 +0700] "GET /js/datetimepicker/jquery.datetimepicker.js HTTP/1.0" 200 16413
10.0.0.1 - - [26/Jun/2017:11:15:24 +0700] "GET /css/styles.css HTTP/1.0" 200 2541
10.0.0.70 - - [26/Jun/2017:11:15:25 +0700] "GET /prodam/zemelnye_uchastki/ HTTP/1.1" 302 389
10.0.0.70 - - [26/Jun/2017:11:15:25 +0700] "GET /all/prodam/zemelnye_uchastki/new/ HTTP/1.1" 200 14982
10.0.0.1 - - [26/Jun/2017:11:15:25 +0700] "GET /favicon.ico HTTP/1.0" 200 13684
10.0.0.1 - - [26/Jun/2017:11:15:26 +0700] "GET /plan/?refresh HTTP/1.0" 302 360
10.0.0.1 - - [26/Jun/2017:11:15:27 +0700] "GET /plan/ HTTP/1.0" 200 4499
10.0.0.57 - - [26/Jun/2017:11:15:35 +0700] "POST /prodam/kvartiry/new/ HTTP/1.1" 200 356
10.0.0.1 - - [26/Jun/2017:11:15:54 +0700] "GET /prodam/kvartiry/new/?p=2&rooms=0-1 HTTP/1.0" 200 21612
10.0.0.1 - - [26/Jun/2017:11:16:05 +0700] "GET /prodam/kvartiry/new/?p=3&rooms=0-1 HTTP/1.0" 200 13348
10.0.0.70 - - [26/Jun/2017:11:16:12 +0700] "GET /prodam/kvartiry/ HTTP/1.1" 302 376
10.0.0.70 - - [26/Jun/2017:11:16:12 +0700] "GET /prodam/kvartiry/new/ HTTP/1.1" 200 24437
10.0.0.70 - - [26/Jun/2017:11:16:18 +0700] "GET /prodam/kvartiry/new/?rooms=0-1&site=&date_from=&date_to= HTTP/1.1" 200 21901
10.0.0.57 - - [26/Jun/2017:11:16:25 +0700] "POST /prodam/kvartiry/new/ HTTP/1.1" 200 356
10.0.0.70 - - [26/Jun/2017:11:17:50 +0700] "GET /prodam/kvartiry/new/?rooms=2&site=&date_from=&date_to= HTTP/1.1" 200 27821
10.0.0.70 - - [26/Jun/2017:11:18:44 +0700] "POST /prodam/kvartiry/new/ HTTP/1.1" 200 356
10.0.0.70 - - [26/Jun/2017:11:19:10 +0700] "GET /prodam/doma_dachi_kottedzhi/ HTTP/1.1" 302 392
10.0.0.70 - - [26/Jun/2017:11:19:10 +0700] "GET /all/prodam/doma_dachi_kottedzhi/new/ HTTP/1.1" 200 21248
10.0.0.57 - - [26/Jun/2017:11:19:12 +0700] "GET /prodam/kvartiry/new/?action=done&id=432-17 HTTP/1.1" 200 356
10.0.0.70 - - [26/Jun/2017:11:19:13 +0700] "GET /all/prodam/doma_dachi_kottedzhi/new/?p=3 HTTP/1.1" 200 20640
10.0.0.1 - - [26/Jun/2017:11:19:23 +0700] "GET /prodam/kvartiry/new/?action=done&id=597-18 HTTP/1.0" 200 356
10.0.0.70 - - [26/Jun/2017:11:20:13 +0700] "GET /all/prodam/doma_dachi_kottedzhi/new/?action=done&id=14505 HTTP/1.1" 200 356
10.0.0.57 - - [26/Jun/2017:11:21:17 +0700] "POST /prodam/kvartiry/new/ HTTP/1.1" 200 356
10.0.0.70 - - [26/Jun/2017:11:21:50 +0700] "POST /all/prodam/doma_dachi_kottedzhi/new/ HTTP/1.1" 200 356
10.0.0.70 - - [26/Jun/2017:11:21:50 +0700] "POST /all/prodam/doma_dachi_kottedzhi/new/ HTTP/1.1" 200 355
10.0.0.57 - - [26/Jun/2017:11:22:00 +0700] "POST /prodam/kvartiry/new/ HTTP/1.1" 200 356
10.0.0.1 - - [26/Jun/2017:11:22:55 +0700] "POST /prodam/kvartiry/new/ HTTP/1.0" 200 356
10.0.0.1 - - [26/Jun/2017:11:22:57 +0700] "GET /prodam/kvartiry/new/?p=2&rooms=0-1 HTTP/1.0" 200 21611
10.0.0.57 - - [26/Jun/2017:11:24:51 +0700] "GET /prodam/kvartiry/new/?action=done&id=502-19 HTTP/1.1" 200 356
10.0.0.70 - - [26/Jun/2017:11:25:00 +0700] "GET /all/prodam/doma_dachi_kottedzhi/new/?action=done&id=14484 HTTP/1.1" 200 356
10.0.0.1 - - [26/Jun/2017:11:25:07 +0700] "GET /prodam/kvartiry/new/?action=done&id=11306-16 HTTP/1.0" 200 356
10.0.0.1 - - [26/Jun/2017:11:25:10 +0700] "GET /plan/?refresh HTTP/1.0" 302 360
10.0.0.1 - - [26/Jun/2017:11:25:11 +0700] "GET /plan/ HTTP/1.0" 200 4491
10.0.0.1 - - [26/Jun/2017:11:25:44 +0700] "GET /plan/?refresh HTTP/1.0" 302 361
10.0.0.1 - - [26/Jun/2017:11:25:44 +0700] "GET /plan/ HTTP/1.0" 200 4493
10.0.0.70 - - [26/Jun/2017:11:26:04 +0700] "POST /all/prodam/doma_dachi_kottedzhi/new/ HTTP/1.1" 200 356
10.0.0.57 - - [26/Jun/2017:11:26:23 +0700] "GET /prodam/kvartiry/new/?action=done&id=520-18 HTTP/1.1" 200 356
10.0.0.85 - - [26/Jun/2017:11:26:41 +0700] "POST /all/prodam/doma_dachi_kottedzhi/new/ HTTP/1.1" 200 356
10.0.0.1 - - [26/Jun/2017:11:28:32 +0700] "GET /prodam/kvartiry/new/?action=done&id=712-18 HTTP/1.0" 200 356
10.0.0.57 - - [26/Jun/2017:11:30:12 +0700] "POST /prodam/kvartiry/new/ HTTP/1.1" 200 356
10.0.0.57 - - [26/Jun/2017:11:30:35 +0700] "POST /prodam/kvartiry/new/ HTTP/1.1" 200 356
10.0.0.1 - - [26/Jun/2017:11:31:41 +0700] "GET /prodam/kvartiry/new/?action=done&id=689-19 HTTP/1.0" 200 356
10.0.0.1 - - [26/Jun/2017:11:31:44 +0700] "GET /plan/?refresh HTTP/1.0" 302 360
10.0.0.1 - - [26/Jun/2017:11:31:45 +0700] "GET /plan/ HTTP/1.0" 200 4496
10.0.0.70 - - [26/Jun/2017:11:31:49 +0700] "GET /all/prodam/doma_dachi_kottedzhi/new/?action=done&id=14469 HTTP/1.1" 200 356
10.0.0.85 - - [26/Jun/2017:11:32:50 +0700] "GET /all/prodam/doma_dachi_kottedzhi/new/?action=done&id=14741 HTTP/1.1" 200 356
10.0.0.70 - - [26/Jun/2017:11:33:01 +0700] "GET /prodam/zemelnye_uchastki/ HTTP/1.1" 302 389
10.0.0.70 - - [26/Jun/2017:11:33:01 +0700] "GET /all/prodam/zemelnye_uchastki/new/ HTTP/1.1" 200 14982
10.0.0.70 - - [26/Jun/2017:11:33:49 +0700] "GET /all/prodam/zemelnye_uchastki/new/?action=done&id=14774 HTTP/1.1" 200 356
10.0.0.70 - - [26/Jun/2017:11:34:53 +0700] "POST /all/prodam/zemelnye_uchastki/new/ HTTP/1.1" 200 356
10.0.0.70 - - [26/Jun/2017:11:34:56 +0700] "POST /all/prodam/zemelnye_uchastki/new/ HTTP/1.1" 200 355
10.0.0.1 - - [26/Jun/2017:11:35:55 +0700] "GET /prodam/kvartiry/new/?action=done&id=704-18 HTTP/1.0" 200 356
10.0.0.1 - - [26/Jun/2017:11:35:57 +0700] "GET /plan/?refresh HTTP/1.0" 302 360
10.0.0.1 - - [26/Jun/2017:11:35:58 +0700] "GET /plan/ HTTP/1.0" 200 4496
10.0.0.70 - - [26/Jun/2017:11:36:27 +0700] "GET /all/prodam/zemelnye_uchastki/new/?action=done&id=14771 HTTP/1.1" 200 356
10.0.0.1 - - [26/Jun/2017:11:36:36 +0700] "GET /prodam/kvartiry/new/?p=1&rooms=0-1 HTTP/1.0" 200 21901
10.0.0.85 - - [26/Jun/2017:11:37:58 +0700] "GET /all/prodam/doma_dachi_kottedzhi/new/?action=done&id=14744 HTTP/1.1" 200 356
10.0.0.70 - - [26/Jun/2017:11:39:08 +0700] "POST /all/prodam/zemelnye_uchastki/new/ HTTP/1.1" 200 356
10.0.0.1 - - [26/Jun/2017:11:39:24 +0700] "GET /prodam/kvartiry/new/?p=2&rooms=0-1 HTTP/1.0" 200 21822
10.0.0.70 - - [26/Jun/2017:11:40:16 +0700] "POST /all/prodam/zemelnye_uchastki/new/ HTTP/1.1" 200 356
10.0.0.57 - - [26/Jun/2017:11:41:28 +0700] "POST /prodam/kvartiry/new/ HTTP/1.1" 200 356
10.0.0.1 - - [26/Jun/2017:11:41:42 +0700] "POST /prodam/kvartiry/new/ HTTP/1.0" 200 356
10.0.0.70 - - [26/Jun/2017:11:42:00 +0700] "GET /all/prodam/zemelnye_uchastki/new/?action=done&id=14761 HTTP/1.1" 200 356
10.0.0.57 - - [26/Jun/2017:11:42:03 +0700] "POST /prodam/kvartiry/new/ HTTP/1.1" 200 356
10.0.0.57 - - [26/Jun/2017:11:42:12 +0700] "POST /prodam/kvartiry/new/ HTTP/1.1" 200 356
10.0.0.57 - - [26/Jun/2017:11:43:19 +0700] "POST /prodam/kvartiry/new/ HTTP/1.1" 200 356
10.0.0.1 - - [26/Jun/2017:11:43:30 +0700] "POST /prodam/kvartiry/new/ HTTP/1.0" 200 356
10.0.0.70 - - [26/Jun/2017:11:43:47 +0700] "GET /all/prodam/zemelnye_uchastki/new/?action=done&id=14709 HTTP/1.1" 200 356
10.0.0.1 - - [26/Jun/2017:11:44:28 +0700] "POST /prodam/kvartiry/new/ HTTP/1.0" 200 356
10.0.0.57 - - [26/Jun/2017:11:44:29 +0700] "POST /prodam/kvartiry/new/ HTTP/1.1" 200 356
10.0.0.57 - - [26/Jun/2017:11:44:29 +0700] "GET /prodam/kvartiry/new/?p=2&rooms=0-1 HTTP/1.1" 200 21844
10.0.0.70 - - [26/Jun/2017:11:44:34 +0700] "GET /all/prodam/zemelnye_uchastki/new/?action=done&id=14707 HTTP/1.1" 200 356
10.0.0.70 - - [26/Jun/2017:11:44:36 +0700] "GET /all/prodam/zemelnye_uchastki/new/?action=undo&id=14707 HTTP/1.1" 200 355
10.0.0.57 - - [26/Jun/2017:11:44:56 +0700] "GET /prodam/kvartiry/new/?p=2&rooms=0-1 HTTP/1.1" 200 21845
10.0.0.57 - - [26/Jun/2017:11:44:56 +0700] "GET /favicon.ico HTTP/1.1" 200 13684
10.0.0.57 - - [26/Jun/2017:11:45:04 +0700] "GET /prodam/kvartiry/new/?rooms=0-1&site=&date_from=&date_to= HTTP/1.1" 200 21901
10.0.0.57 - - [26/Jun/2017:11:45:15 +0700] "POST /prodam/kvartiry/new/ HTTP/1.1" 200 356
10.0.0.57 - - [26/Jun/2017:11:45:19 +0700] "POST /prodam/kvartiry/new/ HTTP/1.1" 200 355
10.0.0.57 - - [26/Jun/2017:11:45:22 +0700] "POST /prodam/kvartiry/new/ HTTP/1.1" 200 356
10.0.0.70 - - [26/Jun/2017:11:45:30 +0700] "POST /all/prodam/zemelnye_uchastki/new/ HTTP/1.1" 200 356
10.0.0.1 - - [26/Jun/2017:11:45:30 +0700] "POST /prodam/kvartiry/new/ HTTP/1.0" 200 356
10.0.0.57 - - [26/Jun/2017:11:45:31 +0700] "POST /prodam/kvartiry/new/ HTTP/1.1" 200 356
10.0.0.57 - - [26/Jun/2017:11:45:34 +0700] "POST /prodam/kvartiry/new/ HTTP/1.1" 200 356
10.0.0.57 - - [26/Jun/2017:11:45:41 +0700] "POST /prodam/kvartiry/new/ HTTP/1.1" 200 356
10.0.0.57 - - [26/Jun/2017:11:45:44 +0700] "POST /prodam/kvartiry/new/ HTTP/1.1" 200 356
10.0.0.57 - - [26/Jun/2017:11:45:48 +0700] "POST /prodam/kvartiry/new/ HTTP/1.1" 200 355
10.0.0.57 - - [26/Jun/2017:11:45:51 +0700] "POST /prodam/kvartiry/new/ HTTP/1.1" 200 355
10.0.0.57 - - [26/Jun/2017:11:45:56 +0700] "POST /prodam/kvartiry/new/ HTTP/1.1" 200 356
10.0.0.57 - - [26/Jun/2017:11:46:00 +0700] "POST /prodam/kvartiry/new/ HTTP/1.1" 200 355
10.0.0.57 - - [26/Jun/2017:11:46:10 +0700] "POST /prodam/kvartiry/new/ HTTP/1.1" 200 356
10.0.0.57 - - [26/Jun/2017:11:46:10 +0700] "GET /prodam/kvartiry/new/?rooms=0-1&site=&date_from=&date_to= HTTP/1.1" 200 21897
10.0.0.70 - - [26/Jun/2017:11:46:23 +0700] "POST /all/prodam/zemelnye_uchastki/new/ HTTP/1.1" 200 356
10.0.0.1 - - [26/Jun/2017:11:46:50 +0700] "POST /prodam/kvartiry/new/ HTTP/1.0" 200 356
10.0.0.85 - - [26/Jun/2017:11:47:31 +0700] "POST /all/prodam/doma_dachi_kottedzhi/new/ HTTP/1.1" 200 356
10.0.0.70 - - [26/Jun/2017:11:47:47 +0700] "GET /all/prodam/zemelnye_uchastki/new/?action=done&id=14703 HTTP/1.1" 200 356
10.0.0.1 - - [26/Jun/2017:11:48:14 +0700] "GET /prodam/kvartiry/new/?action=done&id=10991-16 HTTP/1.0" 200 356
10.0.0.1 - - [26/Jun/2017:11:48:16 +0700] "GET /plan/?refresh HTTP/1.0" 302 360
10.0.0.1 - - [26/Jun/2017:11:48:17 +0700] "GET /plan/ HTTP/1.0" 200 4516
10.0.0.57 - - [26/Jun/2017:11:48:38 +0700] "POST /prodam/kvartiry/new/ HTTP/1.1" 200 356
10.0.0.57 - - [26/Jun/2017:11:48:57 +0700] "POST /prodam/kvartiry/new/ HTTP/1.1" 200 356
10.0.0.57 - - [26/Jun/2017:11:49:10 +0700] "POST /prodam/kvartiry/new/ HTTP/1.1" 200 356
10.0.0.57 - - [26/Jun/2017:11:49:16 +0700] "POST /prodam/kvartiry/new/ HTTP/1.1" 200 356
10.0.0.70 - - [26/Jun/2017:11:50:13 +0700] "GET /all/prodam/zemelnye_uchastki/new/?action=done&id=14690 HTTP/1.1" 200 356
10.0.0.57 - - [26/Jun/2017:11:51:24 +0700] "GET /prodam/kvartiry/new/?action=done&id=14724-17 HTTP/1.1" 200 356
10.0.0.57 - - [26/Jun/2017:11:51:28 +0700] "GET /plan/?refresh HTTP/1.1" 302 360
10.0.0.57 - - [26/Jun/2017:11:51:28 +0700] "GET /plan/ HTTP/1.1" 200 4531
10.0.0.70 - - [26/Jun/2017:11:51:38 +0700] "GET /all/prodam/zemelnye_uchastki/new/?action=done&id=14647 HTTP/1.1" 200 356
10.0.0.57 - - [26/Jun/2017:11:51:44 +0700] "GET /prodam/zemelnye_uchastki/ HTTP/1.1" 302 389
10.0.0.57 - - [26/Jun/2017:11:51:44 +0700] "GET /all/prodam/zemelnye_uchastki/new/ HTTP/1.1" 200 15812
10.0.0.57 - - [26/Jun/2017:11:52:22 +0700] "GET /all/prodam/zemelnye_uchastki/new/?p=8 HTTP/1.1" 200 16245
10.0.0.70 - - [26/Jun/2017:11:52:39 +0700] "GET /all/prodam/zemelnye_uchastki/new/?action=done&id=14644 HTTP/1.1" 200 356
10.0.0.70 - - [26/Jun/2017:11:53:16 +0700] "GET /prodam/doma_dachi_kottedzhi/ HTTP/1.1" 302 392
10.0.0.70 - - [26/Jun/2017:11:53:16 +0700] "GET /all/prodam/doma_dachi_kottedzhi/new/ HTTP/1.1" 200 20460
10.0.0.70 - - [26/Jun/2017:11:53:23 +0700] "GET /all/prodam/doma_dachi_kottedzhi/new/?p=5 HTTP/1.1" 200 25494
10.0.0.57 - - [26/Jun/2017:11:53:41 +0700] "GET /all/prodam/zemelnye_uchastki/new/?p=2 HTTP/1.1" 200 15287
10.0.0.70 - - [26/Jun/2017:11:55:43 +0700] "GET /all/prodam/doma_dachi_kottedzhi/new/?action=done&id=14031 HTTP/1.1" 200 356
10.0.0.57 - - [26/Jun/2017:11:56:45 +0700] "POST /all/prodam/zemelnye_uchastki/new/ HTTP/1.1" 200 356
10.0.0.57 - - [26/Jun/2017:11:57:15 +0700] "POST /all/prodam/zemelnye_uchastki/new/ HTTP/1.1" 200 356
10.0.0.85 - - [26/Jun/2017:11:58:23 +0700] "GET /all/prodam/doma_dachi_kottedzhi/new/?action=done&id=14738 HTTP/1.1" 200 356
10.0.0.57 - - [26/Jun/2017:11:59:32 +0700] "GET /plan/?refresh HTTP/1.1" 302 361
10.0.0.57 - - [26/Jun/2017:11:59:33 +0700] "GET /plan/ HTTP/1.1" 200 4535
10.0.0.57 - - [26/Jun/2017:12:00:16 +0700] "GET /plan/?refresh HTTP/1.1" 302 361
10.0.0.57 - - [26/Jun/2017:12:00:16 +0700] "GET /plan/ HTTP/1.1" 200 4535
10.0.0.1 - - [26/Jun/2017:12:01:17 +0700] "GET /prodam/kvartiry/new/?action=done&id=11164-16 HTTP/1.0" 200 356
10.0.0.57 - - [26/Jun/2017:12:01:21 +0700] "GET /plan/?refresh HTTP/1.1" 302 361
10.0.0.57 - - [26/Jun/2017:12:01:22 +0700] "GET /plan/ HTTP/1.1" 200 4525
10.0.0.70 - - [26/Jun/2017:12:01:35 +0700] "GET /all/prodam/doma_dachi_kottedzhi/new/?action=done&id=14003 HTTP/1.1" 200 356
10.0.0.70 - - [26/Jun/2017:12:02:22 +0700] "POST /all/prodam/doma_dachi_kottedzhi/new/ HTTP/1.1" 200 356
10.0.0.70 - - [26/Jun/2017:12:03:48 +0700] "GET /all/prodam/doma_dachi_kottedzhi/new/?action=done&id=13998 HTTP/1.1" 200 356
10.0.0.57 - - [26/Jun/2017:12:04:08 +0700] "GET /plan/?refresh HTTP/1.1" 302 361
10.0.0.57 - - [26/Jun/2017:12:04:09 +0700] "GET /plan/ HTTP/1.1" 200 4521
10.0.0.70 - - [26/Jun/2017:12:06:19 +0700] "GET /all/prodam/doma_dachi_kottedzhi/new/?action=done&id=13997 HTTP/1.1" 200 356
10.0.0.70 - - [26/Jun/2017:12:06:30 +0700] "GET /all/prodam/doma_dachi_kottedzhi/new/?action=done&id=13991 HTTP/1.1" 200 356
10.0.0.70 - - [26/Jun/2017:12:06:42 +0700] "GET /all/prodam/doma_dachi_kottedzhi/new/?action=done&id=13986 HTTP/1.1" 200 356
10.0.0.85 - - [26/Jun/2017:12:08:17 +0700] "POST /all/prodam/doma_dachi_kottedzhi/new/ HTTP/1.1" 200 356
10.0.0.85 - - [26/Jun/2017:12:08:29 +0700] "POST /all/prodam/doma_dachi_kottedzhi/new/ HTTP/1.1" 200 356
10.0.0.70 - - [26/Jun/2017:12:08:39 +0700] "POST /all/prodam/doma_dachi_kottedzhi/new/ HTTP/1.1" 200 356
10.0.0.70 - - [26/Jun/2017:12:08:41 +0700] "GET /all/prodam/doma_dachi_kottedzhi/new/?action=done&id=13970 HTTP/1.1" 200 355
10.0.0.85 - - [26/Jun/2017:12:09:05 +0700] "POST /all/prodam/doma_dachi_kottedzhi/new/ HTTP/1.1" 200 356
10.0.0.70 - - [26/Jun/2017:12:09:13 +0700] "POST /all/prodam/doma_dachi_kottedzhi/new/ HTTP/1.1" 200 356
10.0.0.70 - - [26/Jun/2017:12:09:30 +0700] "GET /all/prodam/doma_dachi_kottedzhi/new/?action=done&id=13965 HTTP/1.1" 200 356
10.0.0.57 - - [26/Jun/2017:12:13:23 +0700] "GET /all/prodam/zemelnye_uchastki/new/?action=done&id=14103 HTTP/1.1" 200 356
10.0.0.57 - - [26/Jun/2017:12:13:27 +0700] "GET /plan/?refresh HTTP/1.1" 302 360
10.0.0.57 - - [26/Jun/2017:12:13:27 +0700] "GET /plan/ HTTP/1.1" 200 4528
10.0.0.85 - - [26/Jun/2017:12:13:28 +0700] "GET /search/ HTTP/1.1" 200 1361
10.0.0.85 - - [26/Jun/2017:12:13:40 +0700] "GET /search/?phone=89123960319 HTTP/1.1" 200 1394
10.0.0.85 - - [26/Jun/2017:12:14:15 +0700] "GET /all/prodam/doma_dachi_kottedzhi/new/?action=done&id=14713 HTTP/1.1" 200 356
10.0.0.85 - - [26/Jun/2017:12:14:16 +0700] "GET /all/prodam/doma_dachi_kottedzhi/new/?action=done&id=14714 HTTP/1.1" 200 355
10.0.0.85 - - [26/Jun/2017:12:14:18 +0700] "GET /all/prodam/doma_dachi_kottedzhi/new/?action=done&id=14716 HTTP/1.1" 200 355
10.0.0.70 - - [26/Jun/2017:12:14:40 +0700] "POST /all/prodam/doma_dachi_kottedzhi/new/ HTTP/1.1" 200 356
10.0.0.57 - - [26/Jun/2017:12:20:40 +0700] "POST /all/prodam/zemelnye_uchastki/new/ HTTP/1.1" 200 356
10.0.0.57 - - [26/Jun/2017:12:21:05 +0700] "POST /all/prodam/zemelnye_uchastki/new/ HTTP/1.1" 200 356
10.0.0.85 - - [26/Jun/2017:12:22:59 +0700] "POST /all/prodam/doma_dachi_kottedzhi/new/ HTTP/1.1" 200 356
10.0.0.85 - - [26/Jun/2017:12:23:22 +0700] "GET /all/prodam/doma_dachi_kottedzhi/new/?action=done&id=14711 HTTP/1.1" 200 356
10.0.0.57 - - [26/Jun/2017:12:23:23 +0700] "POST /all/prodam/zemelnye_uchastki/new/ HTTP/1.1" 200 356
10.0.0.85 - - [26/Jun/2017:12:27:09 +0700] "POST /all/prodam/doma_dachi_kottedzhi/new/ HTTP/1.1" 200 356
10.0.0.85 - - [26/Jun/2017:12:27:14 +0700] "GET /plan/ HTTP/1.1" 200 4527
10.0.0.85 - - [26/Jun/2017:12:27:15 +0700] "GET /favicon.ico HTTP/1.1" 200 13684
10.0.0.85 - - [26/Jun/2017:12:27:18 +0700] "GET /plan/operator2/2017-06-26/ HTTP/1.1" 200 3076
10.0.0.57 - - [26/Jun/2017:12:27:22 +0700] "POST /all/prodam/zemelnye_uchastki/new/ HTTP/1.1" 200 356
10.0.0.57 - - [26/Jun/2017:12:27:23 +0700] "GET /plan/?refresh HTTP/1.1" 302 361
10.0.0.57 - - [26/Jun/2017:12:27:23 +0700] "GET /plan/ HTTP/1.1" 200 4530
10.0.0.57 - - [26/Jun/2017:12:27:35 +0700] "POST /all/prodam/zemelnye_uchastki/new/ HTTP/1.1" 200 356
10.0.0.85 - - [26/Jun/2017:12:27:54 +0700] "POST /all/prodam/doma_dachi_kottedzhi/new/ HTTP/1.1" 200 356
10.0.0.85 - - [26/Jun/2017:12:28:04 +0700] "GET /plan/ HTTP/1.1" 200 4529
10.0.0.85 - - [26/Jun/2017:12:32:24 +0700] "POST /all/prodam/doma_dachi_kottedzhi/new/ HTTP/1.1" 200 356
10.0.0.70 - - [26/Jun/2017:12:33:50 +0700] "POST /all/prodam/doma_dachi_kottedzhi/new/ HTTP/1.1" 200 356
10.0.0.70 - - [26/Jun/2017:12:34:28 +0700] "POST /all/prodam/doma_dachi_kottedzhi/new/ HTTP/1.1" 200 356
10.0.0.70 - - [26/Jun/2017:12:34:37 +0700] "GET /all/prodam/doma_dachi_kottedzhi/new/?action=done&id=13953 HTTP/1.1" 200 356
10.0.0.57 - - [26/Jun/2017:12:34:57 +0700] "GET /all/prodam/zemelnye_uchastki/new/?action=done&id=14053 HTTP/1.1" 200 356
10.0.0.57 - - [26/Jun/2017:12:35:00 +0700] "GET /plan/?refresh HTTP/1.1" 302 360
10.0.0.57 - - [26/Jun/2017:12:35:00 +0700] "GET /plan/ HTTP/1.1" 200 4527
10.0.0.70 - - [26/Jun/2017:12:35:42 +0700] "POST /all/prodam/doma_dachi_kottedzhi/new/ HTTP/1.1" 200 356
10.0.0.70 - - [26/Jun/2017:12:37:46 +0700] "POST /all/prodam/doma_dachi_kottedzhi/new/ HTTP/1.1" 200 356
10.0.0.70 - - [26/Jun/2017:12:37:47 +0700] "GET /all/prodam/doma_dachi_kottedzhi/new/?action=done&id=13945 HTTP/1.1" 200 355
10.0.0.57 - - [26/Jun/2017:12:37:50 +0700] "GET /all/prodam/zemelnye_uchastki/new/?action=done&id=14050 HTTP/1.1" 200 356
10.0.0.70 - - [26/Jun/2017:12:38:37 +0700] "POST /all/prodam/doma_dachi_kottedzhi/new/ HTTP/1.1" 200 356
10.0.0.70 - - [26/Jun/2017:12:38:40 +0700] "GET /all/prodam/doma_dachi_kottedzhi/new/?action=done&id=13944 HTTP/1.1" 200 355
10.0.0.70 - - [26/Jun/2017:12:38:56 +0700] "POST /all/prodam/doma_dachi_kottedzhi/new/ HTTP/1.1" 200 356
10.0.0.70 - - [26/Jun/2017:12:38:57 +0700] "GET /all/prodam/doma_dachi_kottedzhi/new/?action=done&id=13879 HTTP/1.1" 200 355
10.0.0.70 - - [26/Jun/2017:12:39:01 +0700] "GET /all/prodam/doma_dachi_kottedzhi/new/?action=done&id=13876 HTTP/1.1" 200 355
10.0.0.70 - - [26/Jun/2017:12:39:12 +0700] "POST /all/prodam/doma_dachi_kottedzhi/new/ HTTP/1.1" 200 356
10.0.0.70 - - [26/Jun/2017:12:39:13 +0700] "GET /all/prodam/doma_dachi_kottedzhi/new/?action=done&id=13872 HTTP/1.1" 200 355
10.0.0.70 - - [26/Jun/2017:12:39:36 +0700] "GET /prodam/kvartiry/new/ HTTP/1.1" 200 24068
10.0.0.70 - - [26/Jun/2017:12:39:40 +0700] "GET /search/ HTTP/1.1" 200 1360
10.0.0.70 - - [26/Jun/2017:12:39:43 +0700] "GET /search/?phone=89834589824 HTTP/1.1" 200 2798
10.0.0.70 - - [26/Jun/2017:12:39:57 +0700] "POST /all/prodam/doma_dachi_kottedzhi/new/ HTTP/1.1" 200 356
10.0.0.70 - - [26/Jun/2017:12:39:58 +0700] "GET /all/prodam/doma_dachi_kottedzhi/new/?action=done&id=13869 HTTP/1.1" 200 355
10.0.0.70 - - [26/Jun/2017:12:40:28 +0700] "POST /all/prodam/doma_dachi_kottedzhi/new/ HTTP/1.1" 200 356
10.0.0.70 - - [26/Jun/2017:12:40:56 +0700] "POST /all/prodam/doma_dachi_kottedzhi/new/ HTTP/1.1" 200 356
10.0.0.70 - - [26/Jun/2017:12:41:47 +0700] "GET /all/prodam/doma_dachi_kottedzhi/new/?action=done&id=13823 HTTP/1.1" 200 356
10.0.0.57 - - [26/Jun/2017:12:41:52 +0700] "GET /all/prodam/zemelnye_uchastki/new/?action=done&id=14009 HTTP/1.1" 200 356
10.0.0.57 - - [26/Jun/2017:12:41:55 +0700] "GET /plan/?refresh HTTP/1.1" 302 361
10.0.0.57 - - [26/Jun/2017:12:41:55 +0700] "GET /plan/ HTTP/1.1" 200 4536
10.0.0.70 - - [26/Jun/2017:12:41:56 +0700] "GET /all/prodam/doma_dachi_kottedzhi/new/?action=done&id=13821 HTTP/1.1" 200 356
10.0.0.70 - - [26/Jun/2017:12:41:58 +0700] "GET /all/prodam/doma_dachi_kottedzhi/new/?action=done&id=13819 HTTP/1.1" 200 355
10.0.0.70 - - [26/Jun/2017:12:42:26 +0700] "GET /all/prodam/doma_dachi_kottedzhi/new/?action=done&id=13804 HTTP/1.1" 200 356
10.0.0.70 - - [26/Jun/2017:12:42:30 +0700] "GET /all/prodam/doma_dachi_kottedzhi/new/?action=undo&id=13804 HTTP/1.1" 200 355
10.0.0.70 - - [26/Jun/2017:12:42:31 +0700] "GET /all/prodam/doma_dachi_kottedzhi/new/?action=done&id=13814 HTTP/1.1" 200 355
10.0.0.70 - - [26/Jun/2017:12:42:37 +0700] "GET /all/prodam/doma_dachi_kottedzhi/new/?action=done&id=13804 HTTP/1.1" 200 356
10.0.0.70 - - [26/Jun/2017:12:45:48 +0700] "GET /all/prodam/doma_dachi_kottedzhi/new/?action=done&id=13803 HTTP/1.1" 200 356
10.0.0.70 - - [26/Jun/2017:12:46:19 +0700] "GET /search/?phone=89024544128 HTTP/1.1" 200 2868
10.0.0.70 - - [26/Jun/2017:12:46:29 +0700] "POST /all/prodam/doma_dachi_kottedzhi/new/ HTTP/1.1" 200 356
10.0.0.70 - - [26/Jun/2017:12:47:02 +0700] "POST /all/prodam/doma_dachi_kottedzhi/new/ HTTP/1.1" 200 356
10.0.0.70 - - [26/Jun/2017:12:47:16 +0700] "GET /search/?phone=89148386553 HTTP/1.1" 200 2462
10.0.0.70 - - [26/Jun/2017:12:48:44 +0700] "GET /all/prodam/doma_dachi_kottedzhi/new/?action=done&id=13797 HTTP/1.1" 200 356
10.0.0.70 - - [26/Jun/2017:12:48:48 +0700] "GET /all/prodam/doma_dachi_kottedzhi/new/?action=done&id=13777 HTTP/1.1" 200 355
10.0.0.70 - - [26/Jun/2017:12:49:06 +0700] "GET /search/?phone=89246525200 HTTP/1.1" 200 4152
10.0.0.85 - - [26/Jun/2017:12:49:10 +0700] "GET /all/prodam/doma_dachi_kottedzhi/new/?action=done&id=14699 HTTP/1.1" 200 356
10.0.0.70 - - [26/Jun/2017:12:50:07 +0700] "POST /all/prodam/doma_dachi_kottedzhi/new/ HTTP/1.1" 200 356
10.0.0.70 - - [26/Jun/2017:12:51:27 +0700] "GET /search/?phone=89503820312 HTTP/1.1" 200 2246
10.0.0.70 - - [26/Jun/2017:12:51:38 +0700] "GET /all/prodam/doma_dachi_kottedzhi/new/?action=done&id=13729 HTTP/1.1" 200 356
10.0.0.70 - - [26/Jun/2017:12:51:47 +0700] "GET /all/prodam/doma_dachi_kottedzhi/new/?action=done&id=13728 HTTP/1.1" 200 356
10.0.0.70 - - [26/Jun/2017:12:52:17 +0700] "GET /search/?phone=89025349612 HTTP/1.1" 200 2289
10.0.0.1 - - [26/Jun/2017:12:52:28 +0700] "GET /prodam/kvartiry/new/?p=1&rooms=0-1 HTTP/1.0" 200 21960
10.0.0.70 - - [26/Jun/2017:12:52:39 +0700] "POST /all/prodam/doma_dachi_kottedzhi/new/ HTTP/1.1" 200 356
10.0.0.70 - - [26/Jun/2017:12:52:41 +0700] "GET /all/prodam/doma_dachi_kottedzhi/new/?action=done&id=13726 HTTP/1.1" 200 355
10.0.0.1 - - [26/Jun/2017:12:53:31 +0700] "POST /prodam/kvartiry/new/ HTTP/1.0" 200 356
10.0.0.1 - - [26/Jun/2017:12:53:50 +0700] "GET /prodam/kvartiry/new/?p=3&rooms=0-1 HTTP/1.0" 200 9242
10.0.0.57 - - [26/Jun/2017:12:54:49 +0700] "POST /all/prodam/zemelnye_uchastki/new/ HTTP/1.1" 200 356
10.0.0.57 - - [26/Jun/2017:12:55:22 +0700] "POST /all/prodam/zemelnye_uchastki/new/ HTTP/1.1" 200 356
10.0.0.70 - - [26/Jun/2017:12:56:25 +0700] "POST /all/prodam/doma_dachi_kottedzhi/new/ HTTP/1.1" 200 356
10.0.0.70 - - [26/Jun/2017:12:56:57 +0700] "GET /all/prodam/doma_dachi_kottedzhi/new/?action=done&id=13721 HTTP/1.1" 200 356
10.0.0.70 - - [26/Jun/2017:12:56:59 +0700] "GET /all/prodam/doma_dachi_kottedzhi/new/?p=6 HTTP/1.1" 200 23212
10.0.0.70 - - [26/Jun/2017:12:59:22 +0700] "GET /all/prodam/doma_dachi_kottedzhi/new/?action=done&id=13607 HTTP/1.1" 200 356
10.0.0.1 - - [26/Jun/2017:13:00:11 +0700] "POST /prodam/kvartiry/new/ HTTP/1.0" 200 356
10.0.0.1 - - [26/Jun/2017:13:00:11 +0700] "GET /prodam/kvartiry/new/?p=2&rooms=0-1 HTTP/1.0" 200 22455
10.0.0.70 - - [26/Jun/2017:13:01:02 +0700] "POST /all/prodam/doma_dachi_kottedzhi/new/ HTTP/1.1" 200 356
10.0.0.1 - - [26/Jun/2017:13:01:35 +0700] "POST /prodam/kvartiry/new/ HTTP/1.0" 200 356
10.0.0.1 - - [26/Jun/2017:13:01:38 +0700] "GET /prodam/kvartiry/new/?p=3&rooms=0-1 HTTP/1.0" 200 9243
10.0.0.57 - - [26/Jun/2017:13:02:01 +0700] "GET /all/prodam/zemelnye_uchastki/new/?action=done&id=13644 HTTP/1.1" 200 356
10.0.0.70 - - [26/Jun/2017:13:02:24 +0700] "POST /all/prodam/doma_dachi_kottedzhi/new/ HTTP/1.1" 200 356
10.0.0.1 - - [26/Jun/2017:13:02:24 +0700] "GET /prodam/kvartiry/new/?action=done&id=11148-20 HTTP/1.0" 200 356
10.0.0.1 - - [26/Jun/2017:13:02:36 +0700] "GET /prodam/kvartiry/new/?action=done&id=10963-16 HTTP/1.0" 200 356
10.0.0.70 - - [26/Jun/2017:13:02:55 +0700] "GET /search/?phone=89025349612 HTTP/1.1" 200 2333
10.0.0.70 - - [26/Jun/2017:13:03:10 +0700] "GET /search/?phone=89996035859 HTTP/1.1" 200 2200
10.0.0.70 - - [26/Jun/2017:13:03:22 +0700] "POST /all/prodam/doma_dachi_kottedzhi/new/ HTTP/1.1" 200 356
10.0.0.70 - - [26/Jun/2017:13:04:11 +0700] "GET /search/?phone=89149802641 HTTP/1.1" 200 2694
10.0.0.70 - - [26/Jun/2017:13:04:22 +0700] "POST /all/prodam/doma_dachi_kottedzhi/new/ HTTP/1.1" 200 356
10.0.0.70 - - [26/Jun/2017:13:04:25 +0700] "GET /all/prodam/doma_dachi_kottedzhi/new/?action=done&id=13572 HTTP/1.1" 200 355
10.0.0.70 - - [26/Jun/2017:13:06:07 +0700] "POST /all/prodam/doma_dachi_kottedzhi/new/ HTTP/1.1" 200 356
10.0.0.70 - - [26/Jun/2017:13:06:08 +0700] "GET /all/prodam/doma_dachi_kottedzhi/new/?action=done&id=13554 HTTP/1.1" 200 355
10.0.0.70 - - [26/Jun/2017:13:06:28 +0700] "GET /search/?phone=89025647733 HTTP/1.1" 200 2972
10.0.0.70 - - [26/Jun/2017:13:06:48 +0700] "GET /search/?action=done&id=13547 HTTP/1.1" 200 356
10.0.0.70 - - [26/Jun/2017:13:06:52 +0700] "POST /all/prodam/doma_dachi_kottedzhi/new/ HTTP/1.1" 200 355
10.0.0.70 - - [26/Jun/2017:13:06:55 +0700] "GET /all/prodam/doma_dachi_kottedzhi/new/?action=done&id=13547 HTTP/1.1" 200 355
10.0.0.98 - - [26/Jun/2017:13:08:31 +0700] "GET /prodam/kvartiry/new/ HTTP/1.1" 200 24064
10.0.0.98 - - [26/Jun/2017:13:08:34 +0700] "GET /prodam/zemelnye_uchastki/ HTTP/1.1" 302 333
10.0.0.98 - - [26/Jun/2017:13:08:34 +0700] "GET /all/prodam/zemelnye_uchastki/new/ HTTP/1.1" 200 15664
10.0.0.98 - - [26/Jun/2017:13:08:36 +0700] "GET /prodam/doma_dachi_kottedzhi/ HTTP/1.1" 302 336
10.0.0.98 - - [26/Jun/2017:13:08:36 +0700] "GET /all/prodam/doma_dachi_kottedzhi/new/ HTTP/1.1" 200 22666
10.0.0.98 - - [26/Jun/2017:13:08:42 +0700] "GET /all/prodam/doma_dachi_kottedzhi/new/?date_from=&date_to= HTTP/1.1" 200 22666
10.0.0.57 - - [26/Jun/2017:13:09:23 +0700] "GET /all/prodam/zemelnye_uchastki/new/?action=done&id=13646 HTTP/1.1" 200 356
10.0.0.1 - - [26/Jun/2017:13:12:29 +0700] "GET /prodam/kvartiry/new/?action=done&id=917-19 HTTP/1.0" 200 356
10.0.0.57 - - [26/Jun/2017:13:12:32 +0700] "GET /all/prodam/zemelnye_uchastki/new/?p=3 HTTP/1.1" 200 14913
10.0.0.85 - - [26/Jun/2017:13:14:15 +0700] "GET /search/?phone=89254171285 HTTP/1.1" 200 2561
10.0.0.1 - - [26/Jun/2017:13:14:38 +0700] "POST /prodam/kvartiry/new/ HTTP/1.0" 200 356
10.0.0.1 - - [26/Jun/2017:13:16:31 +0700] "GET /prodam/kvartiry/new/?action=done&id=5496-19 HTTP/1.0" 200 356
10.0.0.1 - - [26/Jun/2017:13:17:41 +0700] "POST /prodam/kvartiry/new/ HTTP/1.0" 200 356
10.0.0.1 - - [26/Jun/2017:13:19:26 +0700] "POST /prodam/kvartiry/new/ HTTP/1.0" 200 356
10.0.0.57 - - [26/Jun/2017:13:21:31 +0700] "POST /all/prodam/zemelnye_uchastki/new/ HTTP/1.1" 200 356
10.0.0.85 - - [26/Jun/2017:13:21:32 +0700] "GET /search/?action=done&id=14742 HTTP/1.1" 200 356
10.0.0.85 - - [26/Jun/2017:13:21:33 +0700] "GET /search/?action=done&id=14708 HTTP/1.1" 200 355
10.0.0.1 - - [26/Jun/2017:13:21:39 +0700] "GET /prodam/kvartiry/new/?action=done&id=1085-19 HTTP/1.0" 200 356
10.0.0.1 - - [26/Jun/2017:13:21:42 +0700] "GET /plan/?refresh HTTP/1.0" 302 360
10.0.0.1 - - [26/Jun/2017:13:21:43 +0700] "GET /plan/ HTTP/1.0" 200 4546
10.0.0.85 - - [26/Jun/2017:13:21:44 +0700] "GET /plan/ HTTP/1.1" 200 4546
10.0.0.85 - - [26/Jun/2017:13:21:44 +0700] "GET /favicon.ico HTTP/1.1" 200 13684
10.0.0.85 - - [26/Jun/2017:13:21:48 +0700] "GET /plan/operator2/2017-06-26/ HTTP/1.1" 200 3105
10.0.0.85 - - [26/Jun/2017:13:22:33 +0700] "GET /all/prodam/doma_dachi_kottedzhi/new/?action=done&id=14698 HTTP/1.1" 200 356
10.0.0.70 - - [26/Jun/2017:13:22:36 +0700] "GET /all/prodam/doma_dachi_kottedzhi/new/?action=done&id=13516 HTTP/1.1" 200 356
10.0.0.70 - - [26/Jun/2017:13:22:55 +0700] "GET /all/prodam/doma_dachi_kottedzhi/new/?action=done&id=13513 HTTP/1.1" 200 356
10.0.0.70 - - [26/Jun/2017:13:23:06 +0700] "GET /all/prodam/doma_dachi_kottedzhi/new/?action=done&id=13512 HTTP/1.1" 200 356
10.0.0.70 - - [26/Jun/2017:13:23:13 +0700] "GET /all/prodam/doma_dachi_kottedzhi/new/?action=done&id=13483 HTTP/1.1" 200 356
10.0.0.1 - - [26/Jun/2017:13:24:09 +0700] "POST /prodam/kvartiry/new/ HTTP/1.0" 200 356
10.0.0.70 - - [26/Jun/2017:13:24:45 +0700] "POST /all/prodam/doma_dachi_kottedzhi/new/ HTTP/1.1" 200 356
10.0.0.70 - - [26/Jun/2017:13:26:46 +0700] "POST /all/prodam/doma_dachi_kottedzhi/new/ HTTP/1.1" 200 356
10.0.0.70 - - [26/Jun/2017:13:26:46 +0700] "POST /all/prodam/doma_dachi_kottedzhi/new/ HTTP/1.1" 200 355
10.0.0.70 - - [26/Jun/2017:13:26:48 +0700] "GET /all/prodam/doma_dachi_kottedzhi/new/?action=done&id=13462 HTTP/1.1" 200 355
10.0.0.70 - - [26/Jun/2017:13:27:05 +0700] "GET /search/?phone=89644128490 HTTP/1.1" 200 3325
10.0.0.70 - - [26/Jun/2017:13:27:16 +0700] "GET /all/prodam/doma_dachi_kottedzhi/new/?action=done&id=13437 HTTP/1.1" 200 356
10.0.0.70 - - [26/Jun/2017:13:27:34 +0700] "GET /search/?phone=89676200508 HTTP/1.1" 200 2623
10.0.0.70 - - [26/Jun/2017:13:27:47 +0700] "GET /all/prodam/doma_dachi_kottedzhi/new/?action=done&id=13435 HTTP/1.1" 200 356
