10.0.0.1 - - [26/Jun/2017:17:34:06 +0700] "POST /all/prodam/doma_dachi_kottedzhi/new/ HTTP/1.0" 200 356
10.0.0.1 - - [26/Jun/2017:17:36:19 +0700] "GET /all/prodam/doma_dachi_kottedzhi/new/?action=done&id=10681 HTTP/1.0" 200 356
10.0.0.1 - - [26/Jun/2017:17:36:30 +0700] "GET /plan/?refresh HTTP/1.0" 302 361
10.0.0.1 - - [26/Jun/2017:17:36:30 +0700] "GET /plan/ HTTP/1.0" 200 4577
10.0.0.70 - - [26/Jun/2017:17:36:57 +0700] "POST /prodam/kvartiry/new/ HTTP/1.1" 200 356
10.0.0.70 - - [26/Jun/2017:17:37:04 +0700] "GET /prodam/kvartiry/new/?rooms=3-10&site=&date_from=&date_to= HTTP/1.1" 200 26285
10.0.0.70 - - [26/Jun/2017:17:39:24 +0700] "GET /prodam/kvartiry/new/?action=done&id=14887-23 HTTP/1.1" 200 356
10.0.0.1 - - [26/Jun/2017:17:39:39 +0700] "GET /all/prodam/doma_dachi_kottedzhi/new/?action=done&id=10680 HTTP/1.0" 200 356
10.0.0.70 - - [26/Jun/2017:17:40:19 +0700] "GET /prodam/kvartiry/new/?action=done&id=14823-21 HTTP/1.1" 200 356
10.0.0.85 - - [26/Jun/2017:17:42:23 +0700] "GET /plan/operator2/2017-06-26/ HTTP/1.1" 200 3223
10.0.0.85 - - [26/Jun/2017:17:42:24 +0700] "GET /favicon.ico HTTP/1.1" 200 13684
10.0.0.1 - - [26/Jun/2017:17:42:29 +0700] "GET /all/prodam/doma_dachi_kottedzhi/new/?action=done&id=10651 HTTP/1.0" 200 356
10.0.0.1 - - [26/Jun/2017:17:43:17 +0700] "GET /all/prodam/doma_dachi_kottedzhi/new/?p=16 HTTP/1.0" 200 22565
10.0.0.1 - - [26/Jun/2017:17:43:17 +0700] "GET /js/jquery.min.js HTTP/1.0" 200 33578
10.0.0.1 - - [26/Jun/2017:17:43:17 +0700] "GET /js/datetimepicker/jquery.datetimepicker.js HTTP/1.0" 200 16413
10.0.0.1 - - [26/Jun/2017:17:43:17 +0700] "GET /css/styles.css HTTP/1.0" 200 2541
10.0.0.1 - - [26/Jun/2017:17:43:17 +0700] "GET /js/common.js HTTP/1.0" 200 2429
10.0.0.1 - - [26/Jun/2017:17:43:17 +0700] "GET /js/datetimepicker/jquery.datetimepicker.css HTTP/1.0" 200 3525
10.0.0.1 - - [26/Jun/2017:17:43:19 +0700] "GET /favicon.ico HTTP/1.0" 200 13684
10.0.0.1 - - [26/Jun/2017:17:43:19 +0700] "GET /plan/?refresh HTTP/1.0" 302 360
10.0.0.1 - - [26/Jun/2017:17:43:20 +0700] "GET /plan/ HTTP/1.0" 200 4575
10.0.0.70 - - [26/Jun/2017:17:43:39 +0700] "GET /prodam/kvartiry/new/?action=done&id=14818-21 HTTP/1.1" 200 356
10.0.0.70 - - [26/Jun/2017:17:44:33 +0700] "POST /prodam/kvartiry/new/ HTTP/1.1" 200 356
10.0.0.70 - - [26/Jun/2017:17:44:45 +0700] "POST /prodam/kvartiry/new/ HTTP/1.1" 200 356
10.0.0.1 - - [26/Jun/2017:17:45:08 +0700] "GET /all/prodam/doma_dachi_kottedzhi/new/?action=done&id=10486 HTTP/1.0" 200 356
10.0.0.70 - - [26/Jun/2017:17:46:33 +0700] "GET /prodam/kvartiry/new/?action=done&id=14806-22 HTTP/1.1" 200 356
10.0.0.1 - - [26/Jun/2017:17:48:08 +0700] "GET /all/prodam/doma_dachi_kottedzhi/new/?action=done&id=10483 HTTP/1.0" 200 356
10.0.0.1 - - [26/Jun/2017:17:48:11 +0700] "GET /plan/?refresh HTTP/1.0" 302 360
10.0.0.1 - - [26/Jun/2017:17:48:11 +0700] "GET /plan/ HTTP/1.0" 200 4570
10.0.0.70 - - [26/Jun/2017:17:49:22 +0700] "POST /prodam/kvartiry/new/ HTTP/1.1" 200 356
10.0.0.70 - - [26/Jun/2017:17:49:23 +0700] "GET /prodam/kvartiry/new/?action=done&id=14654-22 HTTP/1.1" 200 355
10.0.0.70 - - [26/Jun/2017:17:50:05 +0700] "POST /prodam/kvartiry/new/ HTTP/1.1" 200 356
10.0.0.70 - - [26/Jun/2017:17:50:07 +0700] "GET /prodam/kvartiry/new/?rooms=0-1&site=&date_from=&date_to= HTTP/1.1" 200 21430
10.0.0.70 - - [26/Jun/2017:17:50:52 +0700] "GET /prodam/kvartiry/new/?rooms=3-10&site=&date_from=&date_to= HTTP/1.1" 200 25925
10.0.0.85 - - [26/Jun/2017:17:51:36 +0700] "GET /all/prodam/doma_dachi_kottedzhi/new/?action=done&id=14539 HTTP/1.1" 200 356
10.0.0.70 - - [26/Jun/2017:17:52:00 +0700] "POST /prodam/kvartiry/new/ HTTP/1.1" 200 356
10.0.0.85 - - [26/Jun/2017:17:52:03 +0700] "GET /plan/operator2/2017-06-26/ HTTP/1.1" 200 3223
10.0.0.85 - - [26/Jun/2017:17:52:03 +0700] "GET /favicon.ico HTTP/1.1" 200 13684
10.0.0.85 - - [26/Jun/2017:17:52:06 +0700] "GET /plan/operator2/2017-06-26/ HTTP/1.1" 200 3222
10.0.0.85 - - [26/Jun/2017:17:52:07 +0700] "GET /favicon.ico HTTP/1.1" 200 13684
10.0.0.70 - - [26/Jun/2017:17:53:07 +0700] "POST /prodam/kvartiry/new/ HTTP/1.1" 200 356
10.0.0.70 - - [26/Jun/2017:17:53:46 +0700] "POST /prodam/kvartiry/new/ HTTP/1.1" 200 356
10.0.0.70 - - [26/Jun/2017:17:54:07 +0700] "POST /prodam/kvartiry/new/ HTTP/1.1" 200 356
10.0.0.70 - - [26/Jun/2017:17:54:26 +0700] "POST /prodam/kvartiry/new/ HTTP/1.1" 200 356
10.0.0.85 - - [26/Jun/2017:17:55:12 +0700] "POST /all/prodam/doma_dachi_kottedzhi/new/ HTTP/1.1" 200 356
10.0.0.1 - - [26/Jun/2017:17:58:42 +0700] "GET /all/prodam/doma_dachi_kottedzhi/new/?action=done&id=10482 HTTP/1.0" 200 356
10.0.0.1 - - [26/Jun/2017:17:58:46 +0700] "GET /plan/?refresh HTTP/1.0" 302 360
10.0.0.1 - - [26/Jun/2017:17:58:47 +0700] "GET /plan/ HTTP/1.0" 200 4550
10.0.0.85 - - [26/Jun/2017:18:00:04 +0700] "GET /all/prodam/doma_dachi_kottedzhi/new/?action=done&id=14538 HTTP/1.1" 200 356
10.0.0.85 - - [26/Jun/2017:18:00:09 +0700] "GET /plan/operator2/2017-06-26/ HTTP/1.1" 200 3228
10.0.0.85 - - [26/Jun/2017:18:00:10 +0700] "GET /favicon.ico HTTP/1.1" 200 13684
10.0.0.85 - - [26/Jun/2017:18:02:53 +0700] "GET /all/prodam/doma_dachi_kottedzhi/new/?action=done&id=14547 HTTP/1.1" 200 356
10.0.0.85 - - [26/Jun/2017:18:02:57 +0700] "GET /plan/operator2/2017-06-26/ HTTP/1.1" 200 3227
10.0.0.85 - - [26/Jun/2017:18:02:57 +0700] "GET /favicon.ico HTTP/1.1" 200 13684
10.0.0.85 - - [26/Jun/2017:18:03:10 +0700] "GET /all/prodam/doma_dachi_kottedzhi/new/?p=2 HTTP/1.1" 200 22109
10.0.0.85 - - [26/Jun/2017:18:03:11 +0700] "GET /favicon.ico HTTP/1.1" 200 13684
10.0.0.85 - - [26/Jun/2017:18:04:02 +0700] "-" 408 0
10.0.0.85 - - [26/Jun/2017:18:04:15 +0700] "GET /plan/operator2/2017-06-26/ HTTP/1.1" 200 3229
10.0.0.85 - - [26/Jun/2017:18:04:16 +0700] "GET /favicon.ico HTTP/1.1" 200 13684
10.0.0.70 - - [27/Jun/2017:09:03:10 +0700] "GET /prodam/kvartiry/new/ HTTP/1.1" 200 22907
10.0.0.70 - - [27/Jun/2017:09:03:16 +0700] "GET /prodam/doma_dachi_kottedzhi/ HTTP/1.1" 302 391
10.0.0.70 - - [27/Jun/2017:09:03:16 +0700] "GET /all/prodam/doma_dachi_kottedzhi/new/ HTTP/1.1" 200 25397
10.0.0.70 - - [27/Jun/2017:09:03:28 +0700] "GET /prodam/kvartiry/ HTTP/1.1" 302 376
10.0.0.70 - - [27/Jun/2017:09:03:28 +0700] "GET /prodam/kvartiry/new/ HTTP/1.1" 200 22848
10.0.0.70 - - [27/Jun/2017:09:03:32 +0700] "GET /prodam/kvartiry/new/?rooms=2&site=&date_from=&date_to= HTTP/1.1" 200 27012
10.0.0.57 - - [27/Jun/2017:09:06:10 +0700] "GET /plan/operator3/2017-05-29/ HTTP/1.1" 200 3215
10.0.0.57 - - [27/Jun/2017:09:06:18 +0700] "GET / HTTP/1.1" 302 376
10.0.0.57 - - [27/Jun/2017:09:06:18 +0700] "GET /prodam/kvartiry/new/ HTTP/1.1" 200 22848
10.0.0.57 - - [27/Jun/2017:09:06:25 +0700] "GET /prodam/kvartiry/new/?rooms=0&site=&date_from=&date_to= HTTP/1.1" 200 22859
10.0.0.57 - - [27/Jun/2017:09:06:27 +0700] "GET /prodam/kvartiry/new/?rooms=0&site=&date_from=&date_to= HTTP/1.1" 200 22858
10.0.0.57 - - [27/Jun/2017:09:06:32 +0700] "GET /prodam/kvartiry/new/?rooms=3-10&site=&date_from=&date_to= HTTP/1.1" 200 26399
10.0.0.57 - - [27/Jun/2017:09:07:03 +0700] "GET /prodam/kvartiry/new/?rooms=2&site=&date_from=&date_to= HTTP/1.1" 200 27013
10.0.0.1 - - [27/Jun/2017:09:07:06 +0700] "GET /plan/ HTTP/1.0" 200 4612
10.0.0.57 - - [27/Jun/2017:09:07:12 +0700] "GET /prodam/kvartiry/new/?rooms=0-1&site=&date_from=&date_to= HTTP/1.1" 200 21163
10.0.0.1 - - [27/Jun/2017:09:07:16 +0700] "GET / HTTP/1.0" 302 376
10.0.0.1 - - [27/Jun/2017:09:07:17 +0700] "GET /prodam/kvartiry/new/ HTTP/1.0" 200 22848
10.0.0.57 - - [27/Jun/2017:09:07:22 +0700] "GET /prodam/kvartiry/new/?rooms=3-10&site=&date_from=&date_to= HTTP/1.1" 200 26399
10.0.0.1 - - [27/Jun/2017:09:07:28 +0700] "GET /prodam/kvartiry/new/?rooms=0-1&site=&date_from=&date_to= HTTP/1.0" 200 21163
10.0.0.57 - - [27/Jun/2017:09:07:34 +0700] "GET /plan/ HTTP/1.1" 200 4555
10.0.0.57 - - [27/Jun/2017:09:07:37 +0700] "GET /plan/?refresh HTTP/1.1" 302 360
10.0.0.57 - - [27/Jun/2017:09:07:37 +0700] "GET /plan/ HTTP/1.1" 200 4553
10.0.0.57 - - [27/Jun/2017:09:07:39 +0700] "GET /plan/?refresh HTTP/1.1" 302 360
10.0.0.57 - - [27/Jun/2017:09:07:39 +0700] "GET /plan/ HTTP/1.1" 200 4554
10.0.0.57 - - [27/Jun/2017:09:07:40 +0700] "GET /plan/?refresh HTTP/1.1" 302 360
10.0.0.57 - - [27/Jun/2017:09:07:41 +0700] "GET /plan/ HTTP/1.1" 200 4554
10.0.0.98 - - [27/Jun/2017:09:10:41 +0700] "GET /plan/ HTTP/1.1" 200 4613
10.0.0.98 - - [27/Jun/2017:09:10:41 +0700] "GET /js/common.js HTTP/1.1" 200 2430
10.0.0.98 - - [27/Jun/2017:09:10:41 +0700] "GET /js/datetimepicker/jquery.datetimepicker.js HTTP/1.1" 200 16414
10.0.0.98 - - [27/Jun/2017:09:10:41 +0700] "GET /js/jquery.min.js HTTP/1.1" 200 33578
10.0.0.98 - - [27/Jun/2017:09:10:41 +0700] "GET /css/styles.css HTTP/1.1" 200 2541
10.0.0.98 - - [27/Jun/2017:09:10:41 +0700] "GET /js/datetimepicker/jquery.datetimepicker.css HTTP/1.1" 200 3526
10.0.0.1 - - [27/Jun/2017:09:10:46 +0700] "POST /prodam/kvartiry/new/ HTTP/1.0" 200 356
10.0.0.57 - - [27/Jun/2017:09:12:07 +0700] "POST /prodam/kvartiry/new/ HTTP/1.1" 200 356
10.0.0.85 - - [27/Jun/2017:09:12:25 +0700] "GET /prodam/kvartiry/new/ HTTP/1.1" 200 22934
10.0.0.57 - - [27/Jun/2017:09:12:26 +0700] "POST /prodam/kvartiry/new/ HTTP/1.1" 200 356
10.0.0.57 - - [27/Jun/2017:09:12:41 +0700] "POST /prodam/kvartiry/new/ HTTP/1.1" 200 356
10.0.0.57 - - [27/Jun/2017:09:12:51 +0700] "POST /prodam/kvartiry/new/ HTTP/1.1" 200 356
10.0.0.57 - - [27/Jun/2017:09:12:53 +0700] "POST /prodam/kvartiry/new/ HTTP/1.1" 200 355
10.0.0.57 - - [27/Jun/2017:09:12:58 +0700] "POST /prodam/kvartiry/new/ HTTP/1.1" 200 355
10.0.0.1 - - [27/Jun/2017:09:13:10 +0700] "GET /prodam/kvartiry/new/?action=agency&id=14916-18 HTTP/1.0" 200 353
10.0.0.85 - - [27/Jun/2017:09:13:16 +0700] "-" 408 0
10.0.0.1 - - [27/Jun/2017:09:13:52 +0700] "GET /prodam/kvartiry/new/?action=done&id=2294-16 HTTP/1.0" 200 356
10.0.0.85 - - [27/Jun/2017:09:14:45 +0700] "GET /prodam/doma_dachi_kottedzhi/ HTTP/1.1" 302 392
10.0.0.85 - - [27/Jun/2017:09:14:45 +0700] "GET /all/prodam/doma_dachi_kottedzhi/new/ HTTP/1.1" 200 25397
10.0.0.85 - - [27/Jun/2017:09:15:13 +0700] "GET /all/prodam/doma_dachi_kottedzhi/new/?date_from=&date_to= HTTP/1.1" 200 25398
10.0.0.85 - - [27/Jun/2017:09:15:17 +0700] "GET /all/prodam/doma_dachi_kottedzhi/checked/ HTTP/1.1" 200 21364
10.0.0.57 - - [27/Jun/2017:09:15:24 +0700] "GET /prodam/kvartiry/new/?action=done&id=14910-23 HTTP/1.1" 200 356
10.0.0.57 - - [27/Jun/2017:09:15:29 +0700] "GET /plan/?refresh HTTP/1.1" 302 360
10.0.0.57 - - [27/Jun/2017:09:15:29 +0700] "GET /plan/ HTTP/1.1" 200 4678
10.0.0.85 - - [27/Jun/2017:09:15:32 +0700] "GET /all/prodam/doma_dachi_kottedzhi/updated/ HTTP/1.1" 200 1585
10.0.0.70 - - [27/Jun/2017:09:15:36 +0700] "GET /prodam/kvartiry/new/?action=done&id=14933-20 HTTP/1.1" 200 356
10.0.0.85 - - [27/Jun/2017:09:15:37 +0700] "GET /all/prodam/doma_dachi_kottedzhi/updated/ HTTP/1.1" 200 1585
10.0.0.85 - - [27/Jun/2017:09:15:39 +0700] "GET /all/prodam/doma_dachi_kottedzhi/new/ HTTP/1.1" 200 25397
10.0.0.98 - - [27/Jun/2017:09:16:03 +0700] "GET /plan/?refresh HTTP/1.1" 302 361
10.0.0.98 - - [27/Jun/2017:09:16:03 +0700] "GET /plan/ HTTP/1.1" 200 4677
10.0.0.98 - - [27/Jun/2017:09:16:07 +0700] "GET /plan/operator1/2017-06-26/ HTTP/1.1" 200 3262
10.0.0.98 - - [27/Jun/2017:09:16:10 +0700] "GET /plan/ HTTP/1.1" 200 4676
10.0.0.70 - - [27/Jun/2017:09:16:32 +0700] "POST /prodam/kvartiry/new/ HTTP/1.1" 200 356
10.0.0.85 - - [27/Jun/2017:09:16:33 +0700] "GET /plan/operator2/2017-06-26/ HTTP/1.1" 200 3228
10.0.0.85 - - [27/Jun/2017:09:16:36 +0700] "GET /plan/operator2/2017-06-26/ HTTP/1.1" 200 3227
10.0.0.85 - - [27/Jun/2017:09:16:36 +0700] "GET /favicon.ico HTTP/1.1" 200 13684
10.0.0.85 - - [27/Jun/2017:09:16:54 +0700] "GET /plan/operator2/2017-06-27/ HTTP/1.1" 200 2983
10.0.0.70 - - [27/Jun/2017:09:17:34 +0700] "POST /prodam/kvartiry/new/ HTTP/1.1" 200 356
10.0.0.70 - - [27/Jun/2017:09:17:36 +0700] "POST /prodam/kvartiry/new/ HTTP/1.1" 200 355
10.0.0.1 - - [27/Jun/2017:09:17:57 +0700] "GET /prodam/kvartiry/new/?action=done&id=14940-19 HTTP/1.0" 200 356
10.0.0.57 - - [27/Jun/2017:09:18:07 +0700] "GET /prodam/kvartiry/new/?action=done&id=14915-21 HTTP/1.1" 200 356
10.0.0.70 - - [27/Jun/2017:09:18:10 +0700] "POST /prodam/kvartiry/new/ HTTP/1.1" 200 356
10.0.0.70 - - [27/Jun/2017:09:18:51 +0700] "POST /prodam/kvartiry/new/ HTTP/1.1" 200 356
10.0.0.1 - - [27/Jun/2017:09:20:04 +0700] "POST /prodam/kvartiry/new/ HTTP/1.0" 200 356
10.0.0.1 - - [27/Jun/2017:09:20:04 +0700] "GET /prodam/doma_dachi_kottedzhi/ HTTP/1.0" 302 392
10.0.0.1 - - [27/Jun/2017:09:20:04 +0700] "GET /all/prodam/doma_dachi_kottedzhi/new/ HTTP/1.0" 200 25397
10.0.0.1 - - [27/Jun/2017:09:20:07 +0700] "GET /all/prodam/doma_dachi_kottedzhi/new/?p=8 HTTP/1.0" 200 26701
10.0.0.70 - - [27/Jun/2017:09:20:14 +0700] "POST /prodam/kvartiry/new/ HTTP/1.1" 200 356
10.0.0.57 - - [27/Jun/2017:09:20:19 +0700] "GET /prodam/kvartiry/new/?action=done&id=14811-21 HTTP/1.1" 200 356
10.0.0.1 - - [27/Jun/2017:09:20:21 +0700] "GET /all/prodam/doma_dachi_kottedzhi/new/?p=10 HTTP/1.0" 200 24709
10.0.0.57 - - [27/Jun/2017:09:20:50 +0700] "POST /prodam/kvartiry/new/ HTTP/1.1" 200 356
10.0.0.57 - - [27/Jun/2017:09:21:33 +0700] "POST /prodam/kvartiry/new/ HTTP/1.1" 200 356
10.0.0.57 - - [27/Jun/2017:09:22:00 +0700] "POST /prodam/kvartiry/new/ HTTP/1.1" 200 356
10.0.0.85 - - [27/Jun/2017:09:22:35 +0700] "GET /plan/operator2/2017-06-27/ HTTP/1.1" 200 2982
10.0.0.85 - - [27/Jun/2017:09:22:35 +0700] "GET /favicon.ico HTTP/1.1" 200 13684
10.0.0.70 - - [27/Jun/2017:09:22:37 +0700] "POST /prodam/kvartiry/new/ HTTP/1.1" 200 356
10.0.0.70 - - [27/Jun/2017:09:22:37 +0700] "GET /prodam/kvartiry/new/?action=done&id=14719-20 HTTP/1.1" 200 355
10.0.0.57 - - [27/Jun/2017:09:22:45 +0700] "POST /prodam/kvartiry/new/ HTTP/1.1" 200 356
10.0.0.1 - - [27/Jun/2017:09:23:00 +0700] "POST /all/prodam/doma_dachi_kottedzhi/new/ HTTP/1.0" 200 356
10.0.0.70 - - [27/Jun/2017:09:23:11 +0700] "POST /prodam/kvartiry/new/ HTTP/1.1" 200 356
10.0.0.70 - - [27/Jun/2017:09:24:13 +0700] "POST /prodam/kvartiry/new/ HTTP/1.1" 200 356
10.0.0.57 - - [27/Jun/2017:09:24:30 +0700] "GET /prodam/kvartiry/new/?action=done&id=14493-23 HTTP/1.1" 200 356
10.0.0.57 - - [27/Jun/2017:09:25:47 +0700] "POST /prodam/kvartiry/new/ HTTP/1.1" 200 356
10.0.0.57 - - [27/Jun/2017:09:25:48 +0700] "GET /plan/?refresh HTTP/1.1" 302 360
10.0.0.57 - - [27/Jun/2017:09:25:49 +0700] "GET /plan/ HTTP/1.1" 200 4700
10.0.0.70 - - [27/Jun/2017:09:25:53 +0700] "POST /prodam/kvartiry/new/ HTTP/1.1" 200 356
10.0.0.57 - - [27/Jun/2017:09:25:54 +0700] "POST /prodam/kvartiry/new/ HTTP/1.1" 200 356
10.0.0.70 - - [27/Jun/2017:09:25:56 +0700] "GET /prodam/kvartiry/new/?action=agency&id=14649-20 HTTP/1.1" 200 374
10.0.0.1 - - [27/Jun/2017:09:26:19 +0700] "GET /all/prodam/doma_dachi_kottedzhi/new/?action=done&id=11921 HTTP/1.0" 200 356
10.0.0.70 - - [27/Jun/2017:09:26:36 +0700] "POST /prodam/kvartiry/new/ HTTP/1.1" 200 356
10.0.0.57 - - [27/Jun/2017:09:26:55 +0700] "POST /prodam/kvartiry/new/ HTTP/1.1" 200 356
10.0.0.85 - - [27/Jun/2017:09:27:06 +0700] "GET /all/prodam/doma_dachi_kottedzhi/new/?action=done&id=14948 HTTP/1.1" 200 356
10.0.0.70 - - [27/Jun/2017:09:27:09 +0700] "POST /prodam/kvartiry/new/ HTTP/1.1" 200 356
10.0.0.70 - - [27/Jun/2017:09:28:14 +0700] "POST /prodam/kvartiry/new/ HTTP/1.1" 200 356
10.0.0.70 - - [27/Jun/2017:09:28:32 +0700] "POST /prodam/kvartiry/new/ HTTP/1.1" 200 356
10.0.0.57 - - [27/Jun/2017:09:29:04 +0700] "GET /prodam/kvartiry/new/?action=done&id=14337-21 HTTP/1.1" 200 356
10.0.0.70 - - [27/Jun/2017:09:29:21 +0700] "POST /prodam/kvartiry/new/ HTTP/1.1" 200 356
10.0.0.57 - - [27/Jun/2017:09:30:15 +0700] "POST /prodam/kvartiry/new/ HTTP/1.1" 200 356
10.0.0.1 - - [27/Jun/2017:09:30:19 +0700] "POST /all/prodam/doma_dachi_kottedzhi/new/ HTTP/1.0" 200 356
10.0.0.70 - - [27/Jun/2017:09:30:30 +0700] "POST /prodam/kvartiry/new/ HTTP/1.1" 200 356
10.0.0.70 - - [27/Jun/2017:09:30:50 +0700] "POST /prodam/kvartiry/new/ HTTP/1.1" 200 356
10.0.0.85 - - [27/Jun/2017:09:31:06 +0700] "GET /all/prodam/doma_dachi_kottedzhi/new/?action=done&id=14949 HTTP/1.1" 200 356
10.0.0.70 - - [27/Jun/2017:09:31:51 +0700] "POST /prodam/kvartiry/new/ HTTP/1.1" 200 356
10.0.0.1 - - [27/Jun/2017:09:31:51 +0700] "POST /all/prodam/doma_dachi_kottedzhi/new/ HTTP/1.0" 200 356
10.0.0.57 - - [27/Jun/2017:09:33:20 +0700] "POST /prodam/kvartiry/new/ HTTP/1.1" 200 356
10.0.0.57 - - [27/Jun/2017:09:33:28 +0700] "POST /prodam/kvartiry/new/ HTTP/1.1" 200 356
10.0.0.70 - - [27/Jun/2017:09:34:51 +0700] "POST /prodam/kvartiry/new/ HTTP/1.1" 200 356
10.0.0.70 - - [27/Jun/2017:09:34:51 +0700] "GET /prodam/kvartiry/new/?action=done&id=14304-20 HTTP/1.1" 200 355
10.0.0.57 - - [27/Jun/2017:09:34:56 +0700] "POST /prodam/kvartiry/new/ HTTP/1.1" 200 356
10.0.0.1 - - [27/Jun/2017:09:35:02 +0700] "GET /all/prodam/doma_dachi_kottedzhi/new/?action=done&id=11853 HTTP/1.0" 200 356
10.0.0.1 - - [27/Jun/2017:09:35:19 +0700] "GET /all/prodam/doma_dachi_kottedzhi/new/?action=done&id=11825 HTTP/1.0" 200 356
10.0.0.70 - - [27/Jun/2017:09:35:58 +0700] "POST /prodam/kvartiry/new/ HTTP/1.1" 200 356
10.0.0.57 - - [27/Jun/2017:09:36:01 +0700] "POST /prodam/kvartiry/new/ HTTP/1.1" 200 356
10.0.0.57 - - [27/Jun/2017:09:36:04 +0700] "GET /plan/?refresh HTTP/1.1" 302 360
10.0.0.57 - - [27/Jun/2017:09:36:04 +0700] "GET /plan/ HTTP/1.1" 200 4764
10.0.0.57 - - [27/Jun/2017:09:36:13 +0700] "POST /prodam/kvartiry/new/ HTTP/1.1" 200 356
10.0.0.70 - - [27/Jun/2017:09:36:31 +0700] "POST /prodam/kvartiry/new/ HTTP/1.1" 200 356
10.0.0.85 - - [27/Jun/2017:09:36:48 +0700] "GET /all/prodam/doma_dachi_kottedzhi/new/?action=done&id=14946 HTTP/1.1" 200 356
10.0.0.70 - - [27/Jun/2017:09:37:18 +0700] "POST /prodam/kvartiry/new/ HTTP/1.1" 200 356
10.0.0.57 - - [27/Jun/2017:09:37:27 +0700] "POST /prodam/kvartiry/new/ HTTP/1.1" 200 356
10.0.0.70 - - [27/Jun/2017:09:37:40 +0700] "POST /prodam/kvartiry/new/ HTTP/1.1" 200 356
10.0.0.1 - - [27/Jun/2017:09:37:42 +0700] "POST /all/prodam/doma_dachi_kottedzhi/new/ HTTP/1.0" 200 356
10.0.0.70 - - [27/Jun/2017:09:39:07 +0700] "POST /prodam/kvartiry/new/ HTTP/1.1" 200 356
10.0.0.70 - - [27/Jun/2017:09:39:32 +0700] "POST /prodam/kvartiry/new/ HTTP/1.1" 200 356
10.0.0.57 - - [27/Jun/2017:09:40:36 +0700] "POST /prodam/kvartiry/new/ HTTP/1.1" 200 356
10.0.0.1 - - [27/Jun/2017:09:40:59 +0700] "POST /all/prodam/doma_dachi_kottedzhi/new/ HTTP/1.0" 200 356
10.0.0.98 - - [27/Jun/2017:09:41:18 +0700] "GET /plan/?refresh HTTP/1.1" 302 361
10.0.0.98 - - [27/Jun/2017:09:41:18 +0700] "GET /plan/ HTTP/1.1" 200 4764
10.0.0.70 - - [27/Jun/2017:09:41:34 +0700] "POST /prodam/kvartiry/new/ HTTP/1.1" 200 356
10.0.0.85 - - [27/Jun/2017:09:41:48 +0700] "GET /all/prodam/doma_dachi_kottedzhi/new/?action=done&id=14945 HTTP/1.1" 200 356
10.0.0.1 - - [27/Jun/2017:09:41:49 +0700] "POST /all/prodam/doma_dachi_kottedzhi/new/ HTTP/1.0" 200 356
10.0.0.70 - - [27/Jun/2017:09:42:01 +0700] "POST /prodam/kvartiry/new/ HTTP/1.1" 200 356
10.0.0.85 - - [27/Jun/2017:09:42:29 +0700] "GET /all/prodam/doma_dachi_kottedzhi/new/?action=done&id=14932 HTTP/1.1" 200 356
10.0.0.70 - - [27/Jun/2017:09:44:01 +0700] "POST /prodam/kvartiry/new/ HTTP/1.1" 200 356
10.0.0.70 - - [27/Jun/2017:09:44:02 +0700] "GET /prodam/kvartiry/new/?action=done&id=12802-20 HTTP/1.1" 200 355
10.0.0.1 - - [27/Jun/2017:09:44:43 +0700] "GET /all/prodam/doma_dachi_kottedzhi/new/?action=done&id=11789 HTTP/1.0" 200 356
10.0.0.70 - - [27/Jun/2017:09:45:03 +0700] "POST /prodam/kvartiry/new/ HTTP/1.1" 200 356
10.0.0.70 - - [27/Jun/2017:09:45:24 +0700] "POST /prodam/kvartiry/new/ HTTP/1.1" 200 356
10.0.0.70 - - [27/Jun/2017:09:46:11 +0700] "POST /prodam/kvartiry/new/ HTTP/1.1" 200 356
10.0.0.57 - - [27/Jun/2017:09:46:27 +0700] "POST /prodam/kvartiry/new/ HTTP/1.1" 200 356
10.0.0.1 - - [27/Jun/2017:09:47:06 +0700] "GET / HTTP/1.0" 302 376
10.0.0.1 - - [27/Jun/2017:09:47:06 +0700] "GET /prodam/kvartiry/new/ HTTP/1.0" 200 22856
10.0.0.98 - - [27/Jun/2017:09:47:09 +0700] "GET / HTTP/1.1" 302 376
10.0.0.98 - - [27/Jun/2017:09:47:09 +0700] "GET /prodam/kvartiry/new/ HTTP/1.1" 200 22856
10.0.0.1 - - [27/Jun/2017:09:47:19 +0700] "GET /prodam/kvartiry/new/?rooms=0-1&site=&date_from=&date_to= HTTP/1.0" 200 21036
10.0.0.98 - - [27/Jun/2017:09:47:22 +0700] "GET /prodam/kvartiry/new/?rooms=3-10&site=&date_from=&date_to= HTTP/1.1" 200 26106
10.0.0.98 - - [27/Jun/2017:09:47:27 +0700] "GET /prodam/kvartiry/new/?rooms=0-1&site=&date_from=&date_to= HTTP/1.1" 200 21036
10.0.0.57 - - [27/Jun/2017:09:47:32 +0700] "POST /prodam/kvartiry/new/ HTTP/1.1" 200 356
10.0.0.57 - - [27/Jun/2017:09:47:33 +0700] "GET /plan/?refresh HTTP/1.1" 302 360
10.0.0.57 - - [27/Jun/2017:09:47:34 +0700] "GET /plan/ HTTP/1.1" 200 4770
10.0.0.57 - - [27/Jun/2017:09:47:45 +0700] "POST /prodam/kvartiry/new/ HTTP/1.1" 200 356
10.0.0.98 - - [27/Jun/2017:09:47:51 +0700] "GET /prodam/kvartiry/new/?rooms=2&site=&date_from=&date_to= HTTP/1.1" 200 27079
10.0.0.98 - - [27/Jun/2017:09:47:56 +0700] "GET /prodam/kvartiry/new/?rooms=3-10&site=&date_from=&date_to= HTTP/1.1" 200 26106
10.0.0.98 - - [27/Jun/2017:09:48:22 +0700] "GET /prodam/doma_dachi_kottedzhi/ HTTP/1.1" 302 392
10.0.0.98 - - [27/Jun/2017:09:48:22 +0700] "GET /all/prodam/doma_dachi_kottedzhi/new/ HTTP/1.1" 200 24319
10.0.0.57 - - [27/Jun/2017:09:48:43 +0700] "POST /prodam/kvartiry/new/ HTTP/1.1" 200 356
10.0.0.57 - - [27/Jun/2017:09:48:49 +0700] "POST /prodam/kvartiry/new/ HTTP/1.1" 200 356
10.0.0.57 - - [27/Jun/2017:09:49:06 +0700] "POST /prodam/kvartiry/new/ HTTP/1.1" 200 356
10.0.0.57 - - [27/Jun/2017:09:49:26 +0700] "POST /prodam/kvartiry/new/ HTTP/1.1" 200 356
10.0.0.57 - - [27/Jun/2017:09:49:49 +0700] "POST /prodam/kvartiry/new/ HTTP/1.1" 200 356
10.0.0.57 - - [27/Jun/2017:09:50:25 +0700] "POST /prodam/kvartiry/new/ HTTP/1.1" 200 356
10.0.0.57 - - [27/Jun/2017:09:50:25 +0700] "GET /prodam/kvartiry/new/?p=2&rooms=3-10 HTTP/1.1" 200 11186
10.0.0.1 - - [27/Jun/2017:09:50:31 +0700] "POST /all/prodam/doma_dachi_kottedzhi/new/ HTTP/1.0" 200 356
10.0.0.57 - - [27/Jun/2017:09:51:20 +0700] "POST /prodam/kvartiry/new/ HTTP/1.1" 200 356
10.0.0.57 - - [27/Jun/2017:09:51:45 +0700] "POST /prodam/kvartiry/new/ HTTP/1.1" 200 356
10.0.0.57 - - [27/Jun/2017:09:52:16 +0700] "POST /prodam/kvartiry/new/ HTTP/1.1" 200 356
10.0.0.1 - - [27/Jun/2017:09:52:38 +0700] "GET /all/prodam/doma_dachi_kottedzhi/new/?action=done&id=11784 HTTP/1.0" 200 356
10.0.0.1 - - [27/Jun/2017:09:52:46 +0700] "GET /all/prodam/doma_dachi_kottedzhi/new/?p=11 HTTP/1.0" 200 23142
10.0.0.57 - - [27/Jun/2017:09:52:49 +0700] "POST /prodam/kvartiry/new/ HTTP/1.1" 200 356
10.0.0.85 - - [27/Jun/2017:09:52:53 +0700] "POST /all/prodam/doma_dachi_kottedzhi/new/ HTTP/1.1" 200 356
10.0.0.57 - - [27/Jun/2017:09:53:27 +0700] "POST /prodam/kvartiry/new/ HTTP/1.1" 200 356
10.0.0.85 - - [27/Jun/2017:09:53:30 +0700] "POST /all/prodam/doma_dachi_kottedzhi/new/ HTTP/1.1" 200 356
10.0.0.1 - - [27/Jun/2017:09:54:34 +0700] "POST /all/prodam/doma_dachi_kottedzhi/new/ HTTP/1.0" 200 356
10.0.0.57 - - [27/Jun/2017:09:56:23 +0700] "POST /prodam/kvartiry/new/ HTTP/1.1" 200 356
10.0.0.57 - - [27/Jun/2017:09:56:24 +0700] "GET /prodam/kvartiry/new/?action=done&id=4981-22 HTTP/1.1" 200 355
10.0.0.1 - - [27/Jun/2017:09:57:07 +0700] "GET /all/prodam/doma_dachi_kottedzhi/new/?action=done&id=11744 HTTP/1.0" 200 356
10.0.0.1 - - [27/Jun/2017:09:57:08 +0700] "GET /plan/?refresh HTTP/1.0" 302 360
10.0.0.1 - - [27/Jun/2017:09:57:09 +0700] "GET /plan/ HTTP/1.0" 200 4781
10.0.0.70 - - [27/Jun/2017:10:00:20 +0700] "POST /prodam/kvartiry/new/ HTTP/1.1" 200 356
10.0.0.1 - - [27/Jun/2017:10:00:21 +0700] "GET /all/prodam/doma_dachi_kottedzhi/new/?action=done&id=11732 HTTP/1.0" 200 356
10.0.0.70 - - [27/Jun/2017:10:01:21 +0700] "POST /prodam/kvartiry/new/ HTTP/1.1" 200 356
10.0.0.85 - - [27/Jun/2017:10:01:27 +0700] "POST /all/prodam/doma_dachi_kottedzhi/new/ HTTP/1.1" 200 356
10.0.0.70 - - [27/Jun/2017:10:01:27 +0700] "POST /prodam/kvartiry/new/ HTTP/1.1" 200 356
10.0.0.70 - - [27/Jun/2017:10:01:52 +0700] "POST /prodam/kvartiry/new/ HTTP/1.1" 200 356
10.0.0.85 - - [27/Jun/2017:10:01:56 +0700] "POST /all/prodam/doma_dachi_kottedzhi/new/ HTTP/1.1" 200 356
10.0.0.70 - - [27/Jun/2017:10:02:08 +0700] "POST /prodam/kvartiry/new/ HTTP/1.1" 200 356
10.0.0.57 - - [27/Jun/2017:10:03:05 +0700] "GET /prodam/kvartiry/new/?p=1&rooms=3-10 HTTP/1.1" 200 26090
10.0.0.1 - - [27/Jun/2017:10:03:55 +0700] "POST /all/prodam/doma_dachi_kottedzhi/new/ HTTP/1.0" 200 356
10.0.0.85 - - [27/Jun/2017:10:04:24 +0700] "GET /plan/operator2/2017-06-27/ HTTP/1.1" 200 3025
10.0.0.85 - - [27/Jun/2017:10:04:24 +0700] "GET /favicon.ico HTTP/1.1" 200 13684
10.0.0.1 - - [27/Jun/2017:10:05:25 +0700] "POST /all/prodam/doma_dachi_kottedzhi/new/ HTTP/1.0" 200 356
10.0.0.70 - - [27/Jun/2017:10:05:58 +0700] "POST /prodam/kvartiry/new/ HTTP/1.1" 200 356
10.0.0.70 - - [27/Jun/2017:10:05:59 +0700] "GET /prodam/kvartiry/new/?action=done&id=11396-21 HTTP/1.1" 200 355
10.0.0.70 - - [27/Jun/2017:10:06:44 +0700] "POST /prodam/kvartiry/new/ HTTP/1.1" 200 356
10.0.0.1 - - [27/Jun/2017:10:06:53 +0700] "GET /all/prodam/doma_dachi_kottedzhi/new/?action=done&id=11716 HTTP/1.0" 200 356
10.0.0.70 - - [27/Jun/2017:10:07:04 +0700] "POST /prodam/kvartiry/new/ HTTP/1.1" 200 356
10.0.0.70 - - [27/Jun/2017:10:07:05 +0700] "GET /prodam/kvartiry/new/?action=done&id=10924-20 HTTP/1.1" 200 355
10.0.0.70 - - [27/Jun/2017:10:07:28 +0700] "POST /prodam/kvartiry/new/ HTTP/1.1" 200 356
10.0.0.85 - - [27/Jun/2017:10:08:35 +0700] "GET /all/prodam/doma_dachi_kottedzhi/new/?action=done&id=14901 HTTP/1.1" 200 356
10.0.0.1 - - [27/Jun/2017:10:09:04 +0700] "GET /all/prodam/doma_dachi_kottedzhi/new/?action=done&id=11712 HTTP/1.0" 200 356
10.0.0.70 - - [27/Jun/2017:10:09:11 +0700] "POST /prodam/kvartiry/new/ HTTP/1.1" 200 356
10.0.0.85 - - [27/Jun/2017:10:09:46 +0700] "GET /all/prodam/doma_dachi_kottedzhi/new/?action=done&id=14880 HTTP/1.1" 200 356
10.0.0.70 - - [27/Jun/2017:10:09:50 +0700] "POST /prodam/kvartiry/new/ HTTP/1.1" 200 356
10.0.0.70 - - [27/Jun/2017:10:10:57 +0700] "POST /prodam/kvartiry/new/ HTTP/1.1" 200 356
10.0.0.70 - - [27/Jun/2017:10:12:02 +0700] "POST /prodam/kvartiry/new/ HTTP/1.1" 200 356
10.0.0.1 - - [27/Jun/2017:10:12:16 +0700] "GET /all/prodam/doma_dachi_kottedzhi/new/?action=done&id=11709 HTTP/1.0" 200 356
10.0.0.70 - - [27/Jun/2017:10:13:03 +0700] "POST /prodam/kvartiry/new/ HTTP/1.1" 200 356
10.0.0.70 - - [27/Jun/2017:10:13:58 +0700] "POST /prodam/kvartiry/new/ HTTP/1.1" 200 356
10.0.0.57 - - [27/Jun/2017:10:14:11 +0700] "GET /prodam/kvartiry/new/?action=done&id=14995-23 HTTP/1.1" 200 356
10.0.0.70 - - [27/Jun/2017:10:14:49 +0700] "POST /prodam/kvartiry/new/ HTTP/1.1" 200 356
10.0.0.70 - - [27/Jun/2017:10:14:51 +0700] "GET /prodam/kvartiry/new/?p=2&rooms=2 HTTP/1.1" 200 12233
10.0.0.85 - - [27/Jun/2017:10:15:26 +0700] "GET /all/prodam/doma_dachi_kottedzhi/new/?action=done&id=14900 HTTP/1.1" 200 356
10.0.0.85 - - [27/Jun/2017:10:15:34 +0700] "GET /all/prodam/doma_dachi_kottedzhi/new/?action=done&id=14877 HTTP/1.1" 200 356
10.0.0.70 - - [27/Jun/2017:10:15:47 +0700] "POST /prodam/kvartiry/new/ HTTP/1.1" 200 356
10.0.0.85 - - [27/Jun/2017:10:16:34 +0700] "GET /plan/operator2/2017-06-27/ HTTP/1.1" 200 3025
10.0.0.85 - - [27/Jun/2017:10:16:34 +0700] "GET /favicon.ico HTTP/1.1" 200 13684
10.0.0.70 - - [27/Jun/2017:10:17:41 +0700] "POST /prodam/kvartiry/new/ HTTP/1.1" 200 356
10.0.0.70 - - [27/Jun/2017:10:18:02 +0700] "POST /prodam/kvartiry/new/ HTTP/1.1" 200 356
10.0.0.57 - - [27/Jun/2017:10:18:07 +0700] "POST /prodam/kvartiry/new/ HTTP/1.1" 200 356
10.0.0.57 - - [27/Jun/2017:10:18:17 +0700] "POST /prodam/kvartiry/new/ HTTP/1.1" 200 356
10.0.0.57 - - [27/Jun/2017:10:18:17 +0700] "GET /prodam/zemelnye_uchastki/ HTTP/1.1" 302 388
10.0.0.57 - - [27/Jun/2017:10:18:17 +0700] "GET /all/prodam/zemelnye_uchastki/new/ HTTP/1.1" 200 17468
10.0.0.57 - - [27/Jun/2017:10:18:20 +0700] "GET /prodam/zemelnye_uchastki/ HTTP/1.1" 302 388
10.0.0.57 - - [27/Jun/2017:10:18:20 +0700] "GET /all/prodam/zemelnye_uchastki/new/ HTTP/1.1" 200 17468
10.0.0.57 - - [27/Jun/2017:10:18:24 +0700] "GET /plan/?refresh HTTP/1.1" 302 360
10.0.0.57 - - [27/Jun/2017:10:18:24 +0700] "GET /plan/ HTTP/1.1" 200 4789
10.0.0.70 - - [27/Jun/2017:10:19:28 +0700] "POST /prodam/kvartiry/new/ HTTP/1.1" 200 356
10.0.0.85 - - [27/Jun/2017:10:19:54 +0700] "GET /all/prodam/doma_dachi_kottedzhi/new/?action=done&id=14872 HTTP/1.1" 200 356
10.0.0.70 - - [27/Jun/2017:10:20:15 +0700] "POST /prodam/kvartiry/new/ HTTP/1.1" 200 356
10.0.0.70 - - [27/Jun/2017:10:20:21 +0700] "GET /prodam/kvartiry/new/?action=done&id=3249-21 HTTP/1.1" 200 356
10.0.0.70 - - [27/Jun/2017:10:20:25 +0700] "GET /prodam/kvartiry/new/?action=done&id=3123-22 HTTP/1.1" 200 355
10.0.0.1 - - [27/Jun/2017:10:21:10 +0700] "POST /all/prodam/doma_dachi_kottedzhi/new/ HTTP/1.0" 200 356
10.0.0.70 - - [27/Jun/2017:10:21:32 +0700] "POST /prodam/kvartiry/new/ HTTP/1.1" 200 356
10.0.0.85 - - [27/Jun/2017:10:21:37 +0700] "POST /all/prodam/doma_dachi_kottedzhi/new/ HTTP/1.1" 200 356
10.0.0.85 - - [27/Jun/2017:10:21:47 +0700] "POST /all/prodam/doma_dachi_kottedzhi/new/ HTTP/1.1" 200 356
10.0.0.70 - - [27/Jun/2017:10:22:21 +0700] "POST /prodam/kvartiry/new/ HTTP/1.1" 200 356
10.0.0.70 - - [27/Jun/2017:10:22:24 +0700] "GET /prodam/kvartiry/new/?p=1&rooms=2 HTTP/1.1" 200 27306
10.0.0.1 - - [27/Jun/2017:10:23:21 +0700] "GET /all/prodam/doma_dachi_kottedzhi/new/?action=done&id=11676 HTTP/1.0" 200 356
10.0.0.70 - - [27/Jun/2017:10:24:21 +0700] "GET /prodam/kvartiry/new/?action=done&id=15003-20 HTTP/1.1" 200 356
10.0.0.85 - - [27/Jun/2017:10:25:05 +0700] "GET /all/prodam/doma_dachi_kottedzhi/new/?action=done&id=14871 HTTP/1.1" 200 356
10.0.0.1 - - [27/Jun/2017:10:25:16 +0700] "POST /all/prodam/doma_dachi_kottedzhi/new/ HTTP/1.0" 200 356
10.0.0.70 - - [27/Jun/2017:10:27:04 +0700] "GET /prodam/kvartiry/new/?action=done&id=15004-22 HTTP/1.1" 200 356
10.0.0.57 - - [27/Jun/2017:10:27:09 +0700] "GET /all/prodam/zemelnye_uchastki/new/?action=done&id=15045 HTTP/1.1" 200 356
10.0.0.70 - - [27/Jun/2017:10:27:20 +0700] "GET /prodam/kvartiry/new/?action=done&id=14998-20 HTTP/1.1" 200 356
10.0.0.70 - - [27/Jun/2017:10:28:48 +0700] "GET /prodam/kvartiry/new/?action=done&id=14997-21 HTTP/1.1" 200 356
10.0.0.1 - - [27/Jun/2017:10:28:56 +0700] "GET /all/prodam/doma_dachi_kottedzhi/new/?action=done&id=11671 HTTP/1.0" 200 356
10.0.0.1 - - [27/Jun/2017:10:28:59 +0700] "GET /plan/?refresh HTTP/1.0" 302 360
10.0.0.1 - - [27/Jun/2017:10:28:59 +0700] "GET /plan/ HTTP/1.0" 200 4789
10.0.0.1 - - [27/Jun/2017:10:29:30 +0700] "GET /prodam/kvartiry/new/?rooms=0-1&site=&date_from=&date_to= HTTP/1.0" 200 21386
10.0.0.1 - - [27/Jun/2017:10:29:30 +0700] "GET /js/jquery.min.js HTTP/1.0" 200 33578
10.0.0.1 - - [27/Jun/2017:10:29:30 +0700] "GET /js/common.js HTTP/1.0" 200 2430
10.0.0.1 - - [27/Jun/2017:10:29:30 +0700] "GET /js/datetimepicker/jquery.datetimepicker.js HTTP/1.0" 200 16413
10.0.0.1 - - [27/Jun/2017:10:29:30 +0700] "GET /js/datetimepicker/jquery.datetimepicker.css HTTP/1.0" 200 3525
10.0.0.1 - - [27/Jun/2017:10:29:30 +0700] "GET /css/styles.css HTTP/1.0" 200 2541
10.0.0.1 - - [27/Jun/2017:10:29:31 +0700] "GET /favicon.ico HTTP/1.0" 200 13684
10.0.0.70 - - [27/Jun/2017:10:30:10 +0700] "GET /prodam/kvartiry/new/?action=agency&id=9528-21 HTTP/1.1" 200 352
10.0.0.85 - - [27/Jun/2017:10:30:14 +0700] "GET /all/prodam/doma_dachi_kottedzhi/new/?action=done&id=14870 HTTP/1.1" 200 356
10.0.0.85 - - [27/Jun/2017:10:30:29 +0700] "POST /all/prodam/doma_dachi_kottedzhi/new/ HTTP/1.1" 200 356
10.0.0.85 - - [27/Jun/2017:10:30:37 +0700] "POST /all/prodam/doma_dachi_kottedzhi/new/ HTTP/1.1" 200 356
10.0.0.70 - - [27/Jun/2017:10:30:51 +0700] "POST /prodam/kvartiry/new/ HTTP/1.1" 200 356
10.0.0.70 - - [27/Jun/2017:10:30:54 +0700] "GET /prodam/kvartiry/new/?rooms=0-1&site=&date_from=&date_to= HTTP/1.1" 200 21385
10.0.0.85 - - [27/Jun/2017:10:31:22 +0700] "POST /all/prodam/doma_dachi_kottedzhi/new/ HTTP/1.1" 200 356
10.0.0.70 - - [27/Jun/2017:10:31:34 +0700] "POST /prodam/kvartiry/new/ HTTP/1.1" 200 356
10.0.0.1 - - [27/Jun/2017:10:31:45 +0700] "GET /prodam/kvartiry/new/?action=agency&id=15011-19 HTTP/1.0" 200 363
10.0.0.70 - - [27/Jun/2017:10:33:10 +0700] "GET /prodam/kvartiry/new/?action=done&id=15001-19 HTTP/1.1" 200 356
10.0.0.57 - - [27/Jun/2017:10:33:47 +0700] "POST /all/prodam/zemelnye_uchastki/new/ HTTP/1.1" 200 356
10.0.0.70 - - [27/Jun/2017:10:33:54 +0700] "POST /prodam/kvartiry/new/ HTTP/1.1" 200 356
10.0.0.1 - - [27/Jun/2017:10:34:51 +0700] "GET /prodam/kvartiry/new/?action=done&id=14999-18 HTTP/1.0" 200 356
10.0.0.57 - - [27/Jun/2017:10:35:35 +0700] "GET /all/prodam/zemelnye_uchastki/new/?action=done&id=14989 HTTP/1.1" 200 356
10.0.0.70 - - [27/Jun/2017:10:36:20 +0700] "POST /prodam/kvartiry/new/ HTTP/1.1" 200 356
10.0.0.70 - - [27/Jun/2017:10:36:24 +0700] "GET /prodam/kvartiry/new/?action=done&id=15018-20 HTTP/1.1" 200 355
10.0.0.70 - - [27/Jun/2017:10:36:29 +0700] "GET /prodam/kvartiry/new/?action=done&id=15000-18 HTTP/1.1" 200 355
10.0.0.85 - - [27/Jun/2017:10:36:45 +0700] "GET /all/prodam/doma_dachi_kottedzhi/new/?action=done&id=14867 HTTP/1.1" 200 356
10.0.0.57 - - [27/Jun/2017:10:39:41 +0700] "GET /all/prodam/zemelnye_uchastki/new/?action=done&id=14987 HTTP/1.1" 200 356
10.0.0.1 - - [27/Jun/2017:10:40:33 +0700] "GET /prodam/kvartiry/new/?rooms=0-1&site=&date_from=&date_to= HTTP/1.0" 200 21197
10.0.0.1 - - [27/Jun/2017:10:40:33 +0700] "GET /js/jquery.min.js HTTP/1.0" 200 33578
10.0.0.1 - - [27/Jun/2017:10:40:33 +0700] "GET /js/datetimepicker/jquery.datetimepicker.css HTTP/1.0" 200 3525
10.0.0.1 - - [27/Jun/2017:10:40:33 +0700] "GET /css/styles.css HTTP/1.0" 200 2542
10.0.0.1 - - [27/Jun/2017:10:40:33 +0700] "GET /js/datetimepicker/jquery.datetimepicker.js HTTP/1.0" 200 16413
10.0.0.1 - - [27/Jun/2017:10:40:33 +0700] "GET /js/common.js HTTP/1.0" 200 2429
10.0.0.1 - - [27/Jun/2017:10:40:34 +0700] "GET /favicon.ico HTTP/1.0" 200 13684
10.0.0.85 - - [27/Jun/2017:10:40:48 +0700] "GET /all/prodam/doma_dachi_kottedzhi/new/?action=done&id=14866 HTTP/1.1" 200 356
10.0.0.85 - - [27/Jun/2017:10:41:14 +0700] "GET /all/prodam/doma_dachi_kottedzhi/new/?action=done&id=14865 HTTP/1.1" 200 356
10.0.0.1 - - [27/Jun/2017:10:41:33 +0700] "GET /prodam/kvartiry/new/?action=done&id=14961-20 HTTP/1.0" 200 356
10.0.0.1 - - [27/Jun/2017:10:41:37 +0700] "GET /prodam/kvartiry/new/?rooms=0-1&site=&date_from=&date_to= HTTP/1.0" 200 21115
10.0.0.1 - - [27/Jun/2017:10:41:37 +0700] "GET /js/jquery.min.js HTTP/1.0" 200 33578
10.0.0.1 - - [27/Jun/2017:10:41:37 +0700] "GET /js/datetimepicker/jquery.datetimepicker.js HTTP/1.0" 200 16414
10.0.0.1 - - [27/Jun/2017:10:41:37 +0700] "GET /js/common.js HTTP/1.0" 200 2429
10.0.0.1 - - [27/Jun/2017:10:41:37 +0700] "GET /js/datetimepicker/jquery.datetimepicker.css HTTP/1.0" 200 3525
10.0.0.1 - - [27/Jun/2017:10:41:37 +0700] "GET /css/styles.css HTTP/1.0" 200 2541
10.0.0.1 - - [27/Jun/2017:10:41:39 +0700] "GET /favicon.ico HTTP/1.0" 200 13684
10.0.0.1 - - [27/Jun/2017:10:43:11 +0700] "POST /prodam/kvartiry/new/ HTTP/1.0" 200 356
10.0.0.1 - - [27/Jun/2017:10:44:25 +0700] "POST /prodam/kvartiry/new/ HTTP/1.0" 200 356
10.0.0.1 - - [27/Jun/2017:10:44:26 +0700] "POST /prodam/kvartiry/new/ HTTP/1.0" 200 356
10.0.0.1 - - [27/Jun/2017:10:45:49 +0700] "POST /prodam/kvartiry/new/ HTTP/1.0" 200 356
10.0.0.1 - - [27/Jun/2017:10:46:36 +0700] "GET /prodam/kvartiry/new/?action=done&id=14147-18 HTTP/1.0" 200 356
10.0.0.85 - - [27/Jun/2017:10:47:46 +0700] "GET /all/prodam/doma_dachi_kottedzhi/new/?action=done&id=14864 HTTP/1.1" 200 356
10.0.0.85 - - [27/Jun/2017:10:48:08 +0700] "GET /plan/operator2/2017-06-27/ HTTP/1.1" 200 3050
10.0.0.85 - - [27/Jun/2017:10:48:09 +0700] "GET /favicon.ico HTTP/1.1" 200 13684
10.0.0.85 - - [27/Jun/2017:10:49:35 +0700] "POST /all/prodam/doma_dachi_kottedzhi/new/ HTTP/1.1" 200 356
10.0.0.1 - - [27/Jun/2017:10:49:56 +0700] "GET /prodam/kvartiry/new/?action=done&id=14246-18 HTTP/1.0" 200 356
10.0.0.1 - - [27/Jun/2017:10:50:04 +0700] "GET /plan/?refresh HTTP/1.0" 302 361
10.0.0.1 - - [27/Jun/2017:10:50:05 +0700] "GET /plan/ HTTP/1.0" 200 4813
10.0.0.85 - - [27/Jun/2017:10:50:10 +0700] "GET /all/prodam/doma_dachi_kottedzhi/new/?action=done&id=14853 HTTP/1.1" 200 356
10.0.0.70 - - [27/Jun/2017:10:50:10 +0700] "GET /prodam/kvartiry/new/?action=done&id=14999-18 HTTP/1.1" 200 356
10.0.0.85 - - [27/Jun/2017:10:50:21 +0700] "GET /all/prodam/doma_dachi_kottedzhi/new/?action=done&id=14850 HTTP/1.1" 200 356
10.0.0.85 - - [27/Jun/2017:10:50:26 +0700] "GET /all/prodam/doma_dachi_kottedzhi/new/?action=done&id=14848 HTTP/1.1" 200 355
10.0.0.70 - - [27/Jun/2017:10:50:42 +0700] "GET /prodam/kvartiry/new/?rooms=3-10&site=&date_from=&date_to= HTTP/1.1" 200 25330
10.0.0.70 - - [27/Jun/2017:10:50:47 +0700] "GET /prodam/kvartiry/new/?rooms=0-1&site=&date_from=&date_to= HTTP/1.1" 200 20440
10.0.0.85 - - [27/Jun/2017:10:51:01 +0700] "POST /all/prodam/doma_dachi_kottedzhi/new/ HTTP/1.1" 200 356
10.0.0.1 - - [27/Jun/2017:10:51:02 +0700] "POST /prodam/kvartiry/new/ HTTP/1.0" 200 356
10.0.0.85 - - [27/Jun/2017:10:51:34 +0700] "POST /all/prodam/doma_dachi_kottedzhi/new/ HTTP/1.1" 200 356
10.0.0.85 - - [27/Jun/2017:10:51:34 +0700] "GET /all/prodam/doma_dachi_kottedzhi/new/?action=done&id=14843 HTTP/1.1" 200 355
10.0.0.70 - - [27/Jun/2017:10:51:40 +0700] "GET /prodam/kvartiry/new/?rooms=0-1&site=&date_from=&date_to= HTTP/1.1" 200 20445
10.0.0.85 - - [27/Jun/2017:10:51:40 +0700] "GET /plan/operator2/2017-06-27/ HTTP/1.1" 200 3058
10.0.0.85 - - [27/Jun/2017:10:51:41 +0700] "GET /favicon.ico HTTP/1.1" 200 13684
10.0.0.70 - - [27/Jun/2017:10:52:42 +0700] "POST /prodam/kvartiry/new/ HTTP/1.1" 200 356
10.0.0.70 - - [27/Jun/2017:10:53:21 +0700] "POST /prodam/kvartiry/new/ HTTP/1.1" 200 356
10.0.0.85 - - [27/Jun/2017:10:53:30 +0700] "POST /all/prodam/doma_dachi_kottedzhi/new/ HTTP/1.1" 200 356
10.0.0.85 - - [27/Jun/2017:10:53:39 +0700] "POST /all/prodam/doma_dachi_kottedzhi/new/ HTTP/1.1" 200 356
10.0.0.70 - - [27/Jun/2017:10:54:00 +0700] "POST /prodam/kvartiry/new/ HTTP/1.1" 200 356
10.0.0.57 - - [27/Jun/2017:10:55:35 +0700] "GET /plan/?refresh HTTP/1.1" 302 361
10.0.0.57 - - [27/Jun/2017:10:55:35 +0700] "GET /plan/ HTTP/1.1" 200 4812
10.0.0.70 - - [27/Jun/2017:10:57:06 +0700] "GET /prodam/kvartiry/new/?action=done&id=14939-18 HTTP/1.1" 200 356
10.0.0.85 - - [27/Jun/2017:10:58:24 +0700] "GET /plan/operator2/2017-06-27/ HTTP/1.1" 200 3058
10.0.0.85 - - [27/Jun/2017:10:58:24 +0700] "GET /favicon.ico HTTP/1.1" 200 13684
10.0.0.85 - - [27/Jun/2017:10:58:26 +0700] "GET /plan/operator2/2017-06-27/ HTTP/1.1" 200 3059
10.0.0.85 - - [27/Jun/2017:10:58:27 +0700] "GET /favicon.ico HTTP/1.1" 200 13684
10.0.0.57 - - [27/Jun/2017:11:00:40 +0700] "GET /all/prodam/zemelnye_uchastki/new/?action=done&id=14968 HTTP/1.1" 200 356
10.0.0.57 - - [27/Jun/2017:11:00:42 +0700] "GET /plan/?refresh HTTP/1.1" 302 361
10.0.0.57 - - [27/Jun/2017:11:00:43 +0700] "GET /plan/ HTTP/1.1" 200 4818
10.0.0.57 - - [27/Jun/2017:11:04:55 +0700] "POST /all/prodam/zemelnye_uchastki/new/ HTTP/1.1" 200 356
10.0.0.85 - - [27/Jun/2017:11:05:55 +0700] "GET /plan/operator2/2017-06-27/ HTTP/1.1" 200 3059
10.0.0.85 - - [27/Jun/2017:11:05:55 +0700] "GET /favicon.ico HTTP/1.1" 200 13684
10.0.0.57 - - [27/Jun/2017:11:09:14 +0700] "GET /all/prodam/zemelnye_uchastki/new/?action=done&id=14967 HTTP/1.1" 200 356
10.0.0.57 - - [27/Jun/2017:11:09:20 +0700] "GET /plan/?refresh HTTP/1.1" 302 361
10.0.0.57 - - [27/Jun/2017:11:09:20 +0700] "GET /plan/ HTTP/1.1" 200 4811
10.0.0.85 - - [27/Jun/2017:11:10:26 +0700] "GET /all/prodam/doma_dachi_kottedzhi/new/?action=done&id=14831 HTTP/1.1" 200 356
10.0.0.57 - - [27/Jun/2017:11:13:10 +0700] "POST /all/prodam/zemelnye_uchastki/new/ HTTP/1.1" 200 356
10.0.0.85 - - [27/Jun/2017:11:14:29 +0700] "GET /plan/operator2/2017-06-27/ HTTP/1.1" 200 3058
10.0.0.85 - - [27/Jun/2017:11:14:29 +0700] "GET /favicon.ico HTTP/1.1" 200 13684
10.0.0.1 - - [27/Jun/2017:11:17:15 +0700] "GET /all/prodam/doma_dachi_kottedzhi/new/?action=done&id=11659 HTTP/1.0" 200 356
10.0.0.57 - - [27/Jun/2017:11:19:14 +0700] "GET /all/prodam/zemelnye_uchastki/new/?action=done&id=14936 HTTP/1.1" 200 356
10.0.0.57 - - [27/Jun/2017:11:19:44 +0700] "GET /all/prodam/zemelnye_uchastki/new/?action=undo&id=14967 HTTP/1.1" 200 356
10.0.0.1 - - [27/Jun/2017:11:20:02 +0700] "POST /all/prodam/doma_dachi_kottedzhi/new/ HTTP/1.0" 200 356
10.0.0.57 - - [27/Jun/2017:11:20:18 +0700] "GET /all/prodam/zemelnye_uchastki/new/?action=done&id=14967 HTTP/1.1" 200 356
10.0.0.1 - - [27/Jun/2017:11:20:18 +0700] "GET /all/prodam/doma_dachi_kottedzhi/new/?p=13 HTTP/1.0" 200 22939
10.0.0.57 - - [27/Jun/2017:11:20:21 +0700] "GET /plan/?refresh HTTP/1.1" 302 360
10.0.0.57 - - [27/Jun/2017:11:20:22 +0700] "GET /plan/ HTTP/1.1" 200 4803
10.0.0.57 - - [27/Jun/2017:11:22:18 +0700] "POST /all/prodam/zemelnye_uchastki/new/ HTTP/1.1" 200 356
10.0.0.1 - - [27/Jun/2017:11:22:25 +0700] "GET /all/prodam/doma_dachi_kottedzhi/new/?action=done&id=11389 HTTP/1.0" 200 356
10.0.0.85 - - [27/Jun/2017:11:23:52 +0700] "POST /all/prodam/doma_dachi_kottedzhi/new/ HTTP/1.1" 200 356
10.0.0.1 - - [27/Jun/2017:11:24:12 +0700] "POST /all/prodam/doma_dachi_kottedzhi/new/ HTTP/1.0" 200 356
10.0.0.57 - - [27/Jun/2017:11:24:23 +0700] "GET /all/prodam/zemelnye_uchastki/new/?action=done&id=14909 HTTP/1.1" 200 356
10.0.0.57 - - [27/Jun/2017:11:24:26 +0700] "GET /plan/?refresh HTTP/1.1" 302 360
10.0.0.57 - - [27/Jun/2017:11:24:26 +0700] "GET /plan/ HTTP/1.1" 200 4801
10.0.0.85 - - [27/Jun/2017:11:26:11 +0700] "GET /plan/operator2/2017-06-27/ HTTP/1.1" 200 3075
10.0.0.85 - - [27/Jun/2017:11:26:11 +0700] "GET /favicon.ico HTTP/1.1" 200 13684
10.0.0.1 - - [27/Jun/2017:11:26:33 +0700] "POST /all/prodam/doma_dachi_kottedzhi/new/ HTTP/1.0" 200 356
10.0.0.85 - - [27/Jun/2017:11:29:02 +0700] "POST /all/prodam/doma_dachi_kottedzhi/new/ HTTP/1.1" 200 356
10.0.0.1 - - [27/Jun/2017:11:29:33 +0700] "GET /all/prodam/doma_dachi_kottedzhi/new/?action=done&id=11363 HTTP/1.0" 200 356
10.0.0.85 - - [27/Jun/2017:11:29:52 +0700] "POST /all/prodam/doma_dachi_kottedzhi/new/ HTTP/1.1" 200 356
10.0.0.85 - - [27/Jun/2017:11:30:39 +0700] "POST /all/prodam/doma_dachi_kottedzhi/new/ HTTP/1.1" 200 356
10.0.0.1 - - [27/Jun/2017:11:30:58 +0700] "GET /plan/?refresh HTTP/1.0" 302 361
10.0.0.1 - - [27/Jun/2017:11:30:59 +0700] "GET /plan/ HTTP/1.0" 200 4809
10.0.0.85 - - [27/Jun/2017:11:31:32 +0700] "POST /all/prodam/doma_dachi_kottedzhi/new/ HTTP/1.1" 200 356
10.0.0.85 - - [27/Jun/2017:11:32:29 +0700] "POST /all/prodam/doma_dachi_kottedzhi/new/ HTTP/1.1" 200 356
10.0.0.85 - - [27/Jun/2017:11:32:40 +0700] "POST /all/prodam/doma_dachi_kottedzhi/new/ HTTP/1.1" 200 356
10.0.0.85 - - [27/Jun/2017:11:36:17 +0700] "POST /all/prodam/doma_dachi_kottedzhi/new/ HTTP/1.1" 200 356
10.0.0.57 - - [27/Jun/2017:11:36:49 +0700] "POST /all/prodam/zemelnye_uchastki/new/ HTTP/1.1" 200 356
10.0.0.57 - - [27/Jun/2017:11:37:04 +0700] "POST /all/prodam/zemelnye_uchastki/new/ HTTP/1.1" 200 356
10.0.0.57 - - [27/Jun/2017:11:37:10 +0700] "POST /all/prodam/zemelnye_uchastki/new/ HTTP/1.1" 200 356
10.0.0.85 - - [27/Jun/2017:11:37:21 +0700] "POST /all/prodam/doma_dachi_kottedzhi/new/ HTTP/1.1" 200 356
10.0.0.85 - - [27/Jun/2017:11:37:21 +0700] "GET /all/prodam/doma_dachi_kottedzhi/new/?action=done&id=14826 HTTP/1.1" 200 355
10.0.0.57 - - [27/Jun/2017:11:39:18 +0700] "POST /all/prodam/zemelnye_uchastki/new/ HTTP/1.1" 200 356
10.0.0.57 - - [27/Jun/2017:11:40:31 +0700] "GET /all/prodam/zemelnye_uchastki/new/?action=done&id=14844 HTTP/1.1" 200 356
10.0.0.85 - - [27/Jun/2017:11:40:58 +0700] "GET /plan/operator2/2017-06-27/ HTTP/1.1" 200 3076
10.0.0.85 - - [27/Jun/2017:11:40:58 +0700] "GET /favicon.ico HTTP/1.1" 200 13684
10.0.0.57 - - [27/Jun/2017:11:42:11 +0700] "GET /all/prodam/zemelnye_uchastki/new/?action=done&id=14842 HTTP/1.1" 200 356
10.0.0.70 - - [27/Jun/2017:11:42:47 +0700] "POST /prodam/kvartiry/new/ HTTP/1.1" 200 356
10.0.0.85 - - [27/Jun/2017:11:44:17 +0700] "GET /plan/operator2/2017-06-27/ HTTP/1.1" 200 3075
10.0.0.85 - - [27/Jun/2017:11:44:17 +0700] "GET /favicon.ico HTTP/1.1" 200 13684
10.0.0.70 - - [27/Jun/2017:11:44:30 +0700] "POST /prodam/kvartiry/new/ HTTP/1.1" 200 356
10.0.0.70 - - [27/Jun/2017:11:44:30 +0700] "GET /prodam/kvartiry/new/?action=done&id=14888-19 HTTP/1.1" 200 355
10.0.0.70 - - [27/Jun/2017:11:44:57 +0700] "POST /prodam/kvartiry/new/ HTTP/1.1" 200 356
10.0.0.70 - - [27/Jun/2017:11:45:30 +0700] "POST /prodam/kvartiry/new/ HTTP/1.1" 200 356
10.0.0.85 - - [27/Jun/2017:11:47:02 +0700] "POST /all/prodam/doma_dachi_kottedzhi/new/ HTTP/1.1" 200 356
10.0.0.70 - - [27/Jun/2017:11:47:05 +0700] "POST /prodam/kvartiry/new/ HTTP/1.1" 200 356
10.0.0.85 - - [27/Jun/2017:11:47:37 +0700] "POST /all/prodam/doma_dachi_kottedzhi/new/ HTTP/1.1" 200 356
10.0.0.85 - - [27/Jun/2017:11:47:44 +0700] "POST /all/prodam/doma_dachi_kottedzhi/new/ HTTP/1.1" 200 356
10.0.0.70 - - [27/Jun/2017:11:48:10 +0700] "POST /prodam/kvartiry/new/ HTTP/1.1" 200 356
10.0.0.70 - - [27/Jun/2017:11:48:39 +0700] "POST /prodam/kvartiry/new/ HTTP/1.1" 200 356
10.0.0.57 - - [27/Jun/2017:11:49:52 +0700] "GET /all/prodam/zemelnye_uchastki/new/?action=done&id=14812 HTTP/1.1" 200 356
10.0.0.1 - - [27/Jun/2017:11:50:21 +0700] "POST /all/prodam/doma_dachi_kottedzhi/new/ HTTP/1.0" 200 356
10.0.0.70 - - [27/Jun/2017:11:50:58 +0700] "GET /prodam/kvartiry/new/?action=done&id=14840-15 HTTP/1.1" 200 356
10.0.0.70 - - [27/Jun/2017:11:51:29 +0700] "GET /prodam/kvartiry/new/?action=done&id=14860-18 HTTP/1.1" 200 356
10.0.0.70 - - [27/Jun/2017:11:51:35 +0700] "GET /prodam/kvartiry/new/?action=done&id=10130-20 HTTP/1.1" 200 356
10.0.0.1 - - [27/Jun/2017:11:52:17 +0700] "GET /all/prodam/doma_dachi_kottedzhi/new/?action=done&id=11355 HTTP/1.0" 200 356
10.0.0.85 - - [27/Jun/2017:11:52:25 +0700] "GET /all/prodam/doma_dachi_kottedzhi/new/?action=done&id=14802 HTTP/1.1" 200 356
10.0.0.85 - - [27/Jun/2017:11:52:34 +0700] "GET /all/prodam/doma_dachi_kottedzhi/new/?action=done&id=14793 HTTP/1.1" 200 356
10.0.0.70 - - [27/Jun/2017:11:53:27 +0700] "GET /prodam/kvartiry/new/?action=done&id=14858-19 HTTP/1.1" 200 356
10.0.0.1 - - [27/Jun/2017:11:55:50 +0700] "GET /all/prodam/doma_dachi_kottedzhi/new/?action=done&id=11341 HTTP/1.0" 200 356
10.0.0.85 - - [27/Jun/2017:11:57:58 +0700] "POST /all/prodam/doma_dachi_kottedzhi/new/ HTTP/1.1" 200 356
10.0.0.57 - - [27/Jun/2017:11:58:30 +0700] "GET /all/prodam/zemelnye_uchastki/new/?action=done&id=14803 HTTP/1.1" 200 356
10.0.0.57 - - [27/Jun/2017:11:58:34 +0700] "GET /all/prodam/zemelnye_uchastki/new/?action=undo&id=14803 HTTP/1.1" 200 356
10.0.0.57 - - [27/Jun/2017:11:58:45 +0700] "GET /all/prodam/zemelnye_uchastki/new/?action=done&id=14803 HTTP/1.1" 200 356
10.0.0.57 - - [27/Jun/2017:11:58:51 +0700] "GET /plan/?refresh HTTP/1.1" 302 361
10.0.0.57 - - [27/Jun/2017:11:58:51 +0700] "GET /plan/ HTTP/1.1" 200 4805
10.0.0.1 - - [27/Jun/2017:12:01:48 +0700] "GET /all/prodam/doma_dachi_kottedzhi/new/?action=done&id=11338 HTTP/1.0" 200 356
10.0.0.1 - - [27/Jun/2017:12:01:52 +0700] "GET /plan/?refresh HTTP/1.0" 302 360
10.0.0.1 - - [27/Jun/2017:12:01:52 +0700] "GET /plan/ HTTP/1.0" 200 4808
10.0.0.57 - - [27/Jun/2017:12:01:56 +0700] "POST /all/prodam/zemelnye_uchastki/new/ HTTP/1.1" 200 356
10.0.0.57 - - [27/Jun/2017:12:02:01 +0700] "POST /all/prodam/zemelnye_uchastki/new/ HTTP/1.1" 200 355
10.0.0.1 - - [27/Jun/2017:12:02:52 +0700] "GET /all/prodam/doma_dachi_kottedzhi/new/?action=done&id=11295 HTTP/1.0" 200 356
10.0.0.1 - - [27/Jun/2017:12:03:05 +0700] "GET /all/prodam/doma_dachi_kottedzhi/new/?p=15 HTTP/1.0" 200 21105
10.0.0.1 - - [27/Jun/2017:12:03:09 +0700] "GET /all/prodam/doma_dachi_kottedzhi/new/?p=17 HTTP/1.0" 200 23270
10.0.0.1 - - [27/Jun/2017:12:04:33 +0700] "GET /all/prodam/doma_dachi_kottedzhi/new/?action=done&id=10462 HTTP/1.0" 200 356
10.0.0.85 - - [27/Jun/2017:12:04:57 +0700] "GET /all/prodam/doma_dachi_kottedzhi/new/?action=done&id=14791 HTTP/1.1" 200 356
10.0.0.1 - - [27/Jun/2017:12:05:35 +0700] "GET /all/prodam/doma_dachi_kottedzhi/new/?action=done&id=10455 HTTP/1.0" 200 356
10.0.0.1 - - [27/Jun/2017:12:05:41 +0700] "GET /plan/?refresh HTTP/1.0" 302 361
10.0.0.1 - - [27/Jun/2017:12:05:42 +0700] "GET /plan/ HTTP/1.0" 200 4807
10.0.0.1 - - [27/Jun/2017:12:05:48 +0700] "GET /plan/operator3/2017-06-27/ HTTP/1.0" 200 3118
10.0.0.1 - - [27/Jun/2017:12:06:33 +0700] "GET /plan/ HTTP/1.0" 200 4808
10.0.0.1 - - [27/Jun/2017:12:07:13 +0700] "GET /all/prodam/doma_dachi_kottedzhi/new/?p=18 HTTP/1.0" 200 23027
10.0.0.85 - - [27/Jun/2017:12:08:15 +0700] "POST /all/prodam/doma_dachi_kottedzhi/new/ HTTP/1.1" 200 356
10.0.0.57 - - [27/Jun/2017:12:08:20 +0700] "GET /all/prodam/zemelnye_uchastki/new/?action=done&id=14790 HTTP/1.1" 200 356
10.0.0.57 - - [27/Jun/2017:12:08:24 +0700] "GET /plan/?refresh HTTP/1.1" 302 361
10.0.0.57 - - [27/Jun/2017:12:08:24 +0700] "GET /plan/ HTTP/1.1" 200 4803
10.0.0.70 - - [27/Jun/2017:12:08:45 +0700] "GET /prodam/kvartiry/new/?action=done&id=14836-19 HTTP/1.1" 200 356
10.0.0.1 - - [27/Jun/2017:12:09:11 +0700] "GET /all/prodam/doma_dachi_kottedzhi/new/?action=done&id=10136 HTTP/1.0" 200 356
10.0.0.1 - - [27/Jun/2017:12:09:18 +0700] "GET /all/prodam/doma_dachi_kottedzhi/new/?action=done&id=10112 HTTP/1.0" 200 356
10.0.0.1 - - [27/Jun/2017:12:09:27 +0700] "GET /plan/?refresh HTTP/1.0" 302 361
10.0.0.1 - - [27/Jun/2017:12:09:28 +0700] "GET /plan/ HTTP/1.0" 200 4799
10.0.0.1 - - [27/Jun/2017:12:13:21 +0700] "GET /all/prodam/doma_dachi_kottedzhi/new/?action=done&id=10160 HTTP/1.0" 200 356
10.0.0.85 - - [27/Jun/2017:12:13:59 +0700] "POST /all/prodam/doma_dachi_kottedzhi/new/ HTTP/1.1" 200 356
10.0.0.85 - - [27/Jun/2017:12:13:59 +0700] "GET /all/prodam/doma_dachi_kottedzhi/new/?action=done&id=14789 HTTP/1.1" 200 355
10.0.0.70 - - [27/Jun/2017:12:14:39 +0700] "POST /prodam/kvartiry/new/ HTTP/1.1" 200 356
10.0.0.70 - - [27/Jun/2017:12:14:41 +0700] "GET /prodam/kvartiry/new/?action=done&id=14781-19 HTTP/1.1" 200 355
10.0.0.57 - - [27/Jun/2017:12:15:15 +0700] "POST /all/prodam/zemelnye_uchastki/new/ HTTP/1.1" 200 356
